-
WIBUHAX0R1337
-
/
home
/
coludnqa
/
access-logs
/
[ Home ]
Create Folder
Create File
Nama File / Folder
Size
Action
columbusveteransfc.com
0KB
Edit File
Delete File
Rename
columbusveteransfc.com-ssl_log
0KB
Edit File
Delete File
Rename
rohihbs.com.columbusveteransfc.com
0KB
Edit File
Delete File
Rename
rohihbs.com.columbusveteransfc.com-ssl_log
0KB
Edit File
Delete File
Rename
xtrasolutionsco.com.columbusveteransfc.com
462.43KB
Edit File
Delete File
Rename
xtrasolutionsco.com.columbusveteransfc.com-ssl_log
3.58MB
Edit File
Delete File
Rename
66.249.72.234 - - [30/Nov/2025:07:32:25 -0500] "GET /piano/c90?pid=443 HTTP/1.1" 404 1251 "-" "Mozilla/5.0 (Linux; Android 6.0.1; Nexus 5X Build/MMB29P) AppleWebKit/537.36 (KHTML, like Gecko) Chrome/141.0.7390.122 Mobile Safari/537.36 (compatible; Googlebot/2.1; +http://www.google.com/bot.html)"
185.102.115.93 - - [30/Nov/2025:07:48:05 -0500] "GET /inputs.php HTTP/1.1" 404 1251 "-" "Mozilla/4.0 (compatible; MSIE 6.0; Windows NT 5.1; SV1)"
66.249.72.235 - - [30/Nov/2025:08:24:34 -0500] "GET /robots.txt HTTP/1.1" 304 0 "-" "Mozilla/5.0 (compatible; Googlebot/2.1; +http://www.google.com/bot.html)"
66.249.72.236 - - [30/Nov/2025:08:24:34 -0500] "GET /lifestyle/m26?pid=985 HTTP/1.1" 404 1251 "-" "Mozilla/5.0 (Linux; Android 6.0.1; Nexus 5X Build/MMB29P) AppleWebKit/537.36 (KHTML, like Gecko) Chrome/141.0.7390.122 Mobile Safari/537.36 (compatible; Googlebot/2.1; +http://www.google.com/bot.html)"
66.249.72.234 - - [30/Nov/2025:08:25:09 -0500] "GET / HTTP/1.1" 200 1605 "-" "Mozilla/5.0 (Linux; Android 6.0.1; Nexus 5X Build/MMB29P) AppleWebKit/537.36 (KHTML, like Gecko) Chrome/141.0.7390.122 Mobile Safari/537.36 (compatible; Googlebot/2.1; +http://www.google.com/bot.html)"
66.249.72.235 - - [30/Nov/2025:08:28:15 -0500] "GET /cgi-bin/ HTTP/1.1" 403 1242 "-" "Mozilla/5.0 (Linux; Android 6.0.1; Nexus 5X Build/MMB29P) AppleWebKit/537.36 (KHTML, like Gecko) Chrome/141.0.7390.122 Mobile Safari/537.36 (compatible; Googlebot/2.1; +http://www.google.com/bot.html)"
66.249.72.236 - - [30/Nov/2025:08:29:24 -0500] "GET /index.php0 HTTP/1.1" 200 13061 "-" "Mozilla/5.0 (Linux; Android 6.0.1; Nexus 5X Build/MMB29P) AppleWebKit/537.36 (KHTML, like Gecko) Chrome/141.0.7390.122 Mobile Safari/537.36 (compatible; Googlebot/2.1; +http://www.google.com/bot.html)"
66.249.72.235 - - [30/Nov/2025:08:31:24 -0500] "GET /category/350_650/1/listing HTTP/1.1" 404 1251 "-" "Mozilla/5.0 (Linux; Android 6.0.1; Nexus 5X Build/MMB29P) AppleWebKit/537.36 (KHTML, like Gecko) Chrome/141.0.7390.122 Mobile Safari/537.36 (compatible; Googlebot/2.1; +http://www.google.com/bot.html)"
51.254.204.161 - - [30/Nov/2025:08:37:36 -0500] "GET / HTTP/1.1" 200 1605 "-" "Mozilla/5.0"
158.94.210.13 - - [30/Nov/2025:08:38:24 -0500] "GET /inputs.php HTTP/1.1" 404 1251 "-" "Mozilla/5.0 (Linux; Android 7.0; SM-G892A Build/NRD90M; wv) AppleWebKit/537.36 (KHTML, Gecko) Version/4.0 Chrome/60.0.3112.107 Mobile Safari/537.36"
158.94.210.13 - - [30/Nov/2025:08:38:25 -0500] "GET /as.php HTTP/1.1" 404 1251 "-" "Mozilla/5.0 (Linux; Android 7.0; SM-G892A Build/NRD90M; wv) AppleWebKit/537.36 (KHTML, Gecko) Version/4.0 Chrome/60.0.3112.107 Mobile Safari/537.36"
158.94.210.13 - - [30/Nov/2025:08:38:26 -0500] "GET /acp.php HTTP/1.1" 404 1251 "-" "Mozilla/5.0 (Linux; Android 7.0; SM-G892A Build/NRD90M; wv) AppleWebKit/537.36 (KHTML, Gecko) Version/4.0 Chrome/60.0.3112.107 Mobile Safari/537.36"
158.94.210.13 - - [30/Nov/2025:08:38:26 -0500] "GET /wp-content/plugins/boot/boot.php HTTP/1.1" 200 0 "-" "Mozilla/5.0 (Linux; Android 7.0; SM-G892A Build/NRD90M; wv) AppleWebKit/537.36 (KHTML, Gecko) Version/4.0 Chrome/60.0.3112.107 Mobile Safari/537.36"
158.94.210.13 - - [30/Nov/2025:08:38:27 -0500] "GET /wp-content/plugins/fix/up.php HTTP/1.1" 200 0 "-" "Mozilla/5.0 (Linux; Android 7.0; SM-G892A Build/NRD90M; wv) AppleWebKit/537.36 (KHTML, Gecko) Version/4.0 Chrome/60.0.3112.107 Mobile Safari/537.36"
158.94.210.13 - - [30/Nov/2025:08:38:28 -0500] "GET /wp-content/plugins/pwnd/pwnd.php HTTP/1.1" 200 0 "-" "Mozilla/5.0 (Linux; Android 7.0; SM-G892A Build/NRD90M; wv) AppleWebKit/537.36 (KHTML, Gecko) Version/4.0 Chrome/60.0.3112.107 Mobile Safari/537.36"
158.94.210.13 - - [30/Nov/2025:08:38:28 -0500] "GET /wp-content/plugins/pwnd-1/pwnd.php HTTP/1.1" 200 0 "-" "Mozilla/5.0 (Linux; Android 7.0; SM-G892A Build/NRD90M; wv) AppleWebKit/537.36 (KHTML, Gecko) Version/4.0 Chrome/60.0.3112.107 Mobile Safari/537.36"
158.94.210.13 - - [30/Nov/2025:08:38:30 -0500] "GET /wp-content/index.php HTTP/1.1" 200 0 "-" "Mozilla/5.0 (Linux; Android 7.0; SM-G892A Build/NRD90M; wv) AppleWebKit/537.36 (KHTML, Gecko) Version/4.0 Chrome/60.0.3112.107 Mobile Safari/537.36"
40.77.167.48 - - [30/Nov/2025:08:42:59 -0500] "GET /wp-content/uploads/2023/06/blog-sidebar4.jpg HTTP/1.1" 200 11 "-" "Mozilla/5.0 AppleWebKit/537.36 (KHTML, like Gecko; compatible; bingbot/2.0; +http://www.bing.com/bingbot.htm) Chrome/116.0.1938.76 Safari/537.36"
66.249.72.234 - - [30/Nov/2025:08:43:28 -0500] "GET /impose/f46?pid=443 HTTP/1.1" 404 1251 "-" "Mozilla/5.0 (Linux; Android 6.0.1; Nexus 5X Build/MMB29P) AppleWebKit/537.36 (KHTML, like Gecko) Chrome/141.0.7390.122 Mobile Safari/537.36 (compatible; Googlebot/2.1; +http://www.google.com/bot.html)"
5.39.1.227 - - [30/Nov/2025:08:59:37 -0500] "GET /robots.txt HTTP/1.1" 304 0 "-" "Mozilla/5.0 (compatible; AhrefsBot/7.0; +http://ahrefs.com/robot/)"
142.44.228.39 - - [30/Nov/2025:08:59:46 -0500] "GET /robots.txt HTTP/1.1" 200 104 "-" "Mozilla/5.0 (compatible; AhrefsBot/7.0; +http://ahrefs.com/robot/)"
66.249.72.234 - - [30/Nov/2025:09:23:21 -0500] "GET /?ND HTTP/1.1" 200 1612 "-" "Mozilla/5.0 (Linux; Android 6.0.1; Nexus 5X Build/MMB29P) AppleWebKit/537.36 (KHTML, like Gecko) Chrome/141.0.7390.122 Mobile Safari/537.36 (compatible; Googlebot/2.1; +http://www.google.com/bot.html)"
66.249.72.235 - - [30/Nov/2025:09:23:24 -0500] "GET /?SA HTTP/1.1" 200 1620 "-" "Mozilla/5.0 (Linux; Android 6.0.1; Nexus 5X Build/MMB29P) AppleWebKit/537.36 (KHTML, like Gecko) Chrome/141.0.7390.122 Mobile Safari/537.36 (compatible; Googlebot/2.1; +http://www.google.com/bot.html)"
66.249.72.235 - - [30/Nov/2025:09:24:48 -0500] "GET /google436b2445eec6ca55.html HTTP/1.1" 200 53 "-" "Mozilla/5.0 (Linux; Android 6.0.1; Nexus 5X Build/MMB29P) AppleWebKit/537.36 (KHTML, like Gecko) Chrome/141.0.7390.122 Mobile Safari/537.36 (compatible; Googlebot/2.1; +http://www.google.com/bot.html)"
66.249.72.235 - - [30/Nov/2025:09:25:09 -0500] "GET /license.txt HTTP/1.1" 200 6865 "-" "Mozilla/5.0 (Linux; Android 6.0.1; Nexus 5X Build/MMB29P) AppleWebKit/537.36 (KHTML, like Gecko) Chrome/141.0.7390.122 Mobile Safari/537.36 (compatible; Googlebot/2.1; +http://www.google.com/bot.html)"
66.249.72.233 - - [30/Nov/2025:09:31:27 -0500] "GET /58416f/ HTTP/1.1" 200 663 "-" "Mozilla/5.0 (Linux; Android 6.0.1; Nexus 5X Build/MMB29P) AppleWebKit/537.36 (KHTML, like Gecko) Chrome/141.0.7390.122 Mobile Safari/537.36 (compatible; Googlebot/2.1; +http://www.google.com/bot.html)"
66.249.72.233 - - [30/Nov/2025:09:32:18 -0500] "GET /wp-content/ HTTP/1.1" 200 0 "-" "Mozilla/5.0 (Linux; Android 6.0.1; Nexus 5X Build/MMB29P) AppleWebKit/537.36 (KHTML, like Gecko) Chrome/141.0.7390.122 Mobile Safari/537.36 (compatible; Googlebot/2.1; +http://www.google.com/bot.html)"
66.249.72.234 - - [30/Nov/2025:09:34:15 -0500] "GET /wp-includes/ HTTP/1.1" 200 8360 "-" "Mozilla/5.0 (Linux; Android 6.0.1; Nexus 5X Build/MMB29P) AppleWebKit/537.36 (KHTML, like Gecko) Chrome/141.0.7390.122 Mobile Safari/537.36 (compatible; Googlebot/2.1; +http://www.google.com/bot.html)"
66.249.72.234 - - [30/Nov/2025:09:34:18 -0500] "GET /wp-admin/ HTTP/1.1" 200 3478 "-" "Mozilla/5.0 (Linux; Android 6.0.1; Nexus 5X Build/MMB29P) AppleWebKit/537.36 (KHTML, like Gecko) Chrome/141.0.7390.122 Mobile Safari/537.36 (compatible; Googlebot/2.1; +http://www.google.com/bot.html)"
63.250.38.216 - - [30/Nov/2025:09:34:35 -0500] "POST /wp-cron.php?doing_wp_cron=1764513275.0138740539550781250000 HTTP/1.1" 404 1251 "-" "WordPress/6.8.3; https://xtrasolutionsco.com"
66.249.72.232 - - [30/Nov/2025:09:34:33 -0500] "GET /wp-mail.php HTTP/1.1" 403 958 "-" "Mozilla/5.0 (Linux; Android 6.0.1; Nexus 5X Build/MMB29P) AppleWebKit/537.36 (KHTML, like Gecko) Chrome/141.0.7390.122 Mobile Safari/537.36 (compatible; Googlebot/2.1; +http://www.google.com/bot.html)"
66.249.72.233 - - [30/Nov/2025:09:35:24 -0500] "GET /wp-config-sample.php HTTP/1.1" 500 905 "-" "Mozilla/5.0 (Linux; Android 6.0.1; Nexus 5X Build/MMB29P) AppleWebKit/537.36 (KHTML, like Gecko) Chrome/141.0.7390.122 Mobile Safari/537.36 (compatible; Googlebot/2.1; +http://www.google.com/bot.html)"
66.249.72.234 - - [30/Nov/2025:09:36:05 -0500] "GET /wp-cron.php HTTP/1.1" 404 1251 "-" "Mozilla/5.0 (Linux; Android 6.0.1; Nexus 5X Build/MMB29P) AppleWebKit/537.36 (KHTML, like Gecko) Chrome/141.0.7390.122 Mobile Safari/537.36 (compatible; Googlebot/2.1; +http://www.google.com/bot.html)"
66.249.72.232 - - [30/Nov/2025:09:36:24 -0500] "GET /?MA HTTP/1.1" 200 1616 "-" "Mozilla/5.0 (Linux; Android 6.0.1; Nexus 5X Build/MMB29P) AppleWebKit/537.36 (KHTML, like Gecko) Chrome/141.0.7390.122 Mobile Safari/537.36 (compatible; Googlebot/2.1; +http://www.google.com/bot.html)"
63.250.38.216 - - [30/Nov/2025:09:36:24 -0500] "POST /wp-cron.php?doing_wp_cron=1764513384.5426580905914306640625 HTTP/1.1" 404 1251 "-" "WordPress/6.8.3; https://xtrasolutionsco.com"
66.249.72.232 - - [30/Nov/2025:09:36:24 -0500] "GET /wp-load.php HTTP/1.1" 200 0 "-" "Mozilla/5.0 (Linux; Android 6.0.1; Nexus 5X Build/MMB29P) AppleWebKit/537.36 (KHTML, like Gecko) Chrome/141.0.7390.122 Mobile Safari/537.36 (compatible; Googlebot/2.1; +http://www.google.com/bot.html)"
157.55.39.11 - - [30/Nov/2025:09:36:53 -0500] "GET /wp-content/uploads/2023/06/user8.png HTTP/1.1" 200 11 "-" "Mozilla/5.0 AppleWebKit/537.36 (KHTML, like Gecko; compatible; bingbot/2.0; +http://www.bing.com/bingbot.htm) Chrome/116.0.1938.76 Safari/537.36"
66.249.72.234 - - [30/Nov/2025:09:38:08 -0500] "GET /readme.html HTTP/1.1" 200 2662 "-" "Mozilla/5.0 (Linux; Android 6.0.1; Nexus 5X Build/MMB29P) AppleWebKit/537.36 (KHTML, like Gecko) Chrome/141.0.7390.122 Mobile Safari/537.36 (compatible; Googlebot/2.1; +http://www.google.com/bot.html)"
63.250.38.216 - - [30/Nov/2025:09:38:12 -0500] "POST /wp-cron.php?doing_wp_cron=1764513492.6649649143218994140625 HTTP/1.1" 404 1251 "-" "WordPress/6.8.3; https://xtrasolutionsco.com"
66.249.72.235 - - [30/Nov/2025:09:38:11 -0500] "GET /wp-links-opml.php HTTP/1.1" 200 159 "-" "Mozilla/5.0 (Linux; Android 6.0.1; Nexus 5X Build/MMB29P) AppleWebKit/537.36 (KHTML, like Gecko) Chrome/141.0.7390.122 Mobile Safari/537.36 (compatible; Googlebot/2.1; +http://www.google.com/bot.html)"
66.249.72.235 - - [30/Nov/2025:09:40:07 -0500] "GET /wp-settings.php HTTP/1.1" 500 0 "-" "Mozilla/5.0 (Linux; Android 6.0.1; Nexus 5X Build/MMB29P) AppleWebKit/537.36 (KHTML, like Gecko) Chrome/141.0.7390.122 Mobile Safari/537.36 (compatible; Googlebot/2.1; +http://www.google.com/bot.html)"
66.249.72.236 - - [30/Nov/2025:09:42:12 -0500] "GET /wp-comments-post.php HTTP/1.1" 405 0 "-" "Mozilla/5.0 (Linux; Android 6.0.1; Nexus 5X Build/MMB29P) AppleWebKit/537.36 (KHTML, like Gecko) Chrome/141.0.7390.122 Mobile Safari/537.36 (compatible; Googlebot/2.1; +http://www.google.com/bot.html)"
63.250.38.216 - - [30/Nov/2025:09:44:03 -0500] "POST /wp-cron.php?doing_wp_cron=1764513843.4087119102478027343750 HTTP/1.1" 404 1251 "-" "WordPress/6.8.3; https://xtrasolutionsco.com"
66.249.72.234 - - [30/Nov/2025:09:44:01 -0500] "GET /wp-trackback.php HTTP/1.1" 404 91 "-" "Mozilla/5.0 (Linux; Android 6.0.1; Nexus 5X Build/MMB29P) AppleWebKit/537.36 (KHTML, like Gecko) Chrome/141.0.7390.122 Mobile Safari/537.36 (compatible; Googlebot/2.1; +http://www.google.com/bot.html)"
45.227.253.15 - - [30/Nov/2025:09:44:48 -0500] "GET /index.php/jk HTTP/1.1" 404 1251 "-" "Mozilla/5.0 (Macintosh; Intel Mac OS X 10.14; rv:103.0) Gecko/20100101 Firefox/102.0"
66.249.72.234 - - [30/Nov/2025:09:46:19 -0500] "GET /error_log HTTP/1.1" 403 1242 "-" "Mozilla/5.0 (Linux; Android 6.0.1; Nexus 5X Build/MMB29P) AppleWebKit/537.36 (KHTML, like Gecko) Chrome/141.0.7390.122 Mobile Safari/537.36 (compatible; Googlebot/2.1; +http://www.google.com/bot.html)"
66.249.72.235 - - [30/Nov/2025:09:47:27 -0500] "GET /portfolios/insurance-policy/ HTTP/1.1" 404 1251 "-" "Mozilla/5.0 (Linux; Android 6.0.1; Nexus 5X Build/MMB29P) AppleWebKit/537.36 (KHTML, like Gecko) Chrome/141.0.7390.122 Mobile Safari/537.36 (compatible; Googlebot/2.1; +http://www.google.com/bot.html)"
63.250.38.216 - - [30/Nov/2025:09:51:03 -0500] "POST /wp-cron.php?doing_wp_cron=1764514263.1644289493560791015625 HTTP/1.1" 404 1251 "-" "WordPress/6.8.3; https://xtrasolutionsco.com"
66.249.72.233 - - [30/Nov/2025:09:51:01 -0500] "GET /wp-signup.php HTTP/1.1" 500 1034 "-" "Mozilla/5.0 (Linux; Android 6.0.1; Nexus 5X Build/MMB29P) AppleWebKit/537.36 (KHTML, like Gecko) Chrome/141.0.7390.122 Mobile Safari/537.36 (compatible; Googlebot/2.1; +http://www.google.com/bot.html)"
66.249.72.232 - - [30/Nov/2025:09:53:02 -0500] "GET /ddce7/ HTTP/1.1" 200 505 "-" "Mozilla/5.0 (Linux; Android 6.0.1; Nexus 5X Build/MMB29P) AppleWebKit/537.36 (KHTML, like Gecko) Chrome/141.0.7390.122 Mobile Safari/537.36 (compatible; Googlebot/2.1; +http://www.google.com/bot.html)"
63.250.38.216 - - [30/Nov/2025:09:53:02 -0500] "POST /wp-cron.php?doing_wp_cron=1764514382.3419659137725830078125 HTTP/1.1" 404 1251 "-" "WordPress/6.8.3; https://xtrasolutionsco.com"
66.249.72.234 - - [30/Nov/2025:09:53:01 -0500] "GET /wp-activate.php HTTP/1.1" 500 1034 "-" "Mozilla/5.0 (Linux; Android 6.0.1; Nexus 5X Build/MMB29P) AppleWebKit/537.36 (KHTML, like Gecko) Chrome/141.0.7390.122 Mobile Safari/537.36 (compatible; Googlebot/2.1; +http://www.google.com/bot.html)"
66.249.72.232 - - [30/Nov/2025:09:53:06 -0500] "GET /wp-blog-header.php HTTP/1.1" 404 1251 "-" "Mozilla/5.0 (Linux; Android 6.0.1; Nexus 5X Build/MMB29P) AppleWebKit/537.36 (KHTML, like Gecko) Chrome/141.0.7390.122 Mobile Safari/537.36 (compatible; Googlebot/2.1; +http://www.google.com/bot.html)"
66.249.72.234 - - [30/Nov/2025:10:02:29 -0500] "GET /insight/a78?pid=193 HTTP/1.1" 404 1251 "-" "Mozilla/5.0 (Linux; Android 6.0.1; Nexus 5X Build/MMB29P) AppleWebKit/537.36 (KHTML, like Gecko) Chrome/141.0.7390.122 Mobile Safari/537.36 (compatible; Googlebot/2.1; +http://www.google.com/bot.html)"
63.250.38.216 - - [30/Nov/2025:10:04:58 -0500] "POST /wp-cron.php?doing_wp_cron=1764515098.3154230117797851562500 HTTP/1.1" 404 1251 "-" "WordPress/6.8.3; https://xtrasolutionsco.com"
2a03:2880:f800:18:: - - [30/Nov/2025:10:04:56 -0500] "GET /wp-links-opml.php HTTP/1.1" 200 159 "-" "meta-externalagent/1.1 (+https://developers.facebook.com/docs/sharing/webmasters/crawler)"
66.249.72.234 - - [30/Nov/2025:11:13:28 -0500] "GET /billion/z27?pid=304 HTTP/1.1" 404 1251 "-" "Mozilla/5.0 (Linux; Android 6.0.1; Nexus 5X Build/MMB29P) AppleWebKit/537.36 (KHTML, like Gecko) Chrome/141.0.7390.122 Mobile Safari/537.36 (compatible; Googlebot/2.1; +http://www.google.com/bot.html)"
66.249.72.233 - - [30/Nov/2025:11:20:30 -0500] "GET /fierce/b40?pid=431 HTTP/1.1" 404 1251 "-" "Mozilla/5.0 (Linux; Android 6.0.1; Nexus 5X Build/MMB29P) AppleWebKit/537.36 (KHTML, like Gecko) Chrome/141.0.7390.122 Mobile Safari/537.36 (compatible; Googlebot/2.1; +http://www.google.com/bot.html)"
159.89.12.166 - - [30/Nov/2025:11:25:12 -0500] "GET / HTTP/1.1" 200 7344 "-" "-"
159.89.12.166 - - [30/Nov/2025:11:25:49 -0500] "GET / HTTP/1.1" 200 7344 "-" "Mozilla/5.0 (l9scan/2.0.0323e2831313e24363e2239313; +https://leakix.net)"
159.89.12.166 - - [30/Nov/2025:11:25:51 -0500] "POST /graphql HTTP/1.1" 404 1251 "-" "Mozilla/5.0 (l9scan/2.0.0323e2831313e24363e2239313; +https://leakix.net)"
159.89.12.166 - - [30/Nov/2025:11:25:52 -0500] "POST /api HTTP/1.1" 404 1251 "-" "Mozilla/5.0 (l9scan/2.0.0323e2831313e24363e2239313; +https://leakix.net)"
159.89.12.166 - - [30/Nov/2025:11:25:53 -0500] "POST /api/graphql HTTP/1.1" 404 1251 "-" "Mozilla/5.0 (l9scan/2.0.0323e2831313e24363e2239313; +https://leakix.net)"
159.89.12.166 - - [30/Nov/2025:11:25:54 -0500] "POST /graphql/api HTTP/1.1" 404 1251 "-" "Mozilla/5.0 (l9scan/2.0.0323e2831313e24363e2239313; +https://leakix.net)"
159.89.12.166 - - [30/Nov/2025:11:25:55 -0500] "POST /api/gql HTTP/1.1" 404 1251 "-" "Mozilla/5.0 (l9scan/2.0.0323e2831313e24363e2239313; +https://leakix.net)"
159.89.12.166 - - [30/Nov/2025:11:25:56 -0500] "GET /swagger-ui.html HTTP/1.1" 404 1251 "-" "Mozilla/5.0 (l9scan/2.0.0323e2831313e24363e2239313; +https://leakix.net)"
159.89.12.166 - - [30/Nov/2025:11:25:58 -0500] "GET /swagger/index.html HTTP/1.1" 404 1251 "-" "Mozilla/5.0 (l9scan/2.0.0323e2831313e24363e2239313; +https://leakix.net)"
159.89.12.166 - - [30/Nov/2025:11:25:58 -0500] "GET /swagger/swagger-ui.html HTTP/1.1" 404 1251 "-" "Mozilla/5.0 (l9scan/2.0.0323e2831313e24363e2239313; +https://leakix.net)"
159.89.12.166 - - [30/Nov/2025:11:26:00 -0500] "GET /webjars/swagger-ui/index.html HTTP/1.1" 404 1251 "-" "Mozilla/5.0 (l9scan/2.0.0323e2831313e24363e2239313; +https://leakix.net)"
159.89.12.166 - - [30/Nov/2025:11:26:01 -0500] "GET /swagger.json HTTP/1.1" 404 1251 "-" "Mozilla/5.0 (l9scan/2.0.0323e2831313e24363e2239313; +https://leakix.net)"
159.89.12.166 - - [30/Nov/2025:11:26:02 -0500] "GET /swagger/v1/swagger.json HTTP/1.1" 404 1251 "-" "Mozilla/5.0 (l9scan/2.0.0323e2831313e24363e2239313; +https://leakix.net)"
159.89.12.166 - - [30/Nov/2025:11:26:03 -0500] "GET /v2/api-docs HTTP/1.1" 404 1251 "-" "Mozilla/5.0 (l9scan/2.0.0323e2831313e24363e2239313; +https://leakix.net)"
159.89.12.166 - - [30/Nov/2025:11:26:05 -0500] "GET /v3/api-docs HTTP/1.1" 404 1251 "-" "Mozilla/5.0 (l9scan/2.0.0323e2831313e24363e2239313; +https://leakix.net)"
159.89.12.166 - - [30/Nov/2025:11:26:07 -0500] "GET /@vite/env HTTP/1.1" 404 1251 "-" "Mozilla/5.0 (l9scan/2.0.0323e2831313e24363e2239313; +https://leakix.net)"
159.89.12.166 - - [30/Nov/2025:11:26:08 -0500] "GET /actuator/env HTTP/1.1" 404 1251 "-" "Mozilla/5.0 (l9scan/2.0.0323e2831313e24363e2239313; +https://leakix.net)"
159.89.12.166 - - [30/Nov/2025:11:26:09 -0500] "GET /server HTTP/1.1" 404 1251 "-" "Mozilla/5.0 (l9scan/2.0.0323e2831313e24363e2239313; +https://leakix.net)"
159.89.12.166 - - [30/Nov/2025:11:26:10 -0500] "GET /.vscode/sftp.json HTTP/1.1" 404 1251 "-" "Mozilla/5.0 (l9scan/2.0.0323e2831313e24363e2239313; +https://leakix.net)"
159.89.12.166 - - [30/Nov/2025:11:26:11 -0500] "GET /about HTTP/1.1" 404 1251 "-" "Mozilla/5.0 (l9scan/2.0.0323e2831313e24363e2239313; +https://leakix.net)"
159.89.12.166 - - [30/Nov/2025:11:26:12 -0500] "GET /debug/default/view?panel=config HTTP/1.1" 404 1251 "-" "Mozilla/5.0 (l9scan/2.0.0323e2831313e24363e2239313; +https://leakix.net)"
159.89.12.166 - - [30/Nov/2025:11:26:13 -0500] "GET /v2/_catalog HTTP/1.1" 404 1251 "-" "Mozilla/5.0 (l9scan/2.0.0323e2831313e24363e2239313; +https://leakix.net)"
159.89.12.166 - - [30/Nov/2025:11:26:13 -0500] "GET /ecp/Current/exporttool/microsoft.exchange.ediscovery.exporttool.application HTTP/1.1" 404 1251 "-" "Mozilla/5.0 (l9scan/2.0.0323e2831313e24363e2239313; +https://leakix.net)"
159.89.12.166 - - [30/Nov/2025:11:26:16 -0500] "GET /login.action HTTP/1.1" 404 1251 "-" "Mozilla/5.0 (l9scan/2.0.0323e2831313e24363e2239313; +https://leakix.net)"
159.89.12.166 - - [30/Nov/2025:11:26:17 -0500] "GET /_all_dbs HTTP/1.1" 404 1251 "-" "Mozilla/5.0 (l9scan/2.0.0323e2831313e24363e2239313; +https://leakix.net)"
159.89.12.166 - - [30/Nov/2025:11:26:18 -0500] "GET /.DS_Store HTTP/1.1" 404 1251 "-" "Mozilla/5.0 (l9scan/2.0.0323e2831313e24363e2239313; +https://leakix.net)"
159.89.12.166 - - [30/Nov/2025:11:26:19 -0500] "GET /.env HTTP/1.1" 404 1251 "-" "Mozilla/5.0 (l9scan/2.0.0323e2831313e24363e2239313; +https://leakix.net)"
159.89.12.166 - - [30/Nov/2025:11:26:20 -0500] "GET /.git/config HTTP/1.1" 403 1242 "-" "Mozilla/5.0 (l9scan/2.0.0323e2831313e24363e2239313; +https://leakix.net)"
159.89.12.166 - - [30/Nov/2025:11:26:21 -0500] "GET /s/0323e2831313e24363e2239313/_/;/META-INF/maven/com.atlassian.jira/jira-webapp-dist/pom.properties HTTP/1.1" 404 1251 "-" "Mozilla/5.0 (l9scan/2.0.0323e2831313e24363e2239313; +https://leakix.net)"
159.89.12.166 - - [30/Nov/2025:11:26:22 -0500] "GET /config.json HTTP/1.1" 404 1251 "-" "Mozilla/5.0 (l9scan/2.0.0323e2831313e24363e2239313; +https://leakix.net)"
159.89.12.166 - - [30/Nov/2025:11:26:23 -0500] "GET /telescope/requests HTTP/1.1" 404 1251 "-" "Mozilla/5.0 (l9scan/2.0.0323e2831313e24363e2239313; +https://leakix.net)"
159.89.12.166 - - [30/Nov/2025:11:26:24 -0500] "GET /info.php HTTP/1.1" 404 1251 "-" "Mozilla/5.0 (l9scan/2.0.0323e2831313e24363e2239313; +https://leakix.net)"
159.89.12.166 - - [30/Nov/2025:11:26:25 -0500] "GET /?rest_route=/wp/v2/users/ HTTP/1.1" 200 1902 "-" "Mozilla/5.0 (l9scan/2.0.0323e2831313e24363e2239313; +https://leakix.net)"
66.249.72.232 - - [30/Nov/2025:12:28:28 -0500] "GET /robots.txt HTTP/1.1" 304 0 "-" "Mozilla/5.0 (compatible; Googlebot/2.1; +http://www.google.com/bot.html)"
66.249.72.232 - - [30/Nov/2025:12:28:28 -0500] "GET /autostyle-acrz001258-005-00 HTTP/1.1" 404 1251 "-" "Mozilla/5.0 (Linux; Android 6.0.1; Nexus 5X Build/MMB29P) AppleWebKit/537.36 (KHTML, like Gecko) Chrome/141.0.7390.122 Mobile Safari/537.36 (compatible; Googlebot/2.1; +http://www.google.com/bot.html)"
45.227.253.15 - - [30/Nov/2025:12:47:23 -0500] "GET /index.php/jk HTTP/1.1" 404 1251 "-" "Mozilla/5.0 (Macintosh; Intel Mac OS X 10_15_7) AppleWebKit/537.36 (KHTML, like Gecko) Chrome/86.0.4240.111 Safari/537.36 Edg/86.0.622.51"
54.236.16.183 - - [30/Nov/2025:12:54:02 -0500] "GET / HTTP/1.1" 200 1606 "-" "Opera/9.80 (Linux i686; Opera Mobi/1040; U; en) Presto/2.5.24 Version/10.00"
66.249.72.234 - - [30/Nov/2025:13:11:26 -0500] "GET /4136943 HTTP/1.1" 404 1251 "-" "Mozilla/5.0 (Linux; Android 6.0.1; Nexus 5X Build/MMB29P) AppleWebKit/537.36 (KHTML, like Gecko) Chrome/141.0.7390.122 Mobile Safari/537.36 (compatible; Googlebot/2.1; +http://www.google.com/bot.html)"
185.102.115.93 - - [30/Nov/2025:13:12:46 -0500] "GET /wpc.php HTTP/1.1" 404 1251 "-" "Mozilla/4.0 (compatible; MSIE 6.0; Windows NT 5.1; SV1)"
66.249.72.235 - - [30/Nov/2025:13:47:30 -0500] "GET /m46578250690 HTTP/1.1" 404 1251 "-" "Mozilla/5.0 (Linux; Android 6.0.1; Nexus 5X Build/MMB29P) AppleWebKit/537.36 (KHTML, like Gecko) Chrome/141.0.7390.122 Mobile Safari/537.36 (compatible; Googlebot/2.1; +http://www.google.com/bot.html)"
104.210.140.133 - - [30/Nov/2025:13:52:51 -0500] "GET /robots.txt HTTP/1.1" 304 0 "-" "Mozilla/5.0 (Macintosh; Intel Mac OS X 10_15_7) AppleWebKit/537.36 (KHTML, like Gecko) Chrome/131.0.0.0 Safari/537.36; compatible; OAI-SearchBot/1.0; +https://openai.com/searchbot"
66.249.72.233 - - [30/Nov/2025:13:52:56 -0500] "GET /m66346189363 HTTP/1.1" 404 1251 "-" "Mozilla/5.0 (Linux; Android 6.0.1; Nexus 5X Build/MMB29P) AppleWebKit/537.36 (KHTML, like Gecko) Chrome/141.0.7390.122 Mobile Safari/537.36 (compatible; Googlebot/2.1; +http://www.google.com/bot.html)"
66.249.72.234 - - [30/Nov/2025:14:06:25 -0500] "GET /motive/k73?pid=708 HTTP/1.1" 404 1251 "-" "Mozilla/5.0 (Linux; Android 6.0.1; Nexus 5X Build/MMB29P) AppleWebKit/537.36 (KHTML, like Gecko) Chrome/141.0.7390.122 Mobile Safari/537.36 (compatible; Googlebot/2.1; +http://www.google.com/bot.html)"
66.249.72.233 - - [30/Nov/2025:14:34:25 -0500] "GET /stiff/e146?pid=999 HTTP/1.1" 404 1251 "-" "Mozilla/5.0 (Linux; Android 6.0.1; Nexus 5X Build/MMB29P) AppleWebKit/537.36 (KHTML, like Gecko) Chrome/141.0.7390.122 Mobile Safari/537.36 (compatible; Googlebot/2.1; +http://www.google.com/bot.html)"
2a03:2880:16ff:4c:: - - [30/Nov/2025:14:40:43 -0500] "GET /robots.txt HTTP/1.1" 200 104 "-" "facebookexternalhit/1.1 (+http://www.facebook.com/externalhit_uatext.php)"
66.249.72.232 - - [30/Nov/2025:14:47:13 -0500] "GET /m52607494652 HTTP/1.1" 404 1251 "-" "Mozilla/5.0 (Linux; Android 6.0.1; Nexus 5X Build/MMB29P) AppleWebKit/537.36 (KHTML, like Gecko) Chrome/141.0.7390.122 Mobile Safari/537.36 (compatible; Googlebot/2.1; +http://www.google.com/bot.html)"
66.249.72.234 - - [30/Nov/2025:14:53:27 -0500] "GET /ash/e77?pid=666 HTTP/1.1" 404 1251 "-" "Mozilla/5.0 (Linux; Android 6.0.1; Nexus 5X Build/MMB29P) AppleWebKit/537.36 (KHTML, like Gecko) Chrome/141.0.7390.122 Mobile Safari/537.36 (compatible; Googlebot/2.1; +http://www.google.com/bot.html)"
15.235.59.82 - - [30/Nov/2025:14:55:17 -0500] "GET /wp-admin/xadm-log.php HTTP/1.1" 404 1251 "-" "Mozilla/5.0 (Windows NT 10.0; Win64; x64) AppleWebKit/537.36 (KHTML, like Gecko) Chrome/127.0.0.0 Safari/537.36"
51.89.60.56 - - [30/Nov/2025:14:59:19 -0500] "GET /wp-content/plugins/cidaas-pro-master/composer.json HTTP/1.1" 403 1242 "-" "Mozilla/5.0 (Windows NT 10.0; Win64; x64) AppleWebKit/537.36 (KHTML, like Gecko) Chrome/127.0.0.0 Safari/537.36"
51.89.60.56 - - [30/Nov/2025:14:59:19 -0500] "GET /wp-content/mu-plugins/wp-seo-integration/assets/css/admin.css HTTP/1.1" 200 0 "-" "Mozilla/5.0 (Windows NT 10.0; Win64; x64) AppleWebKit/537.36 (KHTML, like Gecko) Chrome/127.0.0.0 Safari/537.36"
63.250.38.216 - - [30/Nov/2025:15:01:48 -0500] "POST /wp-cron.php?doing_wp_cron=1764532907.8550260066986083984375 HTTP/1.1" 404 1251 "-" "WordPress/6.8.3; https://xtrasolutionsco.com"
180.93.52.173 - - [30/Nov/2025:15:01:46 -0500] "POST /xmlrpc.php HTTP/1.1" 200 186 "-" "Mozilla/5.0 (Windows NT 10.0; Win64; x64; rv:50.0) Gecko/20100101 Firefox/50.0"
74.176.62.134 - - [30/Nov/2025:15:22:23 -0500] "GET /wp-admin/network/ HTTP/1.1" 302 0 "https://www.google.de/" "Mozilla/5.g (Linux; Android 13; Pixel 7) AppleWebKit/537.36 (KHTML, like Gecko) Chrome/116.0.0.0 Mobile Safari/537.36"
74.176.62.134 - - [30/Nov/2025:15:22:23 -0500] "GET /wp-login.php?redirect_to=https%3A%2F%2Fxtrasolutionsco.com%2Fwp-admin%2Fnetwork%2F&reauth=1 HTTP/1.1" 404 1251 "https://www.google.de/" "Mozilla/5.g (Linux; Android 13; Pixel 7) AppleWebKit/537.36 (KHTML, like Gecko) Chrome/116.0.0.0 Mobile Safari/537.36"
66.249.72.232 - - [30/Nov/2025:15:22:26 -0500] "GET /category/313/1/listing HTTP/1.1" 404 1251 "-" "Mozilla/5.0 (Linux; Android 6.0.1; Nexus 5X Build/MMB29P) AppleWebKit/537.36 (KHTML, like Gecko) Chrome/141.0.7390.122 Mobile Safari/537.36 (compatible; Googlebot/2.1; +http://www.google.com/bot.html)"
43.173.181.15 - - [30/Nov/2025:15:31:36 -0500] "GET /about/ HTTP/1.1" 404 1251 "-" "Mozilla/5.0 (Windows NT 10.0; Win64; x64) AppleWebKit/537.36 (KHTML, like Gecko) Chrome/131.0.0.0 Safari/537.36"
179.60.191.66 - - [30/Nov/2025:15:33:13 -0500] "GET /about/ HTTP/1.1" 404 1251 "-" "Mozilla/5.0 (Windows NT 10.0; Win64; x64) AppleWebKit/537.36 (KHTML, like Gecko) Chrome/129.0.0.0 Safari/537.36"
66.249.72.236 - - [30/Nov/2025:15:37:09 -0500] "GET /category/718_2010/1/listing HTTP/1.1" 404 1251 "-" "Mozilla/5.0 (Linux; Android 6.0.1; Nexus 5X Build/MMB29P) AppleWebKit/537.36 (KHTML, like Gecko) Chrome/141.0.7390.122 Mobile Safari/537.36 (compatible; Googlebot/2.1; +http://www.google.com/bot.html)"
43.173.179.187 - - [30/Nov/2025:15:48:02 -0500] "GET /contact/ HTTP/1.1" 404 1251 "-" "Mozilla/5.0 (Windows NT 10.0; Win64; x64) AppleWebKit/537.36 (KHTML, like Gecko) Chrome/104.0.5112.81 Safari/537.36"
43.173.182.229 - - [30/Nov/2025:15:49:10 -0500] "GET /faqs/ HTTP/1.1" 404 1251 "-" "Mozilla/5.0 (Windows NT 10.0; Win64; x64) AppleWebKit/537.36 (KHTML, like Gecko) Chrome/104.0.5112.81 Safari/537.36"
167.250.133.62 - - [30/Nov/2025:15:49:17 -0500] "GET /contact/ HTTP/1.1" 404 1251 "-" "Mozilla/5.0 (Windows NT 10.0; Win64; x64) AppleWebKit/537.36 (KHTML, like Gecko) Chrome/129.0.0.0 Safari/537.36"
202.47.42.250 - - [30/Nov/2025:15:50:55 -0500] "GET /faqs/ HTTP/1.1" 404 1251 "-" "Mozilla/5.0 (Windows NT 10.0; Win64; x64) AppleWebKit/537.36 (KHTML, like Gecko) Chrome/129.0.0.0 Safari/537.36"
66.249.72.234 - - [30/Nov/2025:16:09:28 -0500] "GET /motivate/h80?pid=119 HTTP/1.1" 404 1251 "-" "Mozilla/5.0 (Linux; Android 6.0.1; Nexus 5X Build/MMB29P) AppleWebKit/537.36 (KHTML, like Gecko) Chrome/141.0.7390.122 Mobile Safari/537.36 (compatible; Googlebot/2.1; +http://www.google.com/bot.html)"
63.250.38.216 - - [30/Nov/2025:16:15:29 -0500] "POST /wp-cron.php?doing_wp_cron=1764537329.7037858963012695312500 HTTP/1.1" 404 1251 "-" "WordPress/6.8.3; https://xtrasolutionsco.com"
51.89.3.141 - - [30/Nov/2025:16:15:28 -0500] "POST /xmlrpc.php HTTP/1.1" 200 186 "-" "Mozilla/5.0 (Windows NT 10.0; Win64; x64; rv:54.0) Gecko/20100101 Firefox/54.0"
66.249.72.235 - - [30/Nov/2025:16:20:30 -0500] "GET /product/homework20?c=g&l=960 HTTP/1.1" 404 1251 "-" "Mozilla/5.0 (Linux; Android 6.0.1; Nexus 5X Build/MMB29P) AppleWebKit/537.36 (KHTML, like Gecko) Chrome/141.0.7390.122 Mobile Safari/537.36 (compatible; Googlebot/2.1; +http://www.google.com/bot.html)"
5.189.187.80 - - [30/Nov/2025:16:26:47 -0500] "GET /wp-content/plugins/fix/up.php HTTP/1.1" 200 0 "www.google.com" "Mozilla/5.0 (Linux; Android 7.0; SM-G892A Build/NRD90M; wv) AppleWebKit/537.36 (KHTML, like Gecko) Version/4.0 Chrome/60.0.3112.107 Mobile Safari/537.36"
66.249.72.234 - - [30/Nov/2025:16:30:27 -0500] "GET /robots.txt HTTP/1.1" 304 0 "-" "Mozilla/5.0 (compatible; Googlebot/2.1; +http://www.google.com/bot.html)"
66.249.72.232 - - [30/Nov/2025:16:30:27 -0500] "GET /kirarido-s-b086dtjxsg-20250611 HTTP/1.1" 404 1251 "-" "Mozilla/5.0 (Linux; Android 6.0.1; Nexus 5X Build/MMB29P) AppleWebKit/537.36 (KHTML, like Gecko) Chrome/141.0.7390.122 Mobile Safari/537.36 (compatible; Googlebot/2.1; +http://www.google.com/bot.html)"
146.70.62.14 - - [30/Nov/2025:16:34:44 -0500] "GET / HTTP/1.1" 200 1616 "https://xtrasolutionsco.com/" "Mozilla/5.0 (Windows NT 6.1; Win64; x64) AppleWebKit/537.36 (KHTML, like Gecko) Chrome/103.0.0.0 Safari/537.36"
43.173.179.228 - - [30/Nov/2025:16:39:48 -0500] "GET /insurance-01/ HTTP/1.1" 404 1251 "-" "Mozilla/5.0 (Windows NT 10.0; Win64; x64) AppleWebKit/537.36 (KHTML, like Gecko) Chrome/105.0.0.0 Safari/537.3"
2803:c000:16:c559:2057:d914:4a27:e0f1 - - [30/Nov/2025:16:41:18 -0500] "GET /insurance-01/ HTTP/1.1" 404 1251 "-" "Mozilla/5.0 (Windows NT 10.0; Win64; x64) AppleWebKit/537.36 (KHTML, like Gecko) Chrome/129.0.0.0 Safari/537.36"
216.73.216.155 - - [30/Nov/2025:16:41:59 -0500] "GET / HTTP/1.1" 200 1616 "-" "Mozilla/5.0 AppleWebKit/537.36 (KHTML, like Gecko; compatible; ClaudeBot/1.0; +claudebot@anthropic.com)"
66.249.72.234 - - [30/Nov/2025:17:20:28 -0500] "GET /591647233 HTTP/1.1" 404 1251 "-" "Mozilla/5.0 (Linux; Android 6.0.1; Nexus 5X Build/MMB29P) AppleWebKit/537.36 (KHTML, like Gecko) Chrome/141.0.7390.122 Mobile Safari/537.36 (compatible; Googlebot/2.1; +http://www.google.com/bot.html)"
63.250.38.216 - - [30/Nov/2025:17:20:46 -0500] "POST /wp-cron.php?doing_wp_cron=1764541246.1074070930480957031250 HTTP/1.1" 404 1251 "-" "WordPress/6.8.3; https://xtrasolutionsco.com"
51.89.116.113 - - [30/Nov/2025:17:20:44 -0500] "POST /xmlrpc.php HTTP/1.1" 200 186 "-" "Mozilla/5.0 (Windows NT 10.0; Win64; x64; rv:87.0) Gecko/20100101 Firefox/87.0"
103.108.231.56 - - [30/Nov/2025:17:22:34 -0500] "GET /?s=../%5Cthink%5Capp/invokefunction&function=call_user_func_array&vars%5B0%5D=md5&vars%5B1%5D%5B%5D=HelloThinkPHP HTTP/1.1" 200 1622 "-" "Mozilla/5.0 (Windows NT 10.0; WOW64) AppleWebKit/537.36 (KHTML, like Gecko) Chrome/58.0.2892.92 Safari/537.36"
103.108.231.56 - - [30/Nov/2025:17:22:35 -0500] "GET /?s=../%5Cthink%5CContainer/invokefunction&function=call_user_func_array&vars%5B0%5D=md5&vars%5B1%5D%5B%5D=HelloThinkPHP HTTP/1.1" 200 1622 "-" "Mozilla/5.0 (Macintosh; Intel Mac OS X 10_12_6) AppleWebKit/537.36 (KHTML, like Gecko) Chrome/61.0.226.2 Safari/537.36"
103.108.231.56 - - [30/Nov/2025:17:22:36 -0500] "GET /?s=/index/%5Cthink%5Capp/invokefunction&function=call_user_func_array&vars%5B0%5D=md5&vars%5B1%5D%5B%5D=HelloThinkPHP HTTP/1.1" 200 1622 "-" "Mozilla/5.0 (Macintosh; Intel Mac OS X 10_12_6) AppleWebKit/537.36 (KHTML, like Gecko) Chrome/62.0.2206.71 Safari/537.36"
103.108.231.56 - - [30/Nov/2025:17:22:37 -0500] "GET /?s=/index/%5Cthink%5CContainer/invokefunction&function=call_user_func_array&vars%5B0%5D=md5&vars%5B1%5D%5B%5D=HelloThinkPHP HTTP/1.1" 200 1622 "-" "Mozilla/5.0 (X11; Linux x86_64) AppleWebKit/537.36 (KHTML, like Gecko) Chrome/59.0.951.35 Safari/537.36"
103.108.231.56 - - [30/Nov/2025:17:22:38 -0500] "GET /?s=/Home/%5Cthink%5Capp/invokefunction&function=call_user_func_array&vars%5B0%5D=md5&vars%5B1%5D%5B%5D=HelloThinkPHP HTTP/1.1" 200 1622 "-" "Mozilla/5.0 (Windows NT 10.0; WOW64) AppleWebKit/537.36 (KHTML, like Gecko) Chrome/61.0.207.43 Safari/537.36"
4.213.225.227 - - [30/Nov/2025:17:29:26 -0500] "GET /wp-content/plugins/pwnd/pwnd.php HTTP/1.1" 200 0 "www.google.com" "Mozlila/5.0 (Linux; Android 7.0; SM-G892A Bulid/NRD90M; wv) AppleWebKit/537.36 (KHTML, like Gecko) Version/4.0 Chrome/60.0.3112.107 Moblie Safari/537.36"
4.213.225.227 - - [30/Nov/2025:17:30:03 -0500] "GET /wp-content/plugins/ph-file-manager/wp-file.php HTTP/1.1" 200 0 "www.google.com" "Mozlila/5.0 (Linux; Android 7.0; SM-G892A Bulid/NRD90M; wv) AppleWebKit/537.36 (KHTML, like Gecko) Version/4.0 Chrome/60.0.3112.107 Moblie Safari/537.36"
4.213.225.227 - - [30/Nov/2025:17:30:23 -0500] "GET /wp-content/plugins/root-file-manager/wp-file.php HTTP/1.1" 200 0 "www.google.com" "Mozlila/5.0 (Linux; Android 7.0; SM-G892A Bulid/NRD90M; wv) AppleWebKit/537.36 (KHTML, like Gecko) Version/4.0 Chrome/60.0.3112.107 Moblie Safari/537.36"
4.213.225.227 - - [30/Nov/2025:17:30:40 -0500] "GET /wp-content/themes/travel/issue.php HTTP/1.1" 200 0 "www.google.com" "Mozlila/5.0 (Linux; Android 7.0; SM-G892A Bulid/NRD90M; wv) AppleWebKit/537.36 (KHTML, like Gecko) Version/4.0 Chrome/60.0.3112.107 Moblie Safari/537.36"
4.213.225.227 - - [30/Nov/2025:17:30:49 -0500] "GET /wp-content/themes/jaida/lang.php HTTP/1.1" 200 0 "www.google.com" "Mozlila/5.0 (Linux; Android 7.0; SM-G892A Bulid/NRD90M; wv) AppleWebKit/537.36 (KHTML, like Gecko) Version/4.0 Chrome/60.0.3112.107 Moblie Safari/537.36"
216.73.216.155 - - [30/Nov/2025:17:38:30 -0500] "GET /_autoindex/assets/js/tablesort.js HTTP/1.1" 200 2137 "-" "Mozilla/5.0 AppleWebKit/537.36 (KHTML, like Gecko; compatible; ClaudeBot/1.0; +claudebot@anthropic.com)"
216.73.216.155 - - [30/Nov/2025:17:38:30 -0500] "GET /_autoindex/assets/js/tablesort.number.js HTTP/1.1" 200 322 "-" "Mozilla/5.0 AppleWebKit/537.36 (KHTML, like Gecko; compatible; ClaudeBot/1.0; +claudebot@anthropic.com)"
216.73.216.155 - - [30/Nov/2025:17:38:31 -0500] "GET /index.php0 HTTP/1.1" 200 13061 "-" "Mozilla/5.0 AppleWebKit/537.36 (KHTML, like Gecko; compatible; ClaudeBot/1.0; +claudebot@anthropic.com)"
216.73.216.155 - - [30/Nov/2025:17:39:18 -0500] "GET /readme.html HTTP/1.1" 200 2662 "-" "Mozilla/5.0 AppleWebKit/537.36 (KHTML, like Gecko; compatible; ClaudeBot/1.0; +claudebot@anthropic.com)"
216.73.216.155 - - [30/Nov/2025:17:39:18 -0500] "GET /wp-config-sample.php HTTP/1.1" 500 905 "-" "Mozilla/5.0 AppleWebKit/537.36 (KHTML, like Gecko; compatible; ClaudeBot/1.0; +claudebot@anthropic.com)"
216.73.216.155 - - [30/Nov/2025:17:39:19 -0500] "GET /error_log HTTP/1.1" 403 1242 "-" "Mozilla/5.0 AppleWebKit/537.36 (KHTML, like Gecko; compatible; ClaudeBot/1.0; +claudebot@anthropic.com)"
216.73.216.155 - - [30/Nov/2025:17:40:11 -0500] "GET /wp-content HTTP/1.1" 301 795 "-" "Mozilla/5.0 AppleWebKit/537.36 (KHTML, like Gecko; compatible; ClaudeBot/1.0; +claudebot@anthropic.com)"
216.73.216.155 - - [30/Nov/2025:17:40:11 -0500] "GET /wp-content/ HTTP/1.1" 200 0 "https://xtrasolutionsco.com/wp-content" "Mozilla/5.0 AppleWebKit/537.36 (KHTML, like Gecko; compatible; ClaudeBot/1.0; +claudebot@anthropic.com)"
63.250.38.216 - - [30/Nov/2025:17:40:13 -0500] "POST /wp-cron.php?doing_wp_cron=1764542412.8896260261535644531250 HTTP/1.1" 404 1251 "-" "WordPress/6.8.3; https://xtrasolutionsco.com"
216.73.216.155 - - [30/Nov/2025:17:40:11 -0500] "GET /wp-links-opml.php HTTP/1.1" 200 159 "-" "Mozilla/5.0 AppleWebKit/537.36 (KHTML, like Gecko; compatible; ClaudeBot/1.0; +claudebot@anthropic.com)"
207.46.13.107 - - [30/Nov/2025:17:40:48 -0500] "GET /readme.html HTTP/1.1" 200 2662 "-" "Mozilla/5.0 AppleWebKit/537.36 (KHTML, like Gecko; compatible; bingbot/2.0; +http://www.bing.com/bingbot.htm) Chrome/116.0.1938.76 Safari/537.36"
216.73.216.155 - - [30/Nov/2025:17:41:05 -0500] "GET /ddce7 HTTP/1.1" 301 795 "-" "Mozilla/5.0 AppleWebKit/537.36 (KHTML, like Gecko; compatible; ClaudeBot/1.0; +claudebot@anthropic.com)"
216.73.216.155 - - [30/Nov/2025:17:41:06 -0500] "GET /ddce7/ HTTP/1.1" 200 505 "https://xtrasolutionsco.com/ddce7" "Mozilla/5.0 AppleWebKit/537.36 (KHTML, like Gecko; compatible; ClaudeBot/1.0; +claudebot@anthropic.com)"
63.250.38.216 - - [30/Nov/2025:17:41:15 -0500] "POST /wp-cron.php?doing_wp_cron=1764542475.6961269378662109375000 HTTP/1.1" 404 1251 "-" "WordPress/6.8.3; https://xtrasolutionsco.com"
216.73.216.155 - - [30/Nov/2025:17:41:15 -0500] "GET /wp-trackback.php HTTP/1.1" 404 91 "-" "Mozilla/5.0 AppleWebKit/537.36 (KHTML, like Gecko; compatible; ClaudeBot/1.0; +claudebot@anthropic.com)"
63.250.38.216 - - [30/Nov/2025:17:41:15 -0500] "POST /wp-cron.php?doing_wp_cron=1764542475.8024809360504150390625 HTTP/1.1" 404 1251 "-" "WordPress/6.8.3; https://xtrasolutionsco.com"
216.73.216.155 - - [30/Nov/2025:17:41:15 -0500] "GET /wp-activate.php HTTP/1.1" 500 1034 "-" "Mozilla/5.0 AppleWebKit/537.36 (KHTML, like Gecko; compatible; ClaudeBot/1.0; +claudebot@anthropic.com)"
216.73.216.155 - - [30/Nov/2025:17:41:59 -0500] "GET /wp-includes HTTP/1.1" 301 795 "-" "Mozilla/5.0 AppleWebKit/537.36 (KHTML, like Gecko; compatible; ClaudeBot/1.0; +claudebot@anthropic.com)"
216.73.216.155 - - [30/Nov/2025:17:41:59 -0500] "GET /wp-mail.php HTTP/1.1" 403 958 "-" "Mozilla/5.0 AppleWebKit/537.36 (KHTML, like Gecko; compatible; ClaudeBot/1.0; +claudebot@anthropic.com)"
216.73.216.155 - - [30/Nov/2025:17:41:59 -0500] "GET /wp-includes/ HTTP/1.1" 200 8213 "https://xtrasolutionsco.com/wp-includes" "Mozilla/5.0 AppleWebKit/537.36 (KHTML, like Gecko; compatible; ClaudeBot/1.0; +claudebot@anthropic.com)"
216.73.216.155 - - [30/Nov/2025:17:43:01 -0500] "GET /robots.txt HTTP/1.1" 304 0 "-" "Mozilla/5.0 AppleWebKit/537.36 (KHTML, like Gecko; compatible; ClaudeBot/1.0; +claudebot@anthropic.com)"
63.250.38.216 - - [30/Nov/2025:17:43:01 -0500] "POST /wp-cron.php?doing_wp_cron=1764542581.3694210052490234375000 HTTP/1.1" 404 1251 "-" "WordPress/6.8.3; https://xtrasolutionsco.com"
216.73.216.155 - - [30/Nov/2025:17:43:01 -0500] "GET /wp-load.php HTTP/1.1" 200 0 "-" "Mozilla/5.0 AppleWebKit/537.36 (KHTML, like Gecko; compatible; ClaudeBot/1.0; +claudebot@anthropic.com)"
216.73.216.155 - - [30/Nov/2025:17:43:01 -0500] "GET /wp-settings.php HTTP/1.1" 500 0 "-" "Mozilla/5.0 AppleWebKit/537.36 (KHTML, like Gecko; compatible; ClaudeBot/1.0; +claudebot@anthropic.com)"
216.73.216.155 - - [30/Nov/2025:17:43:11 -0500] "GET /wp-comments-post.php HTTP/1.1" 405 0 "-" "Mozilla/5.0 AppleWebKit/537.36 (KHTML, like Gecko; compatible; ClaudeBot/1.0; +claudebot@anthropic.com)"
216.73.216.155 - - [30/Nov/2025:17:43:37 -0500] "GET /58416f HTTP/1.1" 301 795 "-" "Mozilla/5.0 AppleWebKit/537.36 (KHTML, like Gecko; compatible; ClaudeBot/1.0; +claudebot@anthropic.com)"
216.73.216.155 - - [30/Nov/2025:17:43:37 -0500] "GET /google436b2445eec6ca55.html HTTP/1.1" 200 53 "-" "Mozilla/5.0 AppleWebKit/537.36 (KHTML, like Gecko; compatible; ClaudeBot/1.0; +claudebot@anthropic.com)"
216.73.216.155 - - [30/Nov/2025:17:43:37 -0500] "GET /58416f/ HTTP/1.1" 200 663 "https://xtrasolutionsco.com/58416f" "Mozilla/5.0 AppleWebKit/537.36 (KHTML, like Gecko; compatible; ClaudeBot/1.0; +claudebot@anthropic.com)"
216.73.216.155 - - [30/Nov/2025:17:43:56 -0500] "GET /_autoindex/assets/icons/file-text.svg HTTP/1.1" 200 394 "-" "Mozilla/5.0 AppleWebKit/537.36 (KHTML, like Gecko; compatible; ClaudeBot/1.0; +claudebot@anthropic.com)"
216.73.216.155 - - [30/Nov/2025:17:43:56 -0500] "GET /license.txt HTTP/1.1" 200 6865 "-" "Mozilla/5.0 AppleWebKit/537.36 (KHTML, like Gecko; compatible; ClaudeBot/1.0; +claudebot@anthropic.com)"
216.73.216.155 - - [30/Nov/2025:17:45:03 -0500] "GET /cgi-bin HTTP/1.1" 301 795 "-" "Mozilla/5.0 AppleWebKit/537.36 (KHTML, like Gecko; compatible; ClaudeBot/1.0; +claudebot@anthropic.com)"
216.73.216.155 - - [30/Nov/2025:17:45:03 -0500] "GET /cgi-bin/ HTTP/1.1" 403 1242 "https://xtrasolutionsco.com/cgi-bin" "Mozilla/5.0 AppleWebKit/537.36 (KHTML, like Gecko; compatible; ClaudeBot/1.0; +claudebot@anthropic.com)"
63.250.38.216 - - [30/Nov/2025:17:45:04 -0500] "POST /wp-cron.php?doing_wp_cron=1764542703.9094860553741455078125 HTTP/1.1" 404 1251 "-" "WordPress/6.8.3; https://xtrasolutionsco.com"
216.73.216.155 - - [30/Nov/2025:17:45:03 -0500] "GET /wp-signup.php HTTP/1.1" 500 1034 "-" "Mozilla/5.0 AppleWebKit/537.36 (KHTML, like Gecko; compatible; ClaudeBot/1.0; +claudebot@anthropic.com)"
216.73.216.155 - - [30/Nov/2025:17:45:07 -0500] "GET /_autoindex/assets/icons/file.svg HTTP/1.1" 200 354 "-" "Mozilla/5.0 AppleWebKit/537.36 (KHTML, like Gecko; compatible; ClaudeBot/1.0; +claudebot@anthropic.com)"
216.73.216.155 - - [30/Nov/2025:17:45:07 -0500] "GET /_autoindex/assets/icons/folder-fill.svg HTTP/1.1" 200 333 "-" "Mozilla/5.0 AppleWebKit/537.36 (KHTML, like Gecko; compatible; ClaudeBot/1.0; +claudebot@anthropic.com)"
216.73.216.155 - - [30/Nov/2025:17:45:48 -0500] "GET /wp-admin HTTP/1.1" 301 795 "-" "Mozilla/5.0 AppleWebKit/537.36 (KHTML, like Gecko; compatible; ClaudeBot/1.0; +claudebot@anthropic.com)"
216.73.216.155 - - [30/Nov/2025:17:45:48 -0500] "GET /wp-admin/ HTTP/1.1" 200 3431 "https://xtrasolutionsco.com/wp-admin" "Mozilla/5.0 AppleWebKit/537.36 (KHTML, like Gecko; compatible; ClaudeBot/1.0; +claudebot@anthropic.com)"
216.73.216.155 - - [30/Nov/2025:17:45:48 -0500] "GET /_autoindex/assets/css/autoindex.css HTTP/1.1" 200 1170 "-" "Mozilla/5.0 AppleWebKit/537.36 (KHTML, like Gecko; compatible; ClaudeBot/1.0; +claudebot@anthropic.com)"
77.90.185.240 - - [30/Nov/2025:18:15:20 -0500] "GET /wp-login.php HTTP/1.1" 404 1251 "-" "Mozilla/5.0 (Windows NT 10.0; Win64; x64) AppleWebKit/537.36 (KHTML, like Gecko) Chrome/119.0.6045.159 Safari/537.36"
77.90.185.240 - - [30/Nov/2025:18:15:20 -0500] "GET /wp-admin/ HTTP/1.1" 200 3431 "https://www.facebook.com/" "Mozilla/5.0 (X11; Linux x86_64) Gecko/20100101 Firefox/119.0.1"
216.73.216.155 - - [30/Nov/2025:18:29:11 -0500] "GET /wp-includes/class-wp-http-cookie.php HTTP/1.1" 200 0 "-" "Mozilla/5.0 AppleWebKit/537.36 (KHTML, like Gecko; compatible; ClaudeBot/1.0; +claudebot@anthropic.com)"
216.73.216.155 - - [30/Nov/2025:18:29:11 -0500] "GET /wp-includes/class-wp-http-requests-hooks.php HTTP/1.1" 500 0 "-" "Mozilla/5.0 AppleWebKit/537.36 (KHTML, like Gecko; compatible; ClaudeBot/1.0; +claudebot@anthropic.com)"
216.73.216.155 - - [30/Nov/2025:18:29:11 -0500] "GET /wp-includes/class-wp-block-patterns-registry.php HTTP/1.1" 200 0 "-" "Mozilla/5.0 AppleWebKit/537.36 (KHTML, like Gecko; compatible; ClaudeBot/1.0; +claudebot@anthropic.com)"
216.73.216.155 - - [30/Nov/2025:18:29:12 -0500] "GET /wp-includes/class-wp-image-editor.php HTTP/1.1" 200 0 "-" "Mozilla/5.0 AppleWebKit/537.36 (KHTML, like Gecko; compatible; ClaudeBot/1.0; +claudebot@anthropic.com)"
216.73.216.155 - - [30/Nov/2025:18:29:12 -0500] "GET /wp-includes/class-wp-http-response.php HTTP/1.1" 200 0 "-" "Mozilla/5.0 AppleWebKit/537.36 (KHTML, like Gecko; compatible; ClaudeBot/1.0; +claudebot@anthropic.com)"
216.73.216.155 - - [30/Nov/2025:18:29:13 -0500] "GET /wp-includes/class-wp-http-streams.php HTTP/1.1" 200 0 "-" "Mozilla/5.0 AppleWebKit/537.36 (KHTML, like Gecko; compatible; ClaudeBot/1.0; +claudebot@anthropic.com)"
216.73.216.155 - - [30/Nov/2025:18:29:13 -0500] "GET /wp-includes/class-wp-text-diff-renderer-table.php HTTP/1.1" 200 6 "-" "Mozilla/5.0 AppleWebKit/537.36 (KHTML, like Gecko; compatible; ClaudeBot/1.0; +claudebot@anthropic.com)"
216.73.216.155 - - [30/Nov/2025:18:29:14 -0500] "GET /wp-includes/class-wp-fatal-error-handler.php HTTP/1.1" 200 0 "-" "Mozilla/5.0 AppleWebKit/537.36 (KHTML, like Gecko; compatible; ClaudeBot/1.0; +claudebot@anthropic.com)"
216.73.216.155 - - [30/Nov/2025:18:29:14 -0500] "GET /wp-includes/class-wp-block-editor-context.php HTTP/1.1" 200 0 "-" "Mozilla/5.0 AppleWebKit/537.36 (KHTML, like Gecko; compatible; ClaudeBot/1.0; +claudebot@anthropic.com)"
216.73.216.155 - - [30/Nov/2025:18:29:15 -0500] "GET /wp-includes/class-wp-http-proxy.php HTTP/1.1" 200 0 "-" "Mozilla/5.0 AppleWebKit/537.36 (KHTML, like Gecko; compatible; ClaudeBot/1.0; +claudebot@anthropic.com)"
216.73.216.155 - - [30/Nov/2025:18:29:15 -0500] "GET /wp-includes/class-wp-http-curl.php HTTP/1.1" 200 0 "-" "Mozilla/5.0 AppleWebKit/537.36 (KHTML, like Gecko; compatible; ClaudeBot/1.0; +claudebot@anthropic.com)"
216.73.216.155 - - [30/Nov/2025:18:29:16 -0500] "GET /wp-includes/class-wp-block-parser-frame.php HTTP/1.1" 200 0 "-" "Mozilla/5.0 AppleWebKit/537.36 (KHTML, like Gecko; compatible; ClaudeBot/1.0; +claudebot@anthropic.com)"
216.73.216.155 - - [30/Nov/2025:18:29:16 -0500] "GET /wp-includes/feed-rss2-comments.php HTTP/1.1" 500 0 "-" "Mozilla/5.0 AppleWebKit/537.36 (KHTML, like Gecko; compatible; ClaudeBot/1.0; +claudebot@anthropic.com)"
216.73.216.155 - - [30/Nov/2025:18:29:17 -0500] "GET /wp-includes/class-wp-block-bindings-source.php HTTP/1.1" 200 0 "-" "Mozilla/5.0 AppleWebKit/537.36 (KHTML, like Gecko; compatible; ClaudeBot/1.0; +claudebot@anthropic.com)"
216.73.216.155 - - [30/Nov/2025:18:29:17 -0500] "GET /wp-includes/class.wp-scripts.php HTTP/1.1" 500 0 "-" "Mozilla/5.0 AppleWebKit/537.36 (KHTML, like Gecko; compatible; ClaudeBot/1.0; +claudebot@anthropic.com)"
216.73.216.155 - - [30/Nov/2025:18:29:18 -0500] "GET /wp-includes/class-wp-block-parser.php HTTP/1.1" 200 0 "-" "Mozilla/5.0 AppleWebKit/537.36 (KHTML, like Gecko; compatible; ClaudeBot/1.0; +claudebot@anthropic.com)"
216.73.216.155 - - [30/Nov/2025:18:29:18 -0500] "GET /wp-includes/class-wp-url-pattern-prefixer.php HTTP/1.1" 200 0 "-" "Mozilla/5.0 AppleWebKit/537.36 (KHTML, like Gecko; compatible; ClaudeBot/1.0; +claudebot@anthropic.com)"
216.73.216.155 - - [30/Nov/2025:18:29:19 -0500] "GET /wp-includes/class-wp-text-diff-renderer-inline.php HTTP/1.1" 500 0 "-" "Mozilla/5.0 AppleWebKit/537.36 (KHTML, like Gecko; compatible; ClaudeBot/1.0; +claudebot@anthropic.com)"
216.73.216.155 - - [30/Nov/2025:18:29:19 -0500] "GET /wp-includes/functions.wp-scripts.php HTTP/1.1" 200 0 "-" "Mozilla/5.0 AppleWebKit/537.36 (KHTML, like Gecko; compatible; ClaudeBot/1.0; +claudebot@anthropic.com)"
216.73.216.155 - - [30/Nov/2025:18:29:20 -0500] "GET /wp-includes/class-wp-block-parser-block.php HTTP/1.1" 200 0 "-" "Mozilla/5.0 AppleWebKit/537.36 (KHTML, like Gecko; compatible; ClaudeBot/1.0; +claudebot@anthropic.com)"
216.73.216.155 - - [30/Nov/2025:18:29:20 -0500] "GET /wp-includes/class-wp-http-encoding.php HTTP/1.1" 200 0 "-" "Mozilla/5.0 AppleWebKit/537.36 (KHTML, like Gecko; compatible; ClaudeBot/1.0; +claudebot@anthropic.com)"
216.73.216.155 - - [30/Nov/2025:18:29:21 -0500] "GET /wp-includes/class-wp-user-request.php HTTP/1.1" 200 0 "-" "Mozilla/5.0 AppleWebKit/537.36 (KHTML, like Gecko; compatible; ClaudeBot/1.0; +claudebot@anthropic.com)"
216.73.216.155 - - [30/Nov/2025:18:29:23 -0500] "GET /wp-includes/class-wp-block-styles-registry.php HTTP/1.1" 200 0 "-" "Mozilla/5.0 AppleWebKit/537.36 (KHTML, like Gecko; compatible; ClaudeBot/1.0; +claudebot@anthropic.com)"
216.73.216.155 - - [30/Nov/2025:18:29:23 -0500] "GET /wp-includes/class-wp-customize-section.php HTTP/1.1" 500 0 "-" "Mozilla/5.0 AppleWebKit/537.36 (KHTML, like Gecko; compatible; ClaudeBot/1.0; +claudebot@anthropic.com)"
216.73.216.155 - - [30/Nov/2025:18:29:23 -0500] "GET /wp-includes/class-wp-simplepie-file.php HTTP/1.1" 500 0 "-" "Mozilla/5.0 AppleWebKit/537.36 (KHTML, like Gecko; compatible; ClaudeBot/1.0; +claudebot@anthropic.com)"
216.73.216.155 - - [30/Nov/2025:18:29:24 -0500] "GET /wp-includes/class-wp-plugin-dependencies.php HTTP/1.1" 200 0 "-" "Mozilla/5.0 AppleWebKit/537.36 (KHTML, like Gecko; compatible; ClaudeBot/1.0; +claudebot@anthropic.com)"
216.73.216.155 - - [30/Nov/2025:18:29:24 -0500] "GET /wp-includes/class-wp-customize-control.php HTTP/1.1" 200 6 "-" "Mozilla/5.0 AppleWebKit/537.36 (KHTML, like Gecko; compatible; ClaudeBot/1.0; +claudebot@anthropic.com)"
216.73.216.155 - - [30/Nov/2025:18:29:25 -0500] "GET /wp-includes/class-wp-block-type-registry.php HTTP/1.1" 200 0 "-" "Mozilla/5.0 AppleWebKit/537.36 (KHTML, like Gecko; compatible; ClaudeBot/1.0; +claudebot@anthropic.com)"
216.73.216.155 - - [30/Nov/2025:18:29:25 -0500] "GET /wp-includes/class-wp-image-editor-gd.php HTTP/1.1" 500 0 "-" "Mozilla/5.0 AppleWebKit/537.36 (KHTML, like Gecko; compatible; ClaudeBot/1.0; +claudebot@anthropic.com)"
216.73.216.155 - - [30/Nov/2025:18:29:26 -0500] "GET /wp-includes/class-wp-theme-json-schema.php HTTP/1.1" 200 0 "-" "Mozilla/5.0 AppleWebKit/537.36 (KHTML, like Gecko; compatible; ClaudeBot/1.0; +claudebot@anthropic.com)"
216.73.216.155 - - [30/Nov/2025:18:29:26 -0500] "GET /wp-includes/class-wp-oembed-controller.php HTTP/1.1" 200 0 "-" "Mozilla/5.0 AppleWebKit/537.36 (KHTML, like Gecko; compatible; ClaudeBot/1.0; +claudebot@anthropic.com)"
216.73.216.155 - - [30/Nov/2025:18:29:27 -0500] "GET /wp-includes/class-wp-navigation-fallback.php HTTP/1.1" 200 0 "-" "Mozilla/5.0 AppleWebKit/537.36 (KHTML, like Gecko; compatible; ClaudeBot/1.0; +claudebot@anthropic.com)"
216.73.216.155 - - [30/Nov/2025:18:29:27 -0500] "GET /wp-includes/feed-rss.php HTTP/1.1" 500 0 "-" "Mozilla/5.0 AppleWebKit/537.36 (KHTML, like Gecko; compatible; ClaudeBot/1.0; +claudebot@anthropic.com)"
216.73.216.155 - - [30/Nov/2025:18:29:28 -0500] "GET /wp-includes/class-wp-user.php HTTP/1.1" 200 0 "-" "Mozilla/5.0 AppleWebKit/537.36 (KHTML, like Gecko; compatible; ClaudeBot/1.0; +claudebot@anthropic.com)"
216.73.216.155 - - [30/Nov/2025:18:29:28 -0500] "GET /wp-includes/class-wp-block.php HTTP/1.1" 200 0 "-" "Mozilla/5.0 AppleWebKit/537.36 (KHTML, like Gecko; compatible; ClaudeBot/1.0; +claudebot@anthropic.com)"
