81.167.26.57 - - [01/Dec/2025:00:25:01 -0500] "GET /58416f/?fileloc=//home/coludnqa/lscache/1/0/1/101db458c2101dd3&path=//home/coludnqa/lscache/1/0/1 HTTP/1.1" 200 665 "-" "Mozilla/5.0 (compatible; MJ12bot/v1.4.8; http://mj12bot.com/)"
51.68.102.1 - - [01/Dec/2025:00:25:01 -0500] "GET /58416f/?fileloc=//home/coludnqa/lscache/0/f/b/0fba3b07dec56f30&path=//home/coludnqa/lscache/0/f/b HTTP/1.1" 200 665 "-" "Mozilla/5.0 (compatible; MJ12bot/v2.0.4; http://mj12bot.com/)"
51.68.102.1 - - [01/Dec/2025:00:25:02 -0500] "GET /58416f/?fileloc=//home/coludnqa/lscache/0/f/b/0fbaa683bdb7e08b&path=//home/coludnqa/lscache/0/f/b HTTP/1.1" 200 665 "-" "Mozilla/5.0 (compatible; MJ12bot/v2.0.4; http://mj12bot.com/)"
81.167.26.57 - - [01/Dec/2025:00:25:03 -0500] "GET /58416f/?fileloc=//home/coludnqa/lscache/1/0/1/101e034bc4d6efa1&path=//home/coludnqa/lscache/1/0/1 HTTP/1.1" 200 665 "-" "Mozilla/5.0 (compatible; MJ12bot/v1.4.8; http://mj12bot.com/)"
81.167.26.57 - - [01/Dec/2025:00:25:04 -0500] "GET /58416f/?fileloc=//home/coludnqa/lscache/1/0/1/101e3096da53f202&path=//home/coludnqa/lscache/1/0/1 HTTP/1.1" 200 665 "-" "Mozilla/5.0 (compatible; MJ12bot/v1.4.8; http://mj12bot.com/)"
81.167.26.57 - - [01/Dec/2025:00:25:06 -0500] "GET /58416f/?fileloc=//home/coludnqa/lscache/1/0/1/101e3baa7aaa00de&path=//home/coludnqa/lscache/1/0/1 HTTP/1.1" 200 665 "-" "Mozilla/5.0 (compatible; MJ12bot/v1.4.8; http://mj12bot.com/)"
81.167.26.57 - - [01/Dec/2025:00:25:07 -0500] "GET /58416f/?fileloc=//home/coludnqa/lscache/1/0/1/101e4707dc7a5e82&path=//home/coludnqa/lscache/1/0/1 HTTP/1.1" 200 665 "-" "Mozilla/5.0 (compatible; MJ12bot/v1.4.8; http://mj12bot.com/)"
81.167.26.57 - - [01/Dec/2025:00:25:09 -0500] "GET /58416f/?fileloc=//home/coludnqa/lscache/1/0/1/101e95619364bd3f&path=//home/coludnqa/lscache/1/0/1 HTTP/1.1" 200 665 "-" "Mozilla/5.0 (compatible; MJ12bot/v1.4.8; http://mj12bot.com/)"
81.167.26.57 - - [01/Dec/2025:00:25:11 -0500] "GET /58416f/?fileloc=//home/coludnqa/lscache/1/0/1/101eb606b382535f&path=//home/coludnqa/lscache/1/0/1 HTTP/1.1" 200 665 "-" "Mozilla/5.0 (compatible; MJ12bot/v1.4.8; http://mj12bot.com/)"
51.68.102.1 - - [01/Dec/2025:00:25:12 -0500] "GET /58416f/?fileloc=//home/coludnqa/lscache/0/f/b/0fbaacf9068df9e1&path=//home/coludnqa/lscache/0/f/b HTTP/1.1" 200 665 "-" "Mozilla/5.0 (compatible; MJ12bot/v2.0.4; http://mj12bot.com/)"
81.167.26.57 - - [01/Dec/2025:00:25:12 -0500] "GET /58416f/?fileloc=//home/coludnqa/lscache/1/0/1/101f0671980fe9ba&path=//home/coludnqa/lscache/1/0/1 HTTP/1.1" 200 665 "-" "Mozilla/5.0 (compatible; MJ12bot/v1.4.8; http://mj12bot.com/)"
51.68.102.1 - - [01/Dec/2025:00:25:13 -0500] "GET /58416f/?fileloc=//home/coludnqa/lscache/0/f/b/0fbac00a980079bd&path=//home/coludnqa/lscache/0/f/b HTTP/1.1" 200 665 "-" "Mozilla/5.0 (compatible; MJ12bot/v2.0.4; http://mj12bot.com/)"
81.167.26.57 - - [01/Dec/2025:00:25:14 -0500] "GET /58416f/?fileloc=//home/coludnqa/lscache/1/0/1/101f44e8697c8cb7&path=//home/coludnqa/lscache/1/0/1 HTTP/1.1" 200 665 "-" "Mozilla/5.0 (compatible; MJ12bot/v1.4.8; http://mj12bot.com/)"
51.68.102.1 - - [01/Dec/2025:00:25:14 -0500] "GET /58416f/?fileloc=//home/coludnqa/lscache/0/f/b/0fbacb0c84315189&path=//home/coludnqa/lscache/0/f/b HTTP/1.1" 200 665 "-" "Mozilla/5.0 (compatible; MJ12bot/v2.0.4; http://mj12bot.com/)"
51.68.102.1 - - [01/Dec/2025:00:25:15 -0500] "GET /58416f/?fileloc=//home/coludnqa/lscache/0/f/b/0fbaf9064031181a&path=//home/coludnqa/lscache/0/f/b HTTP/1.1" 200 665 "-" "Mozilla/5.0 (compatible; MJ12bot/v2.0.4; http://mj12bot.com/)"
81.167.26.57 - - [01/Dec/2025:00:25:16 -0500] "GET /58416f/?fileloc=//home/coludnqa/lscache/1/0/1/101fb72b078a7905&path=//home/coludnqa/lscache/1/0/1 HTTP/1.1" 200 665 "-" "Mozilla/5.0 (compatible; MJ12bot/v1.4.8; http://mj12bot.com/)"
51.68.102.1 - - [01/Dec/2025:00:25:16 -0500] "GET /58416f/?fileloc=//home/coludnqa/lscache/0/f/b/0fbb11be8b2e3202&path=//home/coludnqa/lscache/0/f/b HTTP/1.1" 200 665 "-" "Mozilla/5.0 (compatible; MJ12bot/v2.0.4; http://mj12bot.com/)"
51.68.102.1 - - [01/Dec/2025:00:25:17 -0500] "GET /58416f/?fileloc=//home/coludnqa/lscache/0/f/b/0fbb1558a5d42b51&path=//home/coludnqa/lscache/0/f/b HTTP/1.1" 200 665 "-" "Mozilla/5.0 (compatible; MJ12bot/v2.0.4; http://mj12bot.com/)"
81.167.26.57 - - [01/Dec/2025:00:25:17 -0500] "GET /58416f/?fileloc=//home/coludnqa/lscache/1/0/2/10212f74eb1b574a&path=//home/coludnqa/lscache/1/0/2 HTTP/1.1" 200 665 "-" "Mozilla/5.0 (compatible; MJ12bot/v1.4.8; http://mj12bot.com/)"
81.167.26.57 - - [01/Dec/2025:00:25:19 -0500] "GET /58416f/?fileloc=//home/coludnqa/lscache/1/0/2/1021488ba73a2815&path=//home/coludnqa/lscache/1/0/2 HTTP/1.1" 200 665 "-" "Mozilla/5.0 (compatible; MJ12bot/v1.4.8; http://mj12bot.com/)"
81.167.26.57 - - [01/Dec/2025:00:25:20 -0500] "GET /58416f/?fileloc=//home/coludnqa/lscache/1/0/2/1022b02a93907333&path=//home/coludnqa/lscache/1/0/2 HTTP/1.1" 200 665 "-" "Mozilla/5.0 (compatible; MJ12bot/v1.4.8; http://mj12bot.com/)"
81.167.26.57 - - [01/Dec/2025:00:25:22 -0500] "GET /58416f/?fileloc=//home/coludnqa/lscache/1/0/2/1022b5a214c3930d&path=//home/coludnqa/lscache/1/0/2 HTTP/1.1" 200 665 "-" "Mozilla/5.0 (compatible; MJ12bot/v1.4.8; http://mj12bot.com/)"
51.68.102.1 - - [01/Dec/2025:00:25:22 -0500] "GET /58416f/?fileloc=//home/coludnqa/lscache/0/f/b/0fbc359c1af91280&path=//home/coludnqa/lscache/0/f/b HTTP/1.1" 200 665 "-" "Mozilla/5.0 (compatible; MJ12bot/v2.0.4; http://mj12bot.com/)"
51.68.102.1 - - [01/Dec/2025:00:25:23 -0500] "GET /58416f/?fileloc=//home/coludnqa/lscache/0/f/b/0fbc3be71c1b3c3f&path=//home/coludnqa/lscache/0/f/b HTTP/1.1" 200 665 "-" "Mozilla/5.0 (compatible; MJ12bot/v2.0.4; http://mj12bot.com/)"
81.167.26.57 - - [01/Dec/2025:00:25:24 -0500] "GET /58416f/?fileloc=//home/coludnqa/lscache/1/0/2/1022f8b3db9ff166&path=//home/coludnqa/lscache/1/0/2 HTTP/1.1" 200 665 "-" "Mozilla/5.0 (compatible; MJ12bot/v1.4.8; http://mj12bot.com/)"
51.68.102.1 - - [01/Dec/2025:00:25:24 -0500] "GET /58416f/?fileloc=//home/coludnqa/lscache/0/f/b/0fbc5b60b3183a68&path=//home/coludnqa/lscache/0/f/b HTTP/1.1" 200 665 "-" "Mozilla/5.0 (compatible; MJ12bot/v2.0.4; http://mj12bot.com/)"
51.68.102.1 - - [01/Dec/2025:00:25:25 -0500] "GET /58416f/?fileloc=//home/coludnqa/lscache/0/f/b/0fbc75c8a70645d6&path=//home/coludnqa/lscache/0/f/b HTTP/1.1" 200 665 "-" "Mozilla/5.0 (compatible; MJ12bot/v2.0.4; http://mj12bot.com/)"
81.167.26.57 - - [01/Dec/2025:00:25:25 -0500] "GET /58416f/?fileloc=//home/coludnqa/lscache/1/0/2/1023024a385963e4&path=//home/coludnqa/lscache/1/0/2 HTTP/1.1" 200 665 "-" "Mozilla/5.0 (compatible; MJ12bot/v1.4.8; http://mj12bot.com/)"
51.68.102.1 - - [01/Dec/2025:00:25:26 -0500] "GET /58416f/?fileloc=//home/coludnqa/lscache/0/f/b/0fbc97e695e8fe87&path=//home/coludnqa/lscache/0/f/b HTTP/1.1" 200 665 "-" "Mozilla/5.0 (compatible; MJ12bot/v2.0.4; http://mj12bot.com/)"
81.167.26.57 - - [01/Dec/2025:00:25:27 -0500] "GET /58416f/?fileloc=//home/coludnqa/lscache/1/0/2/10233d6fad17ab7e&path=//home/coludnqa/lscache/1/0/2 HTTP/1.1" 200 665 "-" "Mozilla/5.0 (compatible; MJ12bot/v1.4.8; http://mj12bot.com/)"
51.68.102.1 - - [01/Dec/2025:00:25:27 -0500] "GET /58416f/?fileloc=//home/coludnqa/lscache/0/f/b/0fbcedfce9e0e674&path=//home/coludnqa/lscache/0/f/b HTTP/1.1" 200 665 "-" "Mozilla/5.0 (compatible; MJ12bot/v2.0.4; http://mj12bot.com/)"
81.167.26.57 - - [01/Dec/2025:00:25:28 -0500] "GET /58416f/?fileloc=//home/coludnqa/lscache/1/0/2/10235a8c055f0c17&path=//home/coludnqa/lscache/1/0/2 HTTP/1.1" 200 665 "-" "Mozilla/5.0 (compatible; MJ12bot/v1.4.8; http://mj12bot.com/)"
81.167.26.57 - - [01/Dec/2025:00:25:30 -0500] "GET /58416f/?fileloc=//home/coludnqa/lscache/1/0/2/1023c4f031c136f3&path=//home/coludnqa/lscache/1/0/2 HTTP/1.1" 200 665 "-" "Mozilla/5.0 (compatible; MJ12bot/v1.4.8; http://mj12bot.com/)"
81.167.26.57 - - [01/Dec/2025:00:25:32 -0500] "GET /58416f/?fileloc=//home/coludnqa/lscache/1/0/2/10242c93ad171bc0&path=//home/coludnqa/lscache/1/0/2 HTTP/1.1" 200 665 "-" "Mozilla/5.0 (compatible; MJ12bot/v1.4.8; http://mj12bot.com/)"
51.68.102.1 - - [01/Dec/2025:00:25:32 -0500] "GET /58416f/?fileloc=//home/coludnqa/lscache/0/f/b/0fbd5b81faf83bd6&path=//home/coludnqa/lscache/0/f/b HTTP/1.1" 200 665 "-" "Mozilla/5.0 (compatible; MJ12bot/v2.0.4; http://mj12bot.com/)"
51.68.102.1 - - [01/Dec/2025:00:25:33 -0500] "GET /58416f/?fileloc=//home/coludnqa/lscache/0/f/b/0fbd84e5547c2728&path=//home/coludnqa/lscache/0/f/b HTTP/1.1" 200 665 "-" "Mozilla/5.0 (compatible; MJ12bot/v2.0.4; http://mj12bot.com/)"
81.167.26.57 - - [01/Dec/2025:00:25:33 -0500] "GET /58416f/?fileloc=//home/coludnqa/lscache/1/0/2/102434c20ed9fcdc&path=//home/coludnqa/lscache/1/0/2 HTTP/1.1" 200 665 "-" "Mozilla/5.0 (compatible; MJ12bot/v1.4.8; http://mj12bot.com/)"
51.68.102.1 - - [01/Dec/2025:00:25:34 -0500] "GET /58416f/?fileloc=//home/coludnqa/lscache/0/f/b/0fbd9ab0e4c33ea8&path=//home/coludnqa/lscache/0/f/b HTTP/1.1" 200 665 "-" "Mozilla/5.0 (compatible; MJ12bot/v2.0.4; http://mj12bot.com/)"
51.68.102.1 - - [01/Dec/2025:00:25:35 -0500] "GET /58416f/?fileloc=//home/coludnqa/lscache/0/f/b/0fbda2f4017cb992&path=//home/coludnqa/lscache/0/f/b HTTP/1.1" 200 665 "-" "Mozilla/5.0 (compatible; MJ12bot/v2.0.4; http://mj12bot.com/)"
81.167.26.57 - - [01/Dec/2025:00:25:35 -0500] "GET /58416f/?fileloc=//home/coludnqa/lscache/1/0/2/10246de5e9561220&path=//home/coludnqa/lscache/1/0/2 HTTP/1.1" 200 665 "-" "Mozilla/5.0 (compatible; MJ12bot/v1.4.8; http://mj12bot.com/)"
51.68.102.1 - - [01/Dec/2025:00:25:36 -0500] "GET /58416f/?fileloc=//home/coludnqa/lscache/0/f/b/0fbdba490ec00946&path=//home/coludnqa/lscache/0/f/b HTTP/1.1" 200 665 "-" "Mozilla/5.0 (compatible; MJ12bot/v2.0.4; http://mj12bot.com/)"
81.167.26.57 - - [01/Dec/2025:00:25:37 -0500] "GET /58416f/?fileloc=//home/coludnqa/lscache/1/0/2/102479407749ba48&path=//home/coludnqa/lscache/1/0/2 HTTP/1.1" 200 665 "-" "Mozilla/5.0 (compatible; MJ12bot/v1.4.8; http://mj12bot.com/)"
51.68.102.1 - - [01/Dec/2025:00:25:37 -0500] "GET /58416f/?fileloc=//home/coludnqa/lscache/0/f/b/0fbde78a7d31cd41&path=//home/coludnqa/lscache/0/f/b HTTP/1.1" 200 665 "-" "Mozilla/5.0 (compatible; MJ12bot/v2.0.4; http://mj12bot.com/)"
81.167.26.57 - - [01/Dec/2025:00:25:38 -0500] "GET /58416f/?fileloc=//home/coludnqa/lscache/1/0/2/1024c3600d9177e2&path=//home/coludnqa/lscache/1/0/2 HTTP/1.1" 200 665 "-" "Mozilla/5.0 (compatible; MJ12bot/v1.4.8; http://mj12bot.com/)"
81.167.26.57 - - [01/Dec/2025:00:25:40 -0500] "GET /58416f/?fileloc=//home/coludnqa/lscache/1/0/2/1024d4c9a7361362&path=//home/coludnqa/lscache/1/0/2 HTTP/1.1" 200 665 "-" "Mozilla/5.0 (compatible; MJ12bot/v1.4.8; http://mj12bot.com/)"
81.167.26.57 - - [01/Dec/2025:00:25:41 -0500] "GET /58416f/?fileloc=//home/coludnqa/lscache/1/0/2/1024fbc213dacae9&path=//home/coludnqa/lscache/1/0/2 HTTP/1.1" 200 665 "-" "Mozilla/5.0 (compatible; MJ12bot/v1.4.8; http://mj12bot.com/)"
51.68.102.1 - - [01/Dec/2025:00:25:42 -0500] "GET /58416f/?fileloc=//home/coludnqa/lscache/0/f/b/0fbe1e7f6ea3c992&path=//home/coludnqa/lscache/0/f/b HTTP/1.1" 200 665 "-" "Mozilla/5.0 (compatible; MJ12bot/v2.0.4; http://mj12bot.com/)"
51.68.102.1 - - [01/Dec/2025:00:25:43 -0500] "GET /58416f/?fileloc=//home/coludnqa/lscache/0/f/b/0fbf4e28f966fc22&path=//home/coludnqa/lscache/0/f/b HTTP/1.1" 200 665 "-" "Mozilla/5.0 (compatible; MJ12bot/v2.0.4; http://mj12bot.com/)"
81.167.26.57 - - [01/Dec/2025:00:25:43 -0500] "GET /58416f/?fileloc=//home/coludnqa/lscache/1/0/2/102515dcf01d0232&path=//home/coludnqa/lscache/1/0/2 HTTP/1.1" 200 665 "-" "Mozilla/5.0 (compatible; MJ12bot/v1.4.8; http://mj12bot.com/)"
51.68.102.1 - - [01/Dec/2025:00:25:44 -0500] "GET /58416f/?fileloc=//home/coludnqa/lscache/0/f/b/0fbfbed6290552c0&path=//home/coludnqa/lscache/0/f/b HTTP/1.1" 200 665 "-" "Mozilla/5.0 (compatible; MJ12bot/v2.0.4; http://mj12bot.com/)"
81.167.26.57 - - [01/Dec/2025:00:25:45 -0500] "GET /58416f/?fileloc=//home/coludnqa/lscache/1/0/2/10254328e3722354&path=//home/coludnqa/lscache/1/0/2 HTTP/1.1" 200 665 "-" "Mozilla/5.0 (compatible; MJ12bot/v1.4.8; http://mj12bot.com/)"
51.68.102.1 - - [01/Dec/2025:00:25:45 -0500] "GET /58416f/?fileloc=//home/coludnqa/lscache/0/f/c/0fc08779a52ee355&path=//home/coludnqa/lscache/0/f/c HTTP/1.1" 200 665 "-" "Mozilla/5.0 (compatible; MJ12bot/v2.0.4; http://mj12bot.com/)"
51.68.102.1 - - [01/Dec/2025:00:25:46 -0500] "GET /58416f/?fileloc=//home/coludnqa/lscache/0/f/c/0fc120efd848f4ce&path=//home/coludnqa/lscache/0/f/c HTTP/1.1" 200 665 "-" "Mozilla/5.0 (compatible; MJ12bot/v2.0.4; http://mj12bot.com/)"
81.167.26.57 - - [01/Dec/2025:00:25:46 -0500] "GET /58416f/?fileloc=//home/coludnqa/lscache/1/0/2/102571abafd58bc4&path=//home/coludnqa/lscache/1/0/2 HTTP/1.1" 200 665 "-" "Mozilla/5.0 (compatible; MJ12bot/v1.4.8; http://mj12bot.com/)"
51.68.102.1 - - [01/Dec/2025:00:25:47 -0500] "GET /58416f/?fileloc=//home/coludnqa/lscache/0/f/c/0fc1298733855817&path=//home/coludnqa/lscache/0/f/c HTTP/1.1" 200 665 "-" "Mozilla/5.0 (compatible; MJ12bot/v2.0.4; http://mj12bot.com/)"
81.167.26.57 - - [01/Dec/2025:00:25:48 -0500] "GET /58416f/?fileloc=//home/coludnqa/lscache/1/0/2/1025a3fe85f443e0&path=//home/coludnqa/lscache/1/0/2 HTTP/1.1" 200 665 "-" "Mozilla/5.0 (compatible; MJ12bot/v1.4.8; http://mj12bot.com/)"
81.167.26.57 - - [01/Dec/2025:00:25:50 -0500] "GET /58416f/?fileloc=//home/coludnqa/lscache/1/0/2/1025a9b8e527cfc1&path=//home/coludnqa/lscache/1/0/2 HTTP/1.1" 200 665 "-" "Mozilla/5.0 (compatible; MJ12bot/v1.4.8; http://mj12bot.com/)"
81.167.26.57 - - [01/Dec/2025:00:25:51 -0500] "GET /58416f/?fileloc=//home/coludnqa/lscache/1/0/2/10260615b862a8e9&path=//home/coludnqa/lscache/1/0/2 HTTP/1.1" 200 665 "-" "Mozilla/5.0 (compatible; MJ12bot/v1.4.8; http://mj12bot.com/)"
51.68.102.1 - - [01/Dec/2025:00:25:52 -0500] "GET /58416f/?fileloc=//home/coludnqa/lscache/0/f/c/0fc136610ee45c85&path=//home/coludnqa/lscache/0/f/c HTTP/1.1" 200 665 "-" "Mozilla/5.0 (compatible; MJ12bot/v2.0.4; http://mj12bot.com/)"
81.167.26.57 - - [01/Dec/2025:00:25:53 -0500] "GET /58416f/?fileloc=//home/coludnqa/lscache/1/0/2/10262fe4e9828058&path=//home/coludnqa/lscache/1/0/2 HTTP/1.1" 200 665 "-" "Mozilla/5.0 (compatible; MJ12bot/v1.4.8; http://mj12bot.com/)"
51.68.102.1 - - [01/Dec/2025:00:25:53 -0500] "GET /58416f/?fileloc=//home/coludnqa/lscache/0/f/c/0fc305835abc245a&path=//home/coludnqa/lscache/0/f/c HTTP/1.1" 200 665 "-" "Mozilla/5.0 (compatible; MJ12bot/v2.0.4; http://mj12bot.com/)"
51.68.102.1 - - [01/Dec/2025:00:25:54 -0500] "GET /58416f/?fileloc=//home/coludnqa/lscache/0/f/c/0fc31d8397108d4e&path=//home/coludnqa/lscache/0/f/c HTTP/1.1" 200 665 "-" "Mozilla/5.0 (compatible; MJ12bot/v2.0.4; http://mj12bot.com/)"
81.167.26.57 - - [01/Dec/2025:00:25:55 -0500] "GET /58416f/?fileloc=//home/coludnqa/lscache/1/0/2/10266369d7a2b362&path=//home/coludnqa/lscache/1/0/2 HTTP/1.1" 200 665 "-" "Mozilla/5.0 (compatible; MJ12bot/v1.4.8; http://mj12bot.com/)"
51.68.102.1 - - [01/Dec/2025:00:25:55 -0500] "GET /58416f/?fileloc=//home/coludnqa/lscache/0/f/c/0fc3338898120626&path=//home/coludnqa/lscache/0/f/c HTTP/1.1" 200 665 "-" "Mozilla/5.0 (compatible; MJ12bot/v2.0.4; http://mj12bot.com/)"
51.68.102.1 - - [01/Dec/2025:00:25:56 -0500] "GET /58416f/?fileloc=//home/coludnqa/lscache/0/f/c/0fc3b478428c1bc3&path=//home/coludnqa/lscache/0/f/c HTTP/1.1" 200 665 "-" "Mozilla/5.0 (compatible; MJ12bot/v2.0.4; http://mj12bot.com/)"
81.167.26.57 - - [01/Dec/2025:00:25:56 -0500] "GET /58416f/?fileloc=//home/coludnqa/lscache/1/0/2/10272f00a0fbbc57&path=//home/coludnqa/lscache/1/0/2 HTTP/1.1" 200 665 "-" "Mozilla/5.0 (compatible; MJ12bot/v1.4.8; http://mj12bot.com/)"
51.68.102.1 - - [01/Dec/2025:00:25:57 -0500] "GET /58416f/?fileloc=//home/coludnqa/lscache/0/f/c/0fc51b4fb693499c&path=//home/coludnqa/lscache/0/f/c HTTP/1.1" 200 665 "-" "Mozilla/5.0 (compatible; MJ12bot/v2.0.4; http://mj12bot.com/)"
81.167.26.57 - - [01/Dec/2025:00:25:58 -0500] "GET /58416f/?fileloc=//home/coludnqa/lscache/1/0/2/10273a6fde7c7394&path=//home/coludnqa/lscache/1/0/2 HTTP/1.1" 200 665 "-" "Mozilla/5.0 (compatible; MJ12bot/v1.4.8; http://mj12bot.com/)"
81.167.26.57 - - [01/Dec/2025:00:25:59 -0500] "GET /58416f/?fileloc=//home/coludnqa/lscache/1/0/2/1027649b7f325f58&path=//home/coludnqa/lscache/1/0/2 HTTP/1.1" 200 665 "-" "Mozilla/5.0 (compatible; MJ12bot/v1.4.8; http://mj12bot.com/)"
81.167.26.57 - - [01/Dec/2025:00:26:01 -0500] "GET /58416f/?fileloc=//home/coludnqa/lscache/1/0/2/1027bf3d4bfc877f&path=//home/coludnqa/lscache/1/0/2 HTTP/1.1" 200 665 "-" "Mozilla/5.0 (compatible; MJ12bot/v1.4.8; http://mj12bot.com/)"
51.68.102.1 - - [01/Dec/2025:00:26:02 -0500] "GET /58416f/?fileloc=//home/coludnqa/lscache/0/f/c/0fc6627e71219761&path=//home/coludnqa/lscache/0/f/c HTTP/1.1" 200 665 "-" "Mozilla/5.0 (compatible; MJ12bot/v2.0.4; http://mj12bot.com/)"
81.167.26.57 - - [01/Dec/2025:00:26:03 -0500] "GET /58416f/?fileloc=//home/coludnqa/lscache/1/0/2/1027cdc5626408ba&path=//home/coludnqa/lscache/1/0/2 HTTP/1.1" 200 665 "-" "Mozilla/5.0 (compatible; MJ12bot/v1.4.8; http://mj12bot.com/)"
81.167.26.57 - - [01/Dec/2025:00:26:04 -0500] "GET /58416f/?fileloc=//home/coludnqa/lscache/1/0/2/1027d8e15ecdfeb2&path=//home/coludnqa/lscache/1/0/2 HTTP/1.1" 200 665 "-" "Mozilla/5.0 (compatible; MJ12bot/v1.4.8; http://mj12bot.com/)"
81.167.26.57 - - [01/Dec/2025:00:26:06 -0500] "GET /58416f/?fileloc=//home/coludnqa/lscache/1/0/2/1027f2af32d0f0f6&path=//home/coludnqa/lscache/1/0/2 HTTP/1.1" 200 665 "-" "Mozilla/5.0 (compatible; MJ12bot/v1.4.8; http://mj12bot.com/)"
81.167.26.57 - - [01/Dec/2025:00:26:08 -0500] "GET /58416f/?fileloc=//home/coludnqa/lscache/1/0/2/102836b65c125fa1&path=//home/coludnqa/lscache/1/0/2 HTTP/1.1" 200 665 "-" "Mozilla/5.0 (compatible; MJ12bot/v1.4.8; http://mj12bot.com/)"
81.167.26.57 - - [01/Dec/2025:00:26:09 -0500] "GET /58416f/?fileloc=//home/coludnqa/lscache/1/0/2/10286eb2bd18d644&path=//home/coludnqa/lscache/1/0/2 HTTP/1.1" 200 665 "-" "Mozilla/5.0 (compatible; MJ12bot/v1.4.8; http://mj12bot.com/)"
81.167.26.57 - - [01/Dec/2025:00:26:11 -0500] "GET /58416f/?fileloc=//home/coludnqa/lscache/1/0/2/1028a539d238b6f2&path=//home/coludnqa/lscache/1/0/2 HTTP/1.1" 200 665 "-" "Mozilla/5.0 (compatible; MJ12bot/v1.4.8; http://mj12bot.com/)"
81.167.26.57 - - [01/Dec/2025:00:26:13 -0500] "GET /58416f/?fileloc=//home/coludnqa/lscache/1/0/2/10292aa5303ad90f&path=//home/coludnqa/lscache/1/0/2 HTTP/1.1" 200 665 "-" "Mozilla/5.0 (compatible; MJ12bot/v1.4.8; http://mj12bot.com/)"
81.167.26.57 - - [01/Dec/2025:00:26:14 -0500] "GET /58416f/?fileloc=//home/coludnqa/lscache/1/0/2/102933b978c22a5d&path=//home/coludnqa/lscache/1/0/2 HTTP/1.1" 200 665 "-" "Mozilla/5.0 (compatible; MJ12bot/v1.4.8; http://mj12bot.com/)"
81.167.26.57 - - [01/Dec/2025:00:26:16 -0500] "GET /58416f/?fileloc=//home/coludnqa/lscache/1/0/2/102933e8647b18e8&path=//home/coludnqa/lscache/1/0/2 HTTP/1.1" 200 665 "-" "Mozilla/5.0 (compatible; MJ12bot/v1.4.8; http://mj12bot.com/)"
81.167.26.57 - - [01/Dec/2025:00:26:18 -0500] "GET /58416f/?fileloc=//home/coludnqa/lscache/1/0/2/1029836d942a33c5&path=//home/coludnqa/lscache/1/0/2 HTTP/1.1" 200 665 "-" "Mozilla/5.0 (compatible; MJ12bot/v1.4.8; http://mj12bot.com/)"
81.167.26.57 - - [01/Dec/2025:00:26:19 -0500] "GET /58416f/?fileloc=//home/coludnqa/lscache/1/0/2/1029f71ccf0c73e6&path=//home/coludnqa/lscache/1/0/2 HTTP/1.1" 200 665 "-" "Mozilla/5.0 (compatible; MJ12bot/v1.4.8; http://mj12bot.com/)"
81.167.26.57 - - [01/Dec/2025:00:26:21 -0500] "GET /58416f/?fileloc=//home/coludnqa/lscache/1/0/2/102a37cd3b7c2f2e&path=//home/coludnqa/lscache/1/0/2 HTTP/1.1" 200 665 "-" "Mozilla/5.0 (compatible; MJ12bot/v1.4.8; http://mj12bot.com/)"
81.167.26.57 - - [01/Dec/2025:00:26:22 -0500] "GET /58416f/?fileloc=//home/coludnqa/lscache/1/0/2/102a433fc75a8ba1&path=//home/coludnqa/lscache/1/0/2 HTTP/1.1" 200 665 "-" "Mozilla/5.0 (compatible; MJ12bot/v1.4.8; http://mj12bot.com/)"
81.167.26.57 - - [01/Dec/2025:00:26:24 -0500] "GET /58416f/?fileloc=//home/coludnqa/lscache/1/0/2/102a86fb8776fb1d&path=//home/coludnqa/lscache/1/0/2 HTTP/1.1" 200 665 "-" "Mozilla/5.0 (compatible; MJ12bot/v1.4.8; http://mj12bot.com/)"
81.167.26.57 - - [01/Dec/2025:00:26:26 -0500] "GET /58416f/?fileloc=//home/coludnqa/lscache/1/0/2/102ab053583f6123&path=//home/coludnqa/lscache/1/0/2 HTTP/1.1" 200 665 "-" "Mozilla/5.0 (compatible; MJ12bot/v1.4.8; http://mj12bot.com/)"
81.167.26.57 - - [01/Dec/2025:00:26:27 -0500] "GET /58416f/?fileloc=//home/coludnqa/lscache/1/0/2/102ac8df2f32565c&path=//home/coludnqa/lscache/1/0/2 HTTP/1.1" 200 665 "-" "Mozilla/5.0 (compatible; MJ12bot/v1.4.8; http://mj12bot.com/)"
81.167.26.57 - - [01/Dec/2025:00:26:29 -0500] "GET /58416f/?fileloc=//home/coludnqa/lscache/1/0/2/102b210b09e6ac7b&path=//home/coludnqa/lscache/1/0/2 HTTP/1.1" 200 665 "-" "Mozilla/5.0 (compatible; MJ12bot/v1.4.8; http://mj12bot.com/)"
81.167.26.57 - - [01/Dec/2025:00:26:31 -0500] "GET /58416f/?fileloc=//home/coludnqa/lscache/1/0/2/102b4c790b81c6b6&path=//home/coludnqa/lscache/1/0/2 HTTP/1.1" 200 665 "-" "Mozilla/5.0 (compatible; MJ12bot/v1.4.8; http://mj12bot.com/)"
81.167.26.57 - - [01/Dec/2025:00:26:32 -0500] "GET /58416f/?fileloc=//home/coludnqa/lscache/1/0/2/102ba2f1a02c3255&path=//home/coludnqa/lscache/1/0/2 HTTP/1.1" 200 665 "-" "Mozilla/5.0 (compatible; MJ12bot/v1.4.8; http://mj12bot.com/)"
81.167.26.57 - - [01/Dec/2025:00:26:34 -0500] "GET /58416f/?fileloc=//home/coludnqa/lscache/1/0/2/102bbbdd7b41e641&path=//home/coludnqa/lscache/1/0/2 HTTP/1.1" 200 665 "-" "Mozilla/5.0 (compatible; MJ12bot/v1.4.8; http://mj12bot.com/)"
81.167.26.57 - - [01/Dec/2025:00:26:36 -0500] "GET /58416f/?fileloc=//home/coludnqa/lscache/1/0/2/102bbe1769e00f67&path=//home/coludnqa/lscache/1/0/2 HTTP/1.1" 200 665 "-" "Mozilla/5.0 (compatible; MJ12bot/v1.4.8; http://mj12bot.com/)"
216.73.216.155 - - [01/Dec/2025:00:31:23 -0500] "GET /wp-includes/js/dist/redux-routine.js HTTP/1.1" 200 5229 "-" "Mozilla/5.0 AppleWebKit/537.36 (KHTML, like Gecko; compatible; ClaudeBot/1.0; +claudebot@anthropic.com)"
216.73.216.155 - - [01/Dec/2025:00:31:24 -0500] "GET /wp-includes/js/jquery/ui/effect-clip.min.js HTTP/1.1" 200 410 "-" "Mozilla/5.0 AppleWebKit/537.36 (KHTML, like Gecko; compatible; ClaudeBot/1.0; +claudebot@anthropic.com)"
216.73.216.155 - - [01/Dec/2025:00:31:24 -0500] "GET /wp-includes/widgets/class-wp-widget-custom-html.php HTTP/1.1" 500 0 "-" "Mozilla/5.0 AppleWebKit/537.36 (KHTML, like Gecko; compatible; ClaudeBot/1.0; +claudebot@anthropic.com)"
216.73.216.155 - - [01/Dec/2025:00:31:35 -0500] "GET /wp-includes/js/dist/reusable-blocks.js HTTP/1.1" 200 4560 "-" "Mozilla/5.0 AppleWebKit/537.36 (KHTML, like Gecko; compatible; ClaudeBot/1.0; +claudebot@anthropic.com)"
216.73.216.155 - - [01/Dec/2025:00:31:36 -0500] "GET /wp-includes/js/dist/api-fetch.min.js HTTP/1.1" 200 2294 "-" "Mozilla/5.0 AppleWebKit/537.36 (KHTML, like Gecko; compatible; ClaudeBot/1.0; +claudebot@anthropic.com)"
216.73.216.155 - - [01/Dec/2025:00:31:36 -0500] "GET /wp-includes/rest-api/endpoints/class-wp-rest-controller.php HTTP/1.1" 200 0 "-" "Mozilla/5.0 AppleWebKit/537.36 (KHTML, like Gecko; compatible; ClaudeBot/1.0; +claudebot@anthropic.com)"
216.73.216.155 - - [01/Dec/2025:00:32:37 -0500] "GET /wp-admin/js/accordion.js HTTP/1.1" 200 921 "-" "Mozilla/5.0 AppleWebKit/537.36 (KHTML, like Gecko; compatible; ClaudeBot/1.0; +claudebot@anthropic.com)"
216.73.216.155 - - [01/Dec/2025:00:32:37 -0500] "GET /wp-includes/customize/class-wp-customize-new-menu-section.php HTTP/1.1" 500 0 "-" "Mozilla/5.0 AppleWebKit/537.36 (KHTML, like Gecko; compatible; ClaudeBot/1.0; +claudebot@anthropic.com)"
216.73.216.155 - - [01/Dec/2025:00:32:37 -0500] "GET /wp-includes/widgets/class-wp-nav-menu-widget.php HTTP/1.1" 500 0 "-" "Mozilla/5.0 AppleWebKit/537.36 (KHTML, like Gecko; compatible; ClaudeBot/1.0; +claudebot@anthropic.com)"
216.73.216.155 - - [01/Dec/2025:00:33:24 -0500] "GET /wp-includes/js/dist/plugins.min.js HTTP/1.1" 200 1758 "-" "Mozilla/5.0 AppleWebKit/537.36 (KHTML, like Gecko; compatible; ClaudeBot/1.0; +claudebot@anthropic.com)"
216.73.216.155 - - [01/Dec/2025:00:33:25 -0500] "GET /wp-admin/css/code-editor-rtl.css HTTP/1.1" 200 482 "-" "Mozilla/5.0 AppleWebKit/537.36 (KHTML, like Gecko; compatible; ClaudeBot/1.0; +claudebot@anthropic.com)"
216.73.216.155 - - [01/Dec/2025:00:34:32 -0500] "GET /wp-admin/js/customize-nav-menus.min.js HTTP/1.1" 200 11631 "-" "Mozilla/5.0 AppleWebKit/537.36 (KHTML, like Gecko; compatible; ClaudeBot/1.0; +claudebot@anthropic.com)"
216.73.216.155 - - [01/Dec/2025:00:34:33 -0500] "GET /wp-admin/js/editor-expand.js HTTP/1.1" 200 9674 "-" "Mozilla/5.0 AppleWebKit/537.36 (KHTML, like Gecko; compatible; ClaudeBot/1.0; +claudebot@anthropic.com)"
216.73.216.155 - - [01/Dec/2025:00:34:33 -0500] "GET /wp-admin/js/user-profile.js HTTP/1.1" 200 4508 "-" "Mozilla/5.0 AppleWebKit/537.36 (KHTML, like Gecko; compatible; ClaudeBot/1.0; +claudebot@anthropic.com)"
216.73.216.155 - - [01/Dec/2025:00:35:01 -0500] "GET /wp-includes/js/jquery/ui/effect-bounce.min.js HTTP/1.1" 200 548 "-" "Mozilla/5.0 AppleWebKit/537.36 (KHTML, like Gecko; compatible; ClaudeBot/1.0; +claudebot@anthropic.com)"
216.73.216.155 - - [01/Dec/2025:00:35:01 -0500] "GET /wp-admin/js/comment.js HTTP/1.1" 200 983 "-" "Mozilla/5.0 AppleWebKit/537.36 (KHTML, like Gecko; compatible; ClaudeBot/1.0; +claudebot@anthropic.com)"
216.73.216.155 - - [01/Dec/2025:00:35:53 -0500] "GET /wp-includes/customize/class-wp-customize-new-menu-control.php HTTP/1.1" 500 0 "-" "Mozilla/5.0 AppleWebKit/537.36 (KHTML, like Gecko; compatible; ClaudeBot/1.0; +claudebot@anthropic.com)"
216.73.216.155 - - [01/Dec/2025:00:35:53 -0500] "GET /wp-includes/widgets/class-wp-widget-recent-comments.php HTTP/1.1" 500 0 "-" "Mozilla/5.0 AppleWebKit/537.36 (KHTML, like Gecko; compatible; ClaudeBot/1.0; +claudebot@anthropic.com)"
216.73.216.155 - - [01/Dec/2025:00:35:54 -0500] "GET /wp-includes/js/dist/style-engine.js HTTP/1.1" 200 10290 "-" "Mozilla/5.0 AppleWebKit/537.36 (KHTML, like Gecko; compatible; ClaudeBot/1.0; +claudebot@anthropic.com)"
216.73.216.155 - - [01/Dec/2025:00:37:49 -0500] "GET /wp-includes/js/jquery/ui/droppable.min.js HTTP/1.1" 200 1913 "-" "Mozilla/5.0 AppleWebKit/537.36 (KHTML, like Gecko; compatible; ClaudeBot/1.0; +claudebot@anthropic.com)"
216.73.216.155 - - [01/Dec/2025:00:37:50 -0500] "GET /wp-includes/Text/Diff/Engine HTTP/1.1" 301 795 "-" "Mozilla/5.0 AppleWebKit/537.36 (KHTML, like Gecko; compatible; ClaudeBot/1.0; +claudebot@anthropic.com)"
216.73.216.155 - - [01/Dec/2025:00:37:50 -0500] "GET /wp-includes/Text/Diff/Engine/ HTTP/1.1" 200 712 "https://xtrasolutionsco.com/wp-includes/Text/Diff/Engine" "Mozilla/5.0 AppleWebKit/537.36 (KHTML, like Gecko; compatible; ClaudeBot/1.0; +claudebot@anthropic.com)"
216.73.216.155 - - [01/Dec/2025:00:37:50 -0500] "GET /wp-includes/widgets/class-wp-widget-text.php HTTP/1.1" 500 0 "-" "Mozilla/5.0 AppleWebKit/537.36 (KHTML, like Gecko; compatible; ClaudeBot/1.0; +claudebot@anthropic.com)"
216.73.216.155 - - [01/Dec/2025:00:38:02 -0500] "GET /wp-includes/widgets/class-wp-widget-recent-posts.php HTTP/1.1" 500 0 "-" "Mozilla/5.0 AppleWebKit/537.36 (KHTML, like Gecko; compatible; ClaudeBot/1.0; +claudebot@anthropic.com)"
216.73.216.155 - - [01/Dec/2025:00:38:03 -0500] "GET /wp-includes/widgets/class-wp-widget-links.php HTTP/1.1" 500 0 "-" "Mozilla/5.0 AppleWebKit/537.36 (KHTML, like Gecko; compatible; ClaudeBot/1.0; +claudebot@anthropic.com)"
216.73.216.155 - - [01/Dec/2025:00:38:53 -0500] "GET /wp-admin/includes/class-wp-filesystem-ftpext.php HTTP/1.1" 500 0 "-" "Mozilla/5.0 AppleWebKit/537.36 (KHTML, like Gecko; compatible; ClaudeBot/1.0; +claudebot@anthropic.com)"
216.73.216.155 - - [01/Dec/2025:00:38:53 -0500] "GET /wp-admin/includes/class-wp-community-events.php HTTP/1.1" 200 0 "-" "Mozilla/5.0 AppleWebKit/537.36 (KHTML, like Gecko; compatible; ClaudeBot/1.0; +claudebot@anthropic.com)"
216.73.216.155 - - [01/Dec/2025:00:38:54 -0500] "GET /wp-admin/js/privacy-tools.min.js HTTP/1.1" 200 1543 "-" "Mozilla/5.0 AppleWebKit/537.36 (KHTML, like Gecko; compatible; ClaudeBot/1.0; +claudebot@anthropic.com)"
216.73.216.155 - - [01/Dec/2025:00:38:54 -0500] "GET /wp-admin/includes/menu.php HTTP/1.1" 500 0 "-" "Mozilla/5.0 AppleWebKit/537.36 (KHTML, like Gecko; compatible; ClaudeBot/1.0; +claudebot@anthropic.com)"
216.73.216.155 - - [01/Dec/2025:00:38:55 -0500] "GET /wp-admin/js/updates.min.js HTTP/1.1" 200 9904 "-" "Mozilla/5.0 AppleWebKit/537.36 (KHTML, like Gecko; compatible; ClaudeBot/1.0; +claudebot@anthropic.com)"
216.73.216.155 - - [01/Dec/2025:00:38:55 -0500] "GET /wp-includes/SimplePie/src/Core.php HTTP/1.1" 500 0 "-" "Mozilla/5.0 AppleWebKit/537.36 (KHTML, like Gecko; compatible; ClaudeBot/1.0; +claudebot@anthropic.com)"
216.73.216.155 - - [01/Dec/2025:00:38:56 -0500] "GET /wp-admin/js/word-count.min.js HTTP/1.1" 200 629 "-" "Mozilla/5.0 AppleWebKit/537.36 (KHTML, like Gecko; compatible; ClaudeBot/1.0; +claudebot@anthropic.com)"
216.73.216.155 - - [01/Dec/2025:00:38:56 -0500] "GET /wp-includes/js/dist/viewport.min.js HTTP/1.1" 200 901 "-" "Mozilla/5.0 AppleWebKit/537.36 (KHTML, like Gecko; compatible; ClaudeBot/1.0; +claudebot@anthropic.com)"
216.73.216.155 - - [01/Dec/2025:00:39:33 -0500] "GET /58416f/ycc.php?dir=%2Fhome%2Fcoludnqa%2Fxtrasolutionsco.com&open=%2Fhome%2Fcoludnqa%2Fxtrasolutionsco.com%2Fwp-signup.php HTTP/1.1" 200 1668 "-" "Mozilla/5.0 AppleWebKit/537.36 (KHTML, like Gecko; compatible; ClaudeBot/1.0; +claudebot@anthropic.com)"
216.73.216.155 - - [01/Dec/2025:00:39:33 -0500] "GET /wp-admin/css/customize-nav-menus-rtl.min.css HTTP/1.1" 200 3238 "-" "Mozilla/5.0 AppleWebKit/537.36 (KHTML, like Gecko; compatible; ClaudeBot/1.0; +claudebot@anthropic.com)"
216.73.216.155 - - [01/Dec/2025:00:39:34 -0500] "GET /wp-admin/includes/theme-install.php HTTP/1.1" 200 0 "-" "Mozilla/5.0 AppleWebKit/537.36 (KHTML, like Gecko; compatible; ClaudeBot/1.0; +claudebot@anthropic.com)"
216.73.216.155 - - [01/Dec/2025:00:39:34 -0500] "GET /58416f/ycc.php?dir=%2Fhome%2Fcoludnqa%2Fxtrasolutionsco.com%2Fwp-activate.php&wibu=rename HTTP/1.1" 200 1202 "-" "Mozilla/5.0 AppleWebKit/537.36 (KHTML, like Gecko; compatible; ClaudeBot/1.0; +claudebot@anthropic.com)"
216.73.216.155 - - [01/Dec/2025:00:39:35 -0500] "GET /58416f/ycc.php?delete=%2Fhome%2Fcoludnqa%2Fxtrasolutionsco.com%2Frobots.txt&dir=%2Fhome%2Fcoludnqa%2Fxtrasolutionsco.com HTTP/1.1" 200 1667 "-" "Mozilla/5.0 AppleWebKit/537.36 (KHTML, like Gecko; compatible; ClaudeBot/1.0; +claudebot@anthropic.com)"
216.73.216.155 - - [01/Dec/2025:00:39:35 -0500] "GET /wp-includes/css/dist/widgets HTTP/1.1" 301 795 "-" "Mozilla/5.0 AppleWebKit/537.36 (KHTML, like Gecko; compatible; ClaudeBot/1.0; +claudebot@anthropic.com)"
216.73.216.155 - - [01/Dec/2025:00:39:35 -0500] "GET /wp-includes/css/dist/widgets/ HTTP/1.1" 200 679 "https://xtrasolutionsco.com/wp-includes/css/dist/widgets" "Mozilla/5.0 AppleWebKit/537.36 (KHTML, like Gecko; compatible; ClaudeBot/1.0; +claudebot@anthropic.com)"
216.73.216.155 - - [01/Dec/2025:00:39:36 -0500] "GET /wp-includes/block-supports/generated-classname.php HTTP/1.1" 500 0 "-" "Mozilla/5.0 AppleWebKit/537.36 (KHTML, like Gecko; compatible; ClaudeBot/1.0; +claudebot@anthropic.com)"
216.73.216.155 - - [01/Dec/2025:00:39:36 -0500] "GET /wp-admin/css/list-tables-rtl.css HTTP/1.1" 200 8648 "-" "Mozilla/5.0 AppleWebKit/537.36 (KHTML, like Gecko; compatible; ClaudeBot/1.0; +claudebot@anthropic.com)"
216.73.216.155 - - [01/Dec/2025:00:39:43 -0500] "GET /58416f/ycc.php?dir=%2Fhome%2Fcoludnqa%2Fxtrasolutionsco.com%2Fwp-admin HTTP/1.1" 200 4014 "-" "Mozilla/5.0 AppleWebKit/537.36 (KHTML, like Gecko; compatible; ClaudeBot/1.0; +claudebot@anthropic.com)"
216.73.216.155 - - [01/Dec/2025:00:39:44 -0500] "GET /58416f/ycc.php?dir=%2Fhome%2Fcoludnqa%2Fxtrasolutionsco.com&ubah=%2Fhome%2Fcoludnqa%2Fxtrasolutionsco.com%2F.hcflag HTTP/1.1" 200 1728 "-" "Mozilla/5.0 AppleWebKit/537.36 (KHTML, like Gecko; compatible; ClaudeBot/1.0; +claudebot@anthropic.com)"
216.73.216.155 - - [01/Dec/2025:00:39:44 -0500] "GET /58416f/ycc.php?dir=%2Fhome%2Fcoludnqa%2Fxtrasolutionsco.com&ubah=%2Fhome%2Fcoludnqa%2Fxtrasolutionsco.com%2F.htaccess.bk HTTP/1.1" 403 1242 "-" "Mozilla/5.0 AppleWebKit/537.36 (KHTML, like Gecko; compatible; ClaudeBot/1.0; +claudebot@anthropic.com)"
216.73.216.155 - - [01/Dec/2025:00:39:45 -0500] "GET /wp-includes/css/dist/patterns/style-rtl.css HTTP/1.1" 200 619 "-" "Mozilla/5.0 AppleWebKit/537.36 (KHTML, like Gecko; compatible; ClaudeBot/1.0; +claudebot@anthropic.com)"
216.73.216.155 - - [01/Dec/2025:00:39:45 -0500] "GET /58416f/ycc.php?dir=%2Fhome%2Fcoludnqa%2Fxtrasolutionsco.com%2Ferror_log&wibu=rename HTTP/1.1" 200 1195 "-" "Mozilla/5.0 AppleWebKit/537.36 (KHTML, like Gecko; compatible; ClaudeBot/1.0; +claudebot@anthropic.com)"
216.73.216.155 - - [01/Dec/2025:00:39:46 -0500] "GET /wp-includes/js/dist/vendor/wp-polyfill.min.js HTTP/1.1" 200 14134 "-" "Mozilla/5.0 AppleWebKit/537.36 (KHTML, like Gecko; compatible; ClaudeBot/1.0; +claudebot@anthropic.com)"
216.73.216.155 - - [01/Dec/2025:00:39:46 -0500] "GET /58416f/ycc.php?dir=%2Fhome%2Fcoludnqa%2Fxtrasolutionsco.com&ubah=%2Fhome%2Fcoludnqa%2Fxtrasolutionsco.com%2F.htaccess HTTP/1.1" 403 1242 "-" "Mozilla/5.0 AppleWebKit/537.36 (KHTML, like Gecko; compatible; ClaudeBot/1.0; +claudebot@anthropic.com)"
216.73.216.155 - - [01/Dec/2025:00:39:47 -0500] "GET /58416f/ycc.php?dir=%2Fhome%2Fcoludnqa%2Fxtrasolutionsco.com%2Frobots.txt&wibu=rename HTTP/1.1" 200 1193 "-" "Mozilla/5.0 AppleWebKit/537.36 (KHTML, like Gecko; compatible; ClaudeBot/1.0; +claudebot@anthropic.com)"
216.73.216.155 - - [01/Dec/2025:00:40:40 -0500] "GET /58416f/ycc.php?dir=%2Fhome%2Fcoludnqa%2Fxtrasolutionsco.com%2Freadme.html&wibu=rename HTTP/1.1" 200 1195 "-" "Mozilla/5.0 AppleWebKit/537.36 (KHTML, like Gecko; compatible; ClaudeBot/1.0; +claudebot@anthropic.com)"
216.73.216.155 - - [01/Dec/2025:00:40:40 -0500] "GET /wp-includes/css/dist/edit-site HTTP/1.1" 301 795 "-" "Mozilla/5.0 AppleWebKit/537.36 (KHTML, like Gecko; compatible; ClaudeBot/1.0; +claudebot@anthropic.com)"
216.73.216.155 - - [01/Dec/2025:00:40:41 -0500] "GET /wp-includes/css/dist/edit-site/ HTTP/1.1" 200 1046 "https://xtrasolutionsco.com/wp-includes/css/dist/edit-site" "Mozilla/5.0 AppleWebKit/537.36 (KHTML, like Gecko; compatible; ClaudeBot/1.0; +claudebot@anthropic.com)"
216.73.216.155 - - [01/Dec/2025:00:40:41 -0500] "GET /58416f/ycc.php?dir=%2Fhome%2Fcoludnqa%2Fxtrasolutionsco.com&open=%2Fhome%2Fcoludnqa%2Fxtrasolutionsco.com%2Flicense.txt HTTP/1.1" 200 1631 "-" "Mozilla/5.0 AppleWebKit/537.36 (KHTML, like Gecko; compatible; ClaudeBot/1.0; +claudebot@anthropic.com)"
216.73.216.155 - - [01/Dec/2025:00:40:41 -0500] "GET /58416f/ycc.php?delete=%2Fhome%2Fcoludnqa%2Fxtrasolutionsco.com%2F.hcflag&dir=%2Fhome%2Fcoludnqa%2Fxtrasolutionsco.com HTTP/1.1" 200 1633 "-" "Mozilla/5.0 AppleWebKit/537.36 (KHTML, like Gecko; compatible; ClaudeBot/1.0; +claudebot@anthropic.com)"
216.73.216.155 - - [01/Dec/2025:00:40:42 -0500] "GET /58416f/ycc.php?delete=%2Fhome%2Fcoludnqa%2Fxtrasolutionsco.com%2Fgoogle436b2445eec6ca55.html&dir=%2Fhome%2Fcoludnqa%2Fxtrasolutionsco.com HTTP/1.1" 200 1602 "-" "Mozilla/5.0 AppleWebKit/537.36 (KHTML, like Gecko; compatible; ClaudeBot/1.0; +claudebot@anthropic.com)"
216.73.216.155 - - [01/Dec/2025:00:40:42 -0500] "GET /58416f/ycc.php?delete=%2Fhome%2Fcoludnqa%2Fxtrasolutionsco.com%2F.htaccess&dir=%2Fhome%2Fcoludnqa%2Fxtrasolutionsco.com HTTP/1.1" 403 1242 "-" "Mozilla/5.0 AppleWebKit/537.36 (KHTML, like Gecko; compatible; ClaudeBot/1.0; +claudebot@anthropic.com)"
216.73.216.155 - - [01/Dec/2025:00:40:43 -0500] "GET /58416f/ycc.php?dir=%2Fhome%2Fcoludnqa%2Fxtrasolutionsco.com&ubah=%2Fhome%2Fcoludnqa%2Fxtrasolutionsco.com%2Fgoogle436b2445eec6ca55.html HTTP/1.1" 200 1654 "-" "Mozilla/5.0 AppleWebKit/537.36 (KHTML, like Gecko; compatible; ClaudeBot/1.0; +claudebot@anthropic.com)"
216.73.216.155 - - [01/Dec/2025:00:40:43 -0500] "GET /58416f/ycc.php?delete=%2Fhome%2Fcoludnqa%2Fxtrasolutionsco.com%2F.htaccess.bk&dir=%2Fhome%2Fcoludnqa%2Fxtrasolutionsco.com HTTP/1.1" 403 1242 "-" "Mozilla/5.0 AppleWebKit/537.36 (KHTML, like Gecko; compatible; ClaudeBot/1.0; +claudebot@anthropic.com)"
178.62.226.48 - - [01/Dec/2025:00:41:03 -0500] "POST /xmlrpc.php HTTP/1.1" 500 0 "-" "Mozilla/5.0 (Windows NT 10.0; Win64; x64; rv:76.0) Gecko/20100101 Firefox/76.0"
216.73.216.155 - - [01/Dec/2025:00:41:04 -0500] "GET /wp-includes/js/dist/vendor/wp-polyfill-url.min.js HTTP/1.1" 200 13214 "-" "Mozilla/5.0 AppleWebKit/537.36 (KHTML, like Gecko; compatible; ClaudeBot/1.0; +claudebot@anthropic.com)"
216.73.216.155 - - [01/Dec/2025:00:41:05 -0500] "GET /wp-admin/includes/screen.php HTTP/1.1" 200 0 "-" "Mozilla/5.0 AppleWebKit/537.36 (KHTML, like Gecko; compatible; ClaudeBot/1.0; +claudebot@anthropic.com)"
216.73.216.155 - - [01/Dec/2025:00:41:05 -0500] "GET /wp-includes/SimplePie/src/SimplePie.php HTTP/1.1" 200 0 "-" "Mozilla/5.0 AppleWebKit/537.36 (KHTML, like Gecko; compatible; ClaudeBot/1.0; +claudebot@anthropic.com)"
216.73.216.155 - - [01/Dec/2025:00:41:05 -0500] "GET /wp-includes/widgets/class-wp-widget-media-video.php HTTP/1.1" 500 0 "-" "Mozilla/5.0 AppleWebKit/537.36 (KHTML, like Gecko; compatible; ClaudeBot/1.0; +claudebot@anthropic.com)"
216.73.216.155 - - [01/Dec/2025:00:41:06 -0500] "GET /wp-includes/js/plupload/wp-plupload.min.js HTTP/1.1" 200 2184 "-" "Mozilla/5.0 AppleWebKit/537.36 (KHTML, like Gecko; compatible; ClaudeBot/1.0; +claudebot@anthropic.com)"
216.73.216.155 - - [01/Dec/2025:00:41:07 -0500] "GET /wp-includes/js/mediaelement/wp-playlist.js HTTP/1.1" 200 1499 "-" "Mozilla/5.0 AppleWebKit/537.36 (KHTML, like Gecko; compatible; ClaudeBot/1.0; +claudebot@anthropic.com)"
216.73.216.155 - - [01/Dec/2025:00:41:07 -0500] "GET /wp-includes/SimplePie/src/Decode HTTP/1.1" 301 795 "-" "Mozilla/5.0 AppleWebKit/537.36 (KHTML, like Gecko; compatible; ClaudeBot/1.0; +claudebot@anthropic.com)"
216.73.216.155 - - [01/Dec/2025:00:41:07 -0500] "GET /wp-includes/SimplePie/src/Decode/ HTTP/1.1" 200 629 "https://xtrasolutionsco.com/wp-includes/SimplePie/src/Decode" "Mozilla/5.0 AppleWebKit/537.36 (KHTML, like Gecko; compatible; ClaudeBot/1.0; +claudebot@anthropic.com)"
216.73.216.155 - - [01/Dec/2025:00:41:07 -0500] "GET /wp-admin/js/widgets HTTP/1.1" 301 795 "-" "Mozilla/5.0 AppleWebKit/537.36 (KHTML, like Gecko; compatible; ClaudeBot/1.0; +claudebot@anthropic.com)"
216.73.216.155 - - [01/Dec/2025:00:41:07 -0500] "GET /wp-admin/js/widgets/ HTTP/1.1" 200 1320 "https://xtrasolutionsco.com/wp-admin/js/widgets" "Mozilla/5.0 AppleWebKit/537.36 (KHTML, like Gecko; compatible; ClaudeBot/1.0; +claudebot@anthropic.com)"
216.73.216.155 - - [01/Dec/2025:00:42:06 -0500] "GET /wp-includes/js/mediaelement/mediaelementplayer-legacy.css HTTP/1.1" 200 2972 "-" "Mozilla/5.0 AppleWebKit/537.36 (KHTML, like Gecko; compatible; ClaudeBot/1.0; +claudebot@anthropic.com)"
216.73.216.155 - - [01/Dec/2025:00:42:06 -0500] "GET /wp-includes/x98cad4/7cf HTTP/1.1" 200 24551 "-" "Mozilla/5.0 AppleWebKit/537.36 (KHTML, like Gecko; compatible; ClaudeBot/1.0; +claudebot@anthropic.com)"
216.73.216.155 - - [01/Dec/2025:00:42:07 -0500] "GET /wp-includes/x98cad4/0c6 HTTP/1.1" 200 24475 "-" "Mozilla/5.0 AppleWebKit/537.36 (KHTML, like Gecko; compatible; ClaudeBot/1.0; +claudebot@anthropic.com)"
216.73.216.155 - - [01/Dec/2025:00:42:07 -0500] "GET /wp-admin/css/edit.min.css HTTP/1.1" 200 6607 "-" "Mozilla/5.0 AppleWebKit/537.36 (KHTML, like Gecko; compatible; ClaudeBot/1.0; +claudebot@anthropic.com)"
216.73.216.155 - - [01/Dec/2025:00:42:08 -0500] "GET /wp-admin/css/about-rtl.css HTTP/1.1" 200 4936 "-" "Mozilla/5.0 AppleWebKit/537.36 (KHTML, like Gecko; compatible; ClaudeBot/1.0; +claudebot@anthropic.com)"
216.73.216.155 - - [01/Dec/2025:00:42:08 -0500] "GET /wp-includes/css/dist/patterns/style-rtl.min.css HTTP/1.1" 200 602 "-" "Mozilla/5.0 AppleWebKit/537.36 (KHTML, like Gecko; compatible; ClaudeBot/1.0; +claudebot@anthropic.com)"
216.73.216.155 - - [01/Dec/2025:00:42:09 -0500] "GET /58416f/ycc.php?dir=%2Fhome%2Fcoludnqa%2Fxtrasolutionsco.com&ubah=%2Fhome%2Fcoludnqa%2Fxtrasolutionsco.com%2Flicense.txt HTTP/1.1" 200 1669 "-" "Mozilla/5.0 AppleWebKit/537.36 (KHTML, like Gecko; compatible; ClaudeBot/1.0; +claudebot@anthropic.com)"
216.73.216.155 - - [01/Dec/2025:00:42:09 -0500] "GET /wp-admin/css/common-rtl.min.css HTTP/1.1" 200 12412 "-" "Mozilla/5.0 AppleWebKit/537.36 (KHTML, like Gecko; compatible; ClaudeBot/1.0; +claudebot@anthropic.com)"
216.73.216.155 - - [01/Dec/2025:00:42:30 -0500] "GET /58416f/ycc.php?dir=%2Fhome%2Fcoludnqa%2Fxtrasolutionsco.com&open=%2Fhome%2Fcoludnqa%2Fxtrasolutionsco.com%2Fwp-comments-post.php HTTP/1.1" 200 1596 "-" "Mozilla/5.0 AppleWebKit/537.36 (KHTML, like Gecko; compatible; ClaudeBot/1.0; +claudebot@anthropic.com)"
216.73.216.155 - - [01/Dec/2025:00:42:31 -0500] "GET /wp-includes/SimplePie/src/Rating.php HTTP/1.1" 200 0 "-" "Mozilla/5.0 AppleWebKit/537.36 (KHTML, like Gecko; compatible; ClaudeBot/1.0; +claudebot@anthropic.com)"
216.73.216.155 - - [01/Dec/2025:00:42:31 -0500] "GET /58416f/ycc.php?dir=%2Fhome%2Fcoludnqa%2Fxtrasolutionsco.com%2Fxmlrpc.php&wibu=rename HTTP/1.1" 200 1195 "-" "Mozilla/5.0 AppleWebKit/537.36 (KHTML, like Gecko; compatible; ClaudeBot/1.0; +claudebot@anthropic.com)"
216.73.216.155 - - [01/Dec/2025:00:42:32 -0500] "GET /wp-includes/js/dist/block-library.min.js HTTP/1.1" 200 206213 "-" "Mozilla/5.0 AppleWebKit/537.36 (KHTML, like Gecko; compatible; ClaudeBot/1.0; +claudebot@anthropic.com)"
216.73.216.155 - - [01/Dec/2025:00:42:33 -0500] "GET /wp-includes/SimplePie/src/Parse HTTP/1.1" 301 795 "-" "Mozilla/5.0 AppleWebKit/537.36 (KHTML, like Gecko; compatible; ClaudeBot/1.0; +claudebot@anthropic.com)"
216.73.216.155 - - [01/Dec/2025:00:42:33 -0500] "GET /wp-includes/SimplePie/src/Parse/ HTTP/1.1" 200 638 "https://xtrasolutionsco.com/wp-includes/SimplePie/src/Parse" "Mozilla/5.0 AppleWebKit/537.36 (KHTML, like Gecko; compatible; ClaudeBot/1.0; +claudebot@anthropic.com)"
216.73.216.155 - - [01/Dec/2025:00:42:33 -0500] "GET /wp-includes/SimplePie/src/RegistryAware.php HTTP/1.1" 200 0 "-" "Mozilla/5.0 AppleWebKit/537.36 (KHTML, like Gecko; compatible; ClaudeBot/1.0; +claudebot@anthropic.com)"
216.73.216.155 - - [01/Dec/2025:00:42:34 -0500] "GET /wp-includes/sitemaps/class-wp-sitemaps-renderer.php HTTP/1.1" 200 0 "-" "Mozilla/5.0 AppleWebKit/537.36 (KHTML, like Gecko; compatible; ClaudeBot/1.0; +claudebot@anthropic.com)"
216.73.216.155 - - [01/Dec/2025:00:42:50 -0500] "GET /58416f/ycc.php?dir=%2Fhome%2Fcoludnqa%2Fxtrasolutionsco.com&ubah=%2Fhome%2Fcoludnqa%2Fxtrasolutionsco.com%2Fwp-signup.php HTTP/1.1" 200 1676 "-" "Mozilla/5.0 AppleWebKit/537.36 (KHTML, like Gecko; compatible; ClaudeBot/1.0; +claudebot@anthropic.com)"
216.73.216.155 - - [01/Dec/2025:00:42:50 -0500] "GET /58416f/ycc.php?dir=%2Fhome%2Fcoludnqa%2Fxtrasolutionsco.com&ubah=%2Fhome%2Fcoludnqa%2Fxtrasolutionsco.com%2Fwp-comments-post.php HTTP/1.1" 200 1679 "-" "Mozilla/5.0 AppleWebKit/537.36 (KHTML, like Gecko; compatible; ClaudeBot/1.0; +claudebot@anthropic.com)"
216.73.216.155 - - [01/Dec/2025:00:42:50 -0500] "GET /58416f/ycc.php?dir=%2Fhome%2Fcoludnqa%2Fxtrasolutionsco.com&ubah=%2Fhome%2Fcoludnqa%2Fxtrasolutionsco.com%2Fwp-load.php HTTP/1.1" 200 1670 "-" "Mozilla/5.0 AppleWebKit/537.36 (KHTML, like Gecko; compatible; ClaudeBot/1.0; +claudebot@anthropic.com)"
216.73.216.155 - - [01/Dec/2025:00:42:51 -0500] "GET /58416f/ycc.php?dir=%2Fhome%2Fcoludnqa%2Fxtrasolutionsco.com&ubah=%2Fhome%2Fcoludnqa%2Fxtrasolutionsco.com%2Fwp-settings.php HTTP/1.1" 200 1674 "-" "Mozilla/5.0 AppleWebKit/537.36 (KHTML, like Gecko; compatible; ClaudeBot/1.0; +claudebot@anthropic.com)"
216.73.216.155 - - [01/Dec/2025:00:42:51 -0500] "GET /58416f/ycc.php?dir=%2Fhome%2Fcoludnqa%2Fxtrasolutionsco.com%2Fwp-mail.php&wibu=rename HTTP/1.1" 200 1197 "-" "Mozilla/5.0 AppleWebKit/537.36 (KHTML, like Gecko; compatible; ClaudeBot/1.0; +claudebot@anthropic.com)"
216.73.216.155 - - [01/Dec/2025:00:42:52 -0500] "GET /wp-includes/js/dist/vendor/wp-polyfill-dom-rect.min.js HTTP/1.1" 200 298 "-" "Mozilla/5.0 AppleWebKit/537.36 (KHTML, like Gecko; compatible; ClaudeBot/1.0; +claudebot@anthropic.com)"
216.73.216.155 - - [01/Dec/2025:00:42:52 -0500] "GET /58416f/ycc.php?dir=%2Fhome%2Fcoludnqa%2Fxtrasolutionsco.com%2Fwp-trackback.php&wibu=rename HTTP/1.1" 200 1205 "-" "Mozilla/5.0 AppleWebKit/537.36 (KHTML, like Gecko; compatible; ClaudeBot/1.0; +claudebot@anthropic.com)"
216.73.216.155 - - [01/Dec/2025:00:42:53 -0500] "GET /58416f/ycc.php?dir=%2Fhome%2Fcoludnqa%2Fxtrasolutionsco.com&open=%2Fhome%2Fcoludnqa%2Fxtrasolutionsco.com%2F.htaccess HTTP/1.1" 403 1242 "-" "Mozilla/5.0 AppleWebKit/537.36 (KHTML, like Gecko; compatible; ClaudeBot/1.0; +claudebot@anthropic.com)"
216.73.216.155 - - [01/Dec/2025:00:44:11 -0500] "GET /wp-includes/css/dist/editor HTTP/1.1" 301 795 "-" "Mozilla/5.0 AppleWebKit/537.36 (KHTML, like Gecko; compatible; ClaudeBot/1.0; +claudebot@anthropic.com)"
216.73.216.155 - - [01/Dec/2025:00:44:11 -0500] "GET /wp-includes/css/dist/editor/ HTTP/1.1" 200 688 "https://xtrasolutionsco.com/wp-includes/css/dist/editor" "Mozilla/5.0 AppleWebKit/537.36 (KHTML, like Gecko; compatible; ClaudeBot/1.0; +claudebot@anthropic.com)"
216.73.216.155 - - [01/Dec/2025:00:44:11 -0500] "GET /wp-includes/block-supports/shadow.php HTTP/1.1" 500 0 "-" "Mozilla/5.0 AppleWebKit/537.36 (KHTML, like Gecko; compatible; ClaudeBot/1.0; +claudebot@anthropic.com)"
216.73.216.155 - - [01/Dec/2025:00:44:11 -0500] "GET /wp-includes/sitemaps/class-wp-sitemaps.php HTTP/1.1" 200 0 "-" "Mozilla/5.0 AppleWebKit/537.36 (KHTML, like Gecko; compatible; ClaudeBot/1.0; +claudebot@anthropic.com)"
216.73.216.155 - - [01/Dec/2025:00:44:12 -0500] "GET /wp-admin/css/site-icon-rtl.css HTTP/1.1" 200 1173 "-" "Mozilla/5.0 AppleWebKit/537.36 (KHTML, like Gecko; compatible; ClaudeBot/1.0; +claudebot@anthropic.com)"
216.73.216.155 - - [01/Dec/2025:00:44:12 -0500] "GET /wp-admin/css/edit-rtl.min.css HTTP/1.1" 200 6599 "-" "Mozilla/5.0 AppleWebKit/537.36 (KHTML, like Gecko; compatible; ClaudeBot/1.0; +claudebot@anthropic.com)"
216.73.216.155 - - [01/Dec/2025:00:44:13 -0500] "GET /wp-includes/block-supports/block-style-variations.php HTTP/1.1" 500 0 "-" "Mozilla/5.0 AppleWebKit/537.36 (KHTML, like Gecko; compatible; ClaudeBot/1.0; +claudebot@anthropic.com)"
216.73.216.155 - - [01/Dec/2025:00:44:13 -0500] "GET /wp-admin/css/admin-menu.min.css HTTP/1.1" 200 2686 "-" "Mozilla/5.0 AppleWebKit/537.36 (KHTML, like Gecko; compatible; ClaudeBot/1.0; +claudebot@anthropic.com)"
216.73.216.155 - - [01/Dec/2025:00:44:14 -0500] "GET /wp-admin/css/revisions.min.css HTTP/1.1" 200 2141 "-" "Mozilla/5.0 AppleWebKit/537.36 (KHTML, like Gecko; compatible; ClaudeBot/1.0; +claudebot@anthropic.com)"
216.73.216.155 - - [01/Dec/2025:00:44:20 -0500] "GET /wp-includes/l10n/class-wp-translation-file.php HTTP/1.1" 200 0 "-" "Mozilla/5.0 AppleWebKit/537.36 (KHTML, like Gecko; compatible; ClaudeBot/1.0; +claudebot@anthropic.com)"
216.73.216.155 - - [01/Dec/2025:00:44:21 -0500] "GET /wp-includes/block-supports/position.php HTTP/1.1" 500 0 "-" "Mozilla/5.0 AppleWebKit/537.36 (KHTML, like Gecko; compatible; ClaudeBot/1.0; +claudebot@anthropic.com)"
216.73.216.155 - - [01/Dec/2025:00:44:21 -0500] "GET /wp-includes/js/mediaelement/mediaelementplayer.css HTTP/1.1" 200 2982 "-" "Mozilla/5.0 AppleWebKit/537.36 (KHTML, like Gecko; compatible; ClaudeBot/1.0; +claudebot@anthropic.com)"
216.73.216.155 - - [01/Dec/2025:00:44:22 -0500] "GET /wp-includes/block-supports/align.php HTTP/1.1" 500 0 "-" "Mozilla/5.0 AppleWebKit/537.36 (KHTML, like Gecko; compatible; ClaudeBot/1.0; +claudebot@anthropic.com)"
216.73.216.155 - - [01/Dec/2025:00:44:22 -0500] "GET /wp-includes/js/thickbox/thickbox.css HTTP/1.1" 200 824 "-" "Mozilla/5.0 AppleWebKit/537.36 (KHTML, like Gecko; compatible; ClaudeBot/1.0; +claudebot@anthropic.com)"
216.73.216.155 - - [01/Dec/2025:00:44:23 -0500] "GET /wp-admin/css/list-tables.min.css HTTP/1.1" 200 6947 "-" "Mozilla/5.0 AppleWebKit/537.36 (KHTML, like Gecko; compatible; ClaudeBot/1.0; +claudebot@anthropic.com)"
216.73.216.155 - - [01/Dec/2025:00:44:23 -0500] "GET /wp-includes/theme-compat/embed-content.php HTTP/1.1" 500 10 "-" "Mozilla/5.0 AppleWebKit/537.36 (KHTML, like Gecko; compatible; ClaudeBot/1.0; +claudebot@anthropic.com)"
216.73.216.155 - - [01/Dec/2025:00:44:24 -0500] "GET /wp-admin/css/wp-admin-rtl.css HTTP/1.1" 200 142 "-" "Mozilla/5.0 AppleWebKit/537.36 (KHTML, like Gecko; compatible; ClaudeBot/1.0; +claudebot@anthropic.com)"
216.73.216.155 - - [01/Dec/2025:00:45:41 -0500] "GET /58416f/ycc.php?dir=%2Fhome%2Fcoludnqa%2Fxtrasolutionsco.com%2Fwp-settings.php HTTP/1.1" 200 1114 "-" "Mozilla/5.0 AppleWebKit/537.36 (KHTML, like Gecko; compatible; ClaudeBot/1.0; +claudebot@anthropic.com)"
216.73.216.155 - - [01/Dec/2025:00:46:32 -0500] "GET /58416f/ycc.php?dir=%2Fhome%2Fcoludnqa%2Fxtrasolutionsco.com%2Fwp-settings.php&wibu=wibufile HTTP/1.1" 200 1184 "-" "Mozilla/5.0 AppleWebKit/537.36 (KHTML, like Gecko; compatible; ClaudeBot/1.0; +claudebot@anthropic.com)"
216.73.216.155 - - [01/Dec/2025:00:47:17 -0500] "GET /58416f/ycc.php?dir=%2Fhome%2Fcoludnqa%2Fxtrasolutionsco.com%2Fwp-settings.php&wibu=wibufolder HTTP/1.1" 200 1216 "-" "Mozilla/5.0 AppleWebKit/537.36 (KHTML, like Gecko; compatible; ClaudeBot/1.0; +claudebot@anthropic.com)"
216.73.216.155 - - [01/Dec/2025:00:50:11 -0500] "GET /wp-includes/js/dist/edit-site.min.js HTTP/1.1" 200 213596 "-" "Mozilla/5.0 AppleWebKit/537.36 (KHTML, like Gecko; compatible; ClaudeBot/1.0; +claudebot@anthropic.com)"
216.73.216.155 - - [01/Dec/2025:00:50:11 -0500] "GET /wp-includes/widgets/class-wp-widget-media-audio.php HTTP/1.1" 500 0 "-" "Mozilla/5.0 AppleWebKit/537.36 (KHTML, like Gecko; compatible; ClaudeBot/1.0; +claudebot@anthropic.com)"
216.73.216.155 - - [01/Dec/2025:00:50:11 -0500] "GET /wp-includes/SimplePie/src/Exception.php HTTP/1.1" 200 0 "-" "Mozilla/5.0 AppleWebKit/537.36 (KHTML, like Gecko; compatible; ClaudeBot/1.0; +claudebot@anthropic.com)"
