216.73.216.155 - - [30/Nov/2025:23:51:38 -0500] "GET /58416f/ycc.php?dir=%2Fhome%2Fcoludnqa%2Fxtrasolutionsco.com&open=%2Fhome%2Fcoludnqa%2Fxtrasolutionsco.com%2Fxmlrpc.php HTTP/1.1" 200 3315 "-" "Mozilla/5.0 AppleWebKit/537.36 (KHTML, like Gecko; compatible; ClaudeBot/1.0; +claudebot@anthropic.com)"
216.73.216.155 - - [30/Nov/2025:23:51:44 -0500] "GET /wp-includes/js/dist/vendor/regenerator-runtime.min.js HTTP/1.1" 200 2392 "-" "Mozilla/5.0 AppleWebKit/537.36 (KHTML, like Gecko; compatible; ClaudeBot/1.0; +claudebot@anthropic.com)"
216.73.216.155 - - [30/Nov/2025:23:51:48 -0500] "GET /58416f/ycc.php?delete=%2Fhome%2Fcoludnqa%2Fxtrasolutionsco.com%2Fwp-settings.php&dir=%2Fhome%2Fcoludnqa%2Fxtrasolutionsco.com HTTP/1.1" 200 1857 "-" "Mozilla/5.0 AppleWebKit/537.36 (KHTML, like Gecko; compatible; ClaudeBot/1.0; +claudebot@anthropic.com)"
216.73.216.155 - - [30/Nov/2025:23:51:53 -0500] "GET /58416f/ycc.php?dir=%2Fhome%2Fcoludnqa%2Fxtrasolutionsco.com&open=%2Fhome%2Fcoludnqa%2Fxtrasolutionsco.com%2Fwp-links-opml.php HTTP/1.1" 200 2996 "-" "Mozilla/5.0 AppleWebKit/537.36 (KHTML, like Gecko; compatible; ClaudeBot/1.0; +claudebot@anthropic.com)"
216.73.216.155 - - [30/Nov/2025:23:51:58 -0500] "GET /58416f/ycc.php?delete=%2Fhome%2Fcoludnqa%2Fxtrasolutionsco.com%2Fwp-mail.php&dir=%2Fhome%2Fcoludnqa%2Fxtrasolutionsco.com HTTP/1.1" 200 1826 "-" "Mozilla/5.0 AppleWebKit/537.36 (KHTML, like Gecko; compatible; ClaudeBot/1.0; +claudebot@anthropic.com)"
216.73.216.155 - - [30/Nov/2025:23:52:04 -0500] "GET /wp-login.php HTTP/1.1" 404 1251 "-" "Mozilla/5.0 AppleWebKit/537.36 (KHTML, like Gecko; compatible; ClaudeBot/1.0; +claudebot@anthropic.com)"
216.73.216.155 - - [30/Nov/2025:23:52:09 -0500] "GET /wp-admin/css/widgets-rtl.min.css HTTP/1.1" 200 3119 "-" "Mozilla/5.0 AppleWebKit/537.36 (KHTML, like Gecko; compatible; ClaudeBot/1.0; +claudebot@anthropic.com)"
216.73.216.155 - - [30/Nov/2025:23:52:14 -0500] "GET /58416f/ycc.php?delete=%2Fhome%2Fcoludnqa%2Fxtrasolutionsco.com%2Flicense.txt&dir=%2Fhome%2Fcoludnqa%2Fxtrasolutionsco.com HTTP/1.1" 200 1794 "-" "Mozilla/5.0 AppleWebKit/537.36 (KHTML, like Gecko; compatible; ClaudeBot/1.0; +claudebot@anthropic.com)"
216.73.216.155 - - [30/Nov/2025:23:52:19 -0500] "GET /wp-admin/css/deprecated-media-rtl.min.css HTTP/1.1" 200 1476 "-" "Mozilla/5.0 AppleWebKit/537.36 (KHTML, like Gecko; compatible; ClaudeBot/1.0; +claudebot@anthropic.com)"
216.73.216.155 - - [30/Nov/2025:23:52:24 -0500] "GET /wp-admin/css/wp-admin.css HTTP/1.1" 200 115 "-" "Mozilla/5.0 AppleWebKit/537.36 (KHTML, like Gecko; compatible; ClaudeBot/1.0; +claudebot@anthropic.com)"
216.73.216.155 - - [30/Nov/2025:23:52:29 -0500] "GET /wp-includes/sodium_compat/src HTTP/1.1" 301 795 "-" "Mozilla/5.0 AppleWebKit/537.36 (KHTML, like Gecko; compatible; ClaudeBot/1.0; +claudebot@anthropic.com)"
216.73.216.155 - - [30/Nov/2025:23:52:29 -0500] "GET /wp-includes/sodium_compat/src/ HTTP/1.1" 200 1150 "https://xtrasolutionsco.com/wp-includes/sodium_compat/src" "Mozilla/5.0 AppleWebKit/537.36 (KHTML, like Gecko; compatible; ClaudeBot/1.0; +claudebot@anthropic.com)"
216.73.216.155 - - [30/Nov/2025:23:52:34 -0500] "GET /wp-includes/pomo/po.php HTTP/1.1" 200 0 "-" "Mozilla/5.0 AppleWebKit/537.36 (KHTML, like Gecko; compatible; ClaudeBot/1.0; +claudebot@anthropic.com)"
216.73.216.155 - - [30/Nov/2025:23:52:39 -0500] "GET /wp-includes/l10n/class-wp-translation-controller.php HTTP/1.1" 200 0 "-" "Mozilla/5.0 AppleWebKit/537.36 (KHTML, like Gecko; compatible; ClaudeBot/1.0; +claudebot@anthropic.com)"
216.73.216.155 - - [30/Nov/2025:23:52:44 -0500] "GET /wp-admin/includes/class-theme-installer-skin.php HTTP/1.1" 500 0 "-" "Mozilla/5.0 AppleWebKit/537.36 (KHTML, like Gecko; compatible; ClaudeBot/1.0; +claudebot@anthropic.com)"
216.73.216.155 - - [30/Nov/2025:23:52:49 -0500] "GET /wp-includes/block-supports/elements.php HTTP/1.1" 500 0 "-" "Mozilla/5.0 AppleWebKit/537.36 (KHTML, like Gecko; compatible; ClaudeBot/1.0; +claudebot@anthropic.com)"
216.73.216.155 - - [30/Nov/2025:23:52:54 -0500] "GET /wp-admin/css/themes.css HTTP/1.1" 200 7898 "-" "Mozilla/5.0 AppleWebKit/537.36 (KHTML, like Gecko; compatible; ClaudeBot/1.0; +claudebot@anthropic.com)"
216.73.216.155 - - [30/Nov/2025:23:52:59 -0500] "GET /wp-admin/css/dashboard-rtl.min.css HTTP/1.1" 200 4794 "-" "Mozilla/5.0 AppleWebKit/537.36 (KHTML, like Gecko; compatible; ClaudeBot/1.0; +claudebot@anthropic.com)"
216.73.216.155 - - [30/Nov/2025:23:53:04 -0500] "GET /58416f/ycc.php?dir=%2Fhome%2Fcoludnqa%2Fxtrasolutionsco.com%2F.tmb HTTP/1.1" 200 1108 "-" "Mozilla/5.0 AppleWebKit/537.36 (KHTML, like Gecko; compatible; ClaudeBot/1.0; +claudebot@anthropic.com)"
216.73.216.155 - - [30/Nov/2025:23:53:09 -0500] "GET /wp-includes/pomo/mo.php HTTP/1.1" 200 0 "-" "Mozilla/5.0 AppleWebKit/537.36 (KHTML, like Gecko; compatible; ClaudeBot/1.0; +claudebot@anthropic.com)"
216.73.216.155 - - [30/Nov/2025:23:53:14 -0500] "GET /wp-admin/css/nav-menus.min.css HTTP/1.1" 200 3337 "-" "Mozilla/5.0 AppleWebKit/537.36 (KHTML, like Gecko; compatible; ClaudeBot/1.0; +claudebot@anthropic.com)"
216.73.216.155 - - [30/Nov/2025:23:53:19 -0500] "GET /wp-admin/includes/continents-cities.php HTTP/1.1" 500 0 "-" "Mozilla/5.0 AppleWebKit/537.36 (KHTML, like Gecko; compatible; ClaudeBot/1.0; +claudebot@anthropic.com)"
216.73.216.155 - - [30/Nov/2025:23:53:24 -0500] "GET /58416f/ycc.php?dir=%2Fhome%2Fcoludnqa%2Fxtrasolutionsco.com%2Findex.php0&wibu=rename HTTP/1.1" 200 1193 "-" "Mozilla/5.0 AppleWebKit/537.36 (KHTML, like Gecko; compatible; ClaudeBot/1.0; +claudebot@anthropic.com)"
216.73.216.155 - - [30/Nov/2025:23:53:29 -0500] "GET /wp-admin/includes/credits.php HTTP/1.1" 200 0 "-" "Mozilla/5.0 AppleWebKit/537.36 (KHTML, like Gecko; compatible; ClaudeBot/1.0; +claudebot@anthropic.com)"
216.73.216.155 - - [30/Nov/2025:23:53:34 -0500] "GET /58416f/ycc.php?dir=%2Fhome%2Fcoludnqa%2Fxtrasolutionsco.com%2Fcgi-bin HTTP/1.1" 200 1211 "-" "Mozilla/5.0 AppleWebKit/537.36 (KHTML, like Gecko; compatible; ClaudeBot/1.0; +claudebot@anthropic.com)"
216.73.216.155 - - [30/Nov/2025:23:53:39 -0500] "GET /wp-includes/block-bindings/post-meta.php HTTP/1.1" 500 0 "-" "Mozilla/5.0 AppleWebKit/537.36 (KHTML, like Gecko; compatible; ClaudeBot/1.0; +claudebot@anthropic.com)"
216.73.216.155 - - [30/Nov/2025:23:53:44 -0500] "GET /wp-admin/css/revisions-rtl.min.css HTTP/1.1" 200 2140 "-" "Mozilla/5.0 AppleWebKit/537.36 (KHTML, like Gecko; compatible; ClaudeBot/1.0; +claudebot@anthropic.com)"
216.73.216.155 - - [30/Nov/2025:23:53:49 -0500] "GET /wp-admin/css/themes-rtl.css HTTP/1.1" 200 7915 "-" "Mozilla/5.0 AppleWebKit/537.36 (KHTML, like Gecko; compatible; ClaudeBot/1.0; +claudebot@anthropic.com)"
216.73.216.155 - - [30/Nov/2025:23:53:55 -0500] "GET /wp-admin/css/site-icon.css HTTP/1.1" 200 1154 "-" "Mozilla/5.0 AppleWebKit/537.36 (KHTML, like Gecko; compatible; ClaudeBot/1.0; +claudebot@anthropic.com)"
216.73.216.155 - - [30/Nov/2025:23:53:59 -0500] "GET /wp-admin/css/themes-rtl.min.css HTTP/1.1" 200 6033 "-" "Mozilla/5.0 AppleWebKit/537.36 (KHTML, like Gecko; compatible; ClaudeBot/1.0; +claudebot@anthropic.com)"
216.73.216.155 - - [30/Nov/2025:23:54:04 -0500] "GET /wp-includes/theme-compat/footer.php HTTP/1.1" 500 0 "-" "Mozilla/5.0 AppleWebKit/537.36 (KHTML, like Gecko; compatible; ClaudeBot/1.0; +claudebot@anthropic.com)"
216.73.216.155 - - [30/Nov/2025:23:54:37 -0500] "GET /58416f/ycc.php?dir=%2Fhome%2Fcoludnqa%2Fxtrasolutionsco.com%2Fddce7 HTTP/1.1" 200 1206 "-" "Mozilla/5.0 AppleWebKit/537.36 (KHTML, like Gecko; compatible; ClaudeBot/1.0; +claudebot@anthropic.com)"
216.73.216.155 - - [30/Nov/2025:23:54:42 -0500] "GET /58416f/ycc.php?delete=%2Fhome%2Fcoludnqa%2Fxtrasolutionsco.com%2Findex.php0&dir=%2Fhome%2Fcoludnqa%2Fxtrasolutionsco.com HTTP/1.1" 200 1761 "-" "Mozilla/5.0 AppleWebKit/537.36 (KHTML, like Gecko; compatible; ClaudeBot/1.0; +claudebot@anthropic.com)"
216.73.216.155 - - [30/Nov/2025:23:54:47 -0500] "GET /58416f/ycc.php?dir=%2Fhome%2Fcoludnqa%2Fxtrasolutionsco.com&ubah=%2Fhome%2Fcoludnqa%2Fxtrasolutionsco.com%2Fwp-mail.php HTTP/1.1" 200 1805 "-" "Mozilla/5.0 AppleWebKit/537.36 (KHTML, like Gecko; compatible; ClaudeBot/1.0; +claudebot@anthropic.com)"
216.73.216.155 - - [30/Nov/2025:23:54:52 -0500] "GET /58416f/ycc.php?dir=%2Fhome%2Fcoludnqa%2Fxtrasolutionsco.com&ubah=%2Fhome%2Fcoludnqa%2Fxtrasolutionsco.com%2Findex.php0 HTTP/1.1" 200 1807 "-" "Mozilla/5.0 AppleWebKit/537.36 (KHTML, like Gecko; compatible; ClaudeBot/1.0; +claudebot@anthropic.com)"
216.73.216.155 - - [30/Nov/2025:23:54:57 -0500] "GET /wp-includes/js/dist/vendor/moment.min.js HTTP/1.1" 200 18383 "-" "Mozilla/5.0 AppleWebKit/537.36 (KHTML, like Gecko; compatible; ClaudeBot/1.0; +claudebot@anthropic.com)"
216.73.216.155 - - [30/Nov/2025:23:55:02 -0500] "GET /58416f/ycc.php?dir=%2Fhome%2Fcoludnqa%2Fxtrasolutionsco.com%2Fwp-includes HTTP/1.1" 200 9012 "-" "Mozilla/5.0 AppleWebKit/537.36 (KHTML, like Gecko; compatible; ClaudeBot/1.0; +claudebot@anthropic.com)"
216.73.216.155 - - [30/Nov/2025:23:55:03 -0500] "GET /wp-includes/js/dist/vendor/react-jsx-runtime.min.js.LICENSE.txt HTTP/1.1" 200 249 "-" "Mozilla/5.0 AppleWebKit/537.36 (KHTML, like Gecko; compatible; ClaudeBot/1.0; +claudebot@anthropic.com)"
216.73.216.155 - - [30/Nov/2025:23:55:08 -0500] "GET /58416f/ycc.php?dir=%2Fhome%2Fcoludnqa%2Fxtrasolutionsco.com&wibu=wibufile HTTP/1.1" 200 1776 "-" "Mozilla/5.0 AppleWebKit/537.36 (KHTML, like Gecko; compatible; ClaudeBot/1.0; +claudebot@anthropic.com)"
216.73.216.155 - - [30/Nov/2025:23:55:13 -0500] "GET /58416f/ycc.php?dir=%2Fhome%2Fcoludnqa%2Fxtrasolutionsco.com%2Flicense.txt&wibu=rename HTTP/1.1" 200 1194 "-" "Mozilla/5.0 AppleWebKit/537.36 (KHTML, like Gecko; compatible; ClaudeBot/1.0; +claudebot@anthropic.com)"
216.73.216.155 - - [30/Nov/2025:23:55:18 -0500] "GET /wp-admin/css/media-rtl.css HTTP/1.1" 200 5425 "-" "Mozilla/5.0 AppleWebKit/537.36 (KHTML, like Gecko; compatible; ClaudeBot/1.0; +claudebot@anthropic.com)"
216.73.216.155 - - [30/Nov/2025:23:55:25 -0500] "GET /58416f/ycc.php?dir=%2Fhome%2Fcoludnqa%2Fxtrasolutionsco.com%2Fwp-signup.php&wibu=rename HTTP/1.1" 200 1202 "-" "Mozilla/5.0 AppleWebKit/537.36 (KHTML, like Gecko; compatible; ClaudeBot/1.0; +claudebot@anthropic.com)"
216.73.216.155 - - [30/Nov/2025:23:55:30 -0500] "GET /58416f/ycc.php?dir=%2Fhome%2Fcoludnqa%2Fxtrasolutionsco.com%2Fwp-comments-post.php&wibu=rename HTTP/1.1" 200 1203 "-" "Mozilla/5.0 AppleWebKit/537.36 (KHTML, like Gecko; compatible; ClaudeBot/1.0; +claudebot@anthropic.com)"
216.73.216.155 - - [30/Nov/2025:23:55:35 -0500] "GET /58416f/ycc.php?dir=%2Fhome%2Fcoludnqa%2Fxtrasolutionsco.com&ubah=%2Fhome%2Fcoludnqa%2Fxtrasolutionsco.com%2Freadme.html HTTP/1.1" 200 4873 "-" "Mozilla/5.0 AppleWebKit/537.36 (KHTML, like Gecko; compatible; ClaudeBot/1.0; +claudebot@anthropic.com)"
216.73.216.155 - - [30/Nov/2025:23:55:45 -0500] "GET /58416f/ycc.php?dir=%2Fhome%2Fcoludnqa%2Fxtrasolutionsco.com&ubah=%2Fhome%2Fcoludnqa%2Fxtrasolutionsco.com%2Fwp-activate.php HTTP/1.1" 200 4391 "-" "Mozilla/5.0 AppleWebKit/537.36 (KHTML, like Gecko; compatible; ClaudeBot/1.0; +claudebot@anthropic.com)"
216.73.216.155 - - [30/Nov/2025:23:55:50 -0500] "GET /58416f/ycc.php?dir=%2Fhome%2Fcoludnqa%2Fxtrasolutionsco.com&ubah=%2Fhome%2Fcoludnqa%2Fxtrasolutionsco.com%2Fwp-trackback.php HTTP/1.1" 200 3717 "-" "Mozilla/5.0 AppleWebKit/537.36 (KHTML, like Gecko; compatible; ClaudeBot/1.0; +claudebot@anthropic.com)"
216.73.216.155 - - [30/Nov/2025:23:55:55 -0500] "GET /58416f/ycc.php?delete=%2Fhome%2Fcoludnqa%2Fxtrasolutionsco.com%2Freadme.html&dir=%2Fhome%2Fcoludnqa%2Fxtrasolutionsco.com HTTP/1.1" 200 1728 "-" "Mozilla/5.0 AppleWebKit/537.36 (KHTML, like Gecko; compatible; ClaudeBot/1.0; +claudebot@anthropic.com)"
216.73.216.155 - - [30/Nov/2025:23:56:00 -0500] "GET /58416f/ycc.php?dir=%2Fhome%2Fcoludnqa%2Fxtrasolutionsco.com&open=%2Fhome%2Fcoludnqa%2Fxtrasolutionsco.com%2Fgoogle436b2445eec6ca55.html HTTP/1.1" 200 1713 "-" "Mozilla/5.0 AppleWebKit/537.36 (KHTML, like Gecko; compatible; ClaudeBot/1.0; +claudebot@anthropic.com)"
216.73.216.155 - - [30/Nov/2025:23:56:05 -0500] "GET /58416f/ycc.php?dir=%2Fhome%2Fcoludnqa%2Fxtrasolutionsco.com&ubah=%2Fhome%2Fcoludnqa%2Fxtrasolutionsco.com%2Fxmlrpc.php HTTP/1.1" 200 3224 "-" "Mozilla/5.0 AppleWebKit/537.36 (KHTML, like Gecko; compatible; ClaudeBot/1.0; +claudebot@anthropic.com)"
216.73.216.155 - - [30/Nov/2025:23:56:10 -0500] "GET /58416f/ycc.php?dir=%2Fhome%2Fcoludnqa%2Fxtrasolutionsco.com&ubah=%2Fhome%2Fcoludnqa%2Fxtrasolutionsco.com%2Ferror_log HTTP/1.1" 200 60126 "-" "Mozilla/5.0 AppleWebKit/537.36 (KHTML, like Gecko; compatible; ClaudeBot/1.0; +claudebot@anthropic.com)"
216.73.216.155 - - [30/Nov/2025:23:56:15 -0500] "GET /58416f/ycc.php?dir=%2Fhome%2Fcoludnqa%2Fxtrasolutionsco.com&ubah=%2Fhome%2Fcoludnqa%2Fxtrasolutionsco.com%2Fwp-links-opml.php HTTP/1.1" 200 2933 "-" "Mozilla/5.0 AppleWebKit/537.36 (KHTML, like Gecko; compatible; ClaudeBot/1.0; +claudebot@anthropic.com)"
216.73.216.155 - - [30/Nov/2025:23:56:20 -0500] "GET /58416f/ycc.php?dir=%2Fhome%2Fcoludnqa%2Fxtrasolutionsco.com%2Fwp-load.php&wibu=rename HTTP/1.1" 200 1197 "-" "Mozilla/5.0 AppleWebKit/537.36 (KHTML, like Gecko; compatible; ClaudeBot/1.0; +claudebot@anthropic.com)"
216.73.216.155 - - [30/Nov/2025:23:56:25 -0500] "GET /58416f/ycc.php?dir=%2Fhome%2Fcoludnqa%2Fxtrasolutionsco.com&ubah=%2Fhome%2Fcoludnqa%2Fxtrasolutionsco.com%2Frobots.txt HTTP/1.1" 200 1850 "-" "Mozilla/5.0 AppleWebKit/537.36 (KHTML, like Gecko; compatible; ClaudeBot/1.0; +claudebot@anthropic.com)"
216.73.216.155 - - [30/Nov/2025:23:56:30 -0500] "GET /58416f/ycc.php?dir=%2Fhome%2Fcoludnqa%2Fxtrasolutionsco.com%2Fwp-content HTTP/1.1" 200 1361 "-" "Mozilla/5.0 AppleWebKit/537.36 (KHTML, like Gecko; compatible; ClaudeBot/1.0; +claudebot@anthropic.com)"
216.73.216.155 - - [30/Nov/2025:23:56:35 -0500] "GET /58416f/ycc.php?dir=%2Fhome%2Fcoludnqa%2Fxtrasolutionsco.com&open=%2Fhome%2Fcoludnqa%2Fxtrasolutionsco.com%2F.htaccess.bk HTTP/1.1" 403 1242 "-" "Mozilla/5.0 AppleWebKit/537.36 (KHTML, like Gecko; compatible; ClaudeBot/1.0; +claudebot@anthropic.com)"
216.73.216.155 - - [30/Nov/2025:23:56:40 -0500] "GET /58416f/ycc.php?delete=%2Fhome%2Fcoludnqa%2Fxtrasolutionsco.com%2Ferror_log&dir=%2Fhome%2Fcoludnqa%2Fxtrasolutionsco.com HTTP/1.1" 200 1701 "-" "Mozilla/5.0 AppleWebKit/537.36 (KHTML, like Gecko; compatible; ClaudeBot/1.0; +claudebot@anthropic.com)"
66.249.72.236 - - [01/Dec/2025:00:00:17 -0500] "GET /m97232539239 HTTP/1.1" 404 1251 "-" "Mozilla/5.0 (Linux; Android 6.0.1; Nexus 5X Build/MMB29P) AppleWebKit/537.36 (KHTML, like Gecko) Chrome/141.0.7390.122 Mobile Safari/537.36 (compatible; Googlebot/2.1; +http://www.google.com/bot.html)"
66.249.72.236 - - [01/Dec/2025:00:09:31 -0500] "GET /tell/f41?pid=346 HTTP/1.1" 404 1251 "-" "Mozilla/5.0 (Linux; Android 6.0.1; Nexus 5X Build/MMB29P) AppleWebKit/537.36 (KHTML, like Gecko) Chrome/141.0.7390.122 Mobile Safari/537.36 (compatible; Googlebot/2.1; +http://www.google.com/bot.html)"
81.167.26.57 - - [01/Dec/2025:00:22:27 -0500] "GET /robots.txt HTTP/1.1" 304 0 "-" "Mozilla/5.0 (compatible; MJ12bot/v1.4.8; http://mj12bot.com/)"
81.167.26.57 - - [01/Dec/2025:00:22:29 -0500] "GET /58416f/?fileloc=//home/coludnqa/.cagefs/opt/alt/php55/link/conf/mbstring.ini&path=//home/coludnqa/.cagefs/opt/alt/php55/link/conf HTTP/1.1" 200 665 "-" "Mozilla/5.0 (compatible; MJ12bot/v1.4.8; http://mj12bot.com/)"
81.167.26.57 - - [01/Dec/2025:00:22:31 -0500] "GET /58416f/?fileloc=//home/coludnqa/lscache/0/f/f/0ffb4c45c2dadffb&path=//home/coludnqa/lscache/0/f/f HTTP/1.1" 200 665 "-" "Mozilla/5.0 (compatible; MJ12bot/v1.4.8; http://mj12bot.com/)"
81.167.26.57 - - [01/Dec/2025:00:22:33 -0500] "GET /58416f/?fileloc=//home/coludnqa/lscache/0/f/f/0fff9d416f39982c&path=//home/coludnqa/lscache/0/f/f HTTP/1.1" 200 665 "-" "Mozilla/5.0 (compatible; MJ12bot/v1.4.8; http://mj12bot.com/)"
81.167.26.57 - - [01/Dec/2025:00:22:34 -0500] "GET /58416f/?fileloc=//home/coludnqa/lscache/1/0/0/100693dfc61a566e&path=//home/coludnqa/lscache/1/0/0 HTTP/1.1" 200 665 "-" "Mozilla/5.0 (compatible; MJ12bot/v1.4.8; http://mj12bot.com/)"
81.167.26.57 - - [01/Dec/2025:00:22:36 -0500] "GET /58416f/?fileloc=//home/coludnqa/lscache/1/0/0/10069b13bedfe699&path=//home/coludnqa/lscache/1/0/0 HTTP/1.1" 200 665 "-" "Mozilla/5.0 (compatible; MJ12bot/v1.4.8; http://mj12bot.com/)"
81.167.26.57 - - [01/Dec/2025:00:22:38 -0500] "GET /58416f/?fileloc=//home/coludnqa/lscache/1/0/0/1006b359f4b653f0&path=//home/coludnqa/lscache/1/0/0 HTTP/1.1" 200 665 "-" "Mozilla/5.0 (compatible; MJ12bot/v1.4.8; http://mj12bot.com/)"
81.167.26.57 - - [01/Dec/2025:00:22:40 -0500] "GET /58416f/?fileloc=//home/coludnqa/lscache/1/0/0/1006b35ee9172250&path=//home/coludnqa/lscache/1/0/0 HTTP/1.1" 200 665 "-" "Mozilla/5.0 (compatible; MJ12bot/v1.4.8; http://mj12bot.com/)"
81.167.26.57 - - [01/Dec/2025:00:22:41 -0500] "GET /58416f/?fileloc=//home/coludnqa/lscache/1/0/0/1006b96eb2012847&path=//home/coludnqa/lscache/1/0/0 HTTP/1.1" 200 665 "-" "Mozilla/5.0 (compatible; MJ12bot/v1.4.8; http://mj12bot.com/)"
81.167.26.57 - - [01/Dec/2025:00:22:43 -0500] "GET /58416f/?fileloc=//home/coludnqa/lscache/1/0/0/10076e45a8e3595e&path=//home/coludnqa/lscache/1/0/0 HTTP/1.1" 200 665 "-" "Mozilla/5.0 (compatible; MJ12bot/v1.4.8; http://mj12bot.com/)"
81.167.26.57 - - [01/Dec/2025:00:22:45 -0500] "GET /58416f/?fileloc=//home/coludnqa/lscache/1/0/0/10077f9e6f90c209&path=//home/coludnqa/lscache/1/0/0 HTTP/1.1" 200 665 "-" "Mozilla/5.0 (compatible; MJ12bot/v1.4.8; http://mj12bot.com/)"
81.167.26.57 - - [01/Dec/2025:00:22:46 -0500] "GET /58416f/?fileloc=//home/coludnqa/lscache/1/0/0/10083b39115c3637&path=//home/coludnqa/lscache/1/0/0 HTTP/1.1" 200 665 "-" "Mozilla/5.0 (compatible; MJ12bot/v1.4.8; http://mj12bot.com/)"
81.167.26.57 - - [01/Dec/2025:00:22:48 -0500] "GET /58416f/?fileloc=//home/coludnqa/lscache/1/0/0/1008551675bae22b&path=//home/coludnqa/lscache/1/0/0 HTTP/1.1" 200 665 "-" "Mozilla/5.0 (compatible; MJ12bot/v1.4.8; http://mj12bot.com/)"
81.167.26.57 - - [01/Dec/2025:00:22:50 -0500] "GET /58416f/?fileloc=//home/coludnqa/lscache/1/0/0/10088419140144c7&path=//home/coludnqa/lscache/1/0/0 HTTP/1.1" 200 665 "-" "Mozilla/5.0 (compatible; MJ12bot/v1.4.8; http://mj12bot.com/)"
81.167.26.57 - - [01/Dec/2025:00:22:51 -0500] "GET /58416f/?fileloc=//home/coludnqa/lscache/1/0/0/1008bac8a3ed13ac&path=//home/coludnqa/lscache/1/0/0 HTTP/1.1" 200 665 "-" "Mozilla/5.0 (compatible; MJ12bot/v1.4.8; http://mj12bot.com/)"
81.167.26.57 - - [01/Dec/2025:00:22:53 -0500] "GET /58416f/?fileloc=//home/coludnqa/lscache/1/0/0/10094061aef2a72b&path=//home/coludnqa/lscache/1/0/0 HTTP/1.1" 200 665 "-" "Mozilla/5.0 (compatible; MJ12bot/v1.4.8; http://mj12bot.com/)"
81.167.26.57 - - [01/Dec/2025:00:22:54 -0500] "GET /58416f/?fileloc=//home/coludnqa/lscache/1/0/0/1009a7f5f34868ff&path=//home/coludnqa/lscache/1/0/0 HTTP/1.1" 200 665 "-" "Mozilla/5.0 (compatible; MJ12bot/v1.4.8; http://mj12bot.com/)"
81.167.26.57 - - [01/Dec/2025:00:22:56 -0500] "GET /58416f/?fileloc=//home/coludnqa/lscache/1/0/0/1009c0e9da8ae00f&path=//home/coludnqa/lscache/1/0/0 HTTP/1.1" 200 665 "-" "Mozilla/5.0 (compatible; MJ12bot/v1.4.8; http://mj12bot.com/)"
81.167.26.57 - - [01/Dec/2025:00:22:58 -0500] "GET /58416f/?fileloc=//home/coludnqa/lscache/1/0/0/1009d53f2f5c0242&path=//home/coludnqa/lscache/1/0/0 HTTP/1.1" 200 665 "-" "Mozilla/5.0 (compatible; MJ12bot/v1.4.8; http://mj12bot.com/)"
81.167.26.57 - - [01/Dec/2025:00:22:59 -0500] "GET /58416f/?fileloc=//home/coludnqa/lscache/1/0/0/100a15688cedf368&path=//home/coludnqa/lscache/1/0/0 HTTP/1.1" 200 665 "-" "Mozilla/5.0 (compatible; MJ12bot/v1.4.8; http://mj12bot.com/)"
81.167.26.57 - - [01/Dec/2025:00:23:01 -0500] "GET /58416f/?fileloc=//home/coludnqa/lscache/1/0/0/100ab424be51a6fa&path=//home/coludnqa/lscache/1/0/0 HTTP/1.1" 200 665 "-" "Mozilla/5.0 (compatible; MJ12bot/v1.4.8; http://mj12bot.com/)"
81.167.26.57 - - [01/Dec/2025:00:23:03 -0500] "GET /58416f/?fileloc=//home/coludnqa/lscache/1/0/0/100acfa46953401c&path=//home/coludnqa/lscache/1/0/0 HTTP/1.1" 200 665 "-" "Mozilla/5.0 (compatible; MJ12bot/v1.4.8; http://mj12bot.com/)"
81.167.26.57 - - [01/Dec/2025:00:23:04 -0500] "GET /58416f/?fileloc=//home/coludnqa/lscache/1/0/0/100ad5fa6009abfe&path=//home/coludnqa/lscache/1/0/0 HTTP/1.1" 200 665 "-" "Mozilla/5.0 (compatible; MJ12bot/v1.4.8; http://mj12bot.com/)"
81.167.26.57 - - [01/Dec/2025:00:23:06 -0500] "GET /58416f/?fileloc=//home/coludnqa/lscache/1/0/0/100b0de53c81523c&path=//home/coludnqa/lscache/1/0/0 HTTP/1.1" 200 665 "-" "Mozilla/5.0 (compatible; MJ12bot/v1.4.8; http://mj12bot.com/)"
81.167.26.57 - - [01/Dec/2025:00:23:08 -0500] "GET /58416f/?fileloc=//home/coludnqa/lscache/1/0/0/100b2762102261a0&path=//home/coludnqa/lscache/1/0/0 HTTP/1.1" 200 665 "-" "Mozilla/5.0 (compatible; MJ12bot/v1.4.8; http://mj12bot.com/)"
81.167.26.57 - - [01/Dec/2025:00:23:09 -0500] "GET /58416f/?fileloc=//home/coludnqa/lscache/1/0/0/100b6e8f7a86574d&path=//home/coludnqa/lscache/1/0/0 HTTP/1.1" 200 665 "-" "Mozilla/5.0 (compatible; MJ12bot/v1.4.8; http://mj12bot.com/)"
81.167.26.57 - - [01/Dec/2025:00:23:11 -0500] "GET /58416f/?fileloc=//home/coludnqa/lscache/1/0/0/100b8b2cccefb1fb&path=//home/coludnqa/lscache/1/0/0 HTTP/1.1" 200 665 "-" "Mozilla/5.0 (compatible; MJ12bot/v1.4.8; http://mj12bot.com/)"
81.167.26.57 - - [01/Dec/2025:00:23:13 -0500] "GET /58416f/?fileloc=//home/coludnqa/lscache/1/0/0/100bf0784096ad30&path=//home/coludnqa/lscache/1/0/0 HTTP/1.1" 200 665 "-" "Mozilla/5.0 (compatible; MJ12bot/v1.4.8; http://mj12bot.com/)"
81.167.26.57 - - [01/Dec/2025:00:23:14 -0500] "GET /58416f/?fileloc=//home/coludnqa/lscache/1/0/0/100c6c5af7f7ed90&path=//home/coludnqa/lscache/1/0/0 HTTP/1.1" 200 665 "-" "Mozilla/5.0 (compatible; MJ12bot/v1.4.8; http://mj12bot.com/)"
81.167.26.57 - - [01/Dec/2025:00:23:16 -0500] "GET /58416f/?fileloc=//home/coludnqa/lscache/1/0/0/100d02621dd88057&path=//home/coludnqa/lscache/1/0/0 HTTP/1.1" 200 665 "-" "Mozilla/5.0 (compatible; MJ12bot/v1.4.8; http://mj12bot.com/)"
81.167.26.57 - - [01/Dec/2025:00:23:18 -0500] "GET /58416f/?fileloc=//home/coludnqa/lscache/1/0/0/100d709bcfa6d919&path=//home/coludnqa/lscache/1/0/0 HTTP/1.1" 200 665 "-" "Mozilla/5.0 (compatible; MJ12bot/v1.4.8; http://mj12bot.com/)"
81.167.26.57 - - [01/Dec/2025:00:23:19 -0500] "GET /58416f/?fileloc=//home/coludnqa/lscache/1/0/0/100da195fb4e2ff4&path=//home/coludnqa/lscache/1/0/0 HTTP/1.1" 200 665 "-" "Mozilla/5.0 (compatible; MJ12bot/v1.4.8; http://mj12bot.com/)"
81.167.26.57 - - [01/Dec/2025:00:23:21 -0500] "GET /58416f/?fileloc=//home/coludnqa/lscache/1/0/0/100dff1f9cc04219&path=//home/coludnqa/lscache/1/0/0 HTTP/1.1" 200 665 "-" "Mozilla/5.0 (compatible; MJ12bot/v1.4.8; http://mj12bot.com/)"
81.167.26.57 - - [01/Dec/2025:00:23:23 -0500] "GET /58416f/?fileloc=//home/coludnqa/lscache/1/0/0/100e205c69eb30ad&path=//home/coludnqa/lscache/1/0/0 HTTP/1.1" 200 665 "-" "Mozilla/5.0 (compatible; MJ12bot/v1.4.8; http://mj12bot.com/)"
81.167.26.57 - - [01/Dec/2025:00:23:24 -0500] "GET /58416f/?fileloc=//home/coludnqa/lscache/1/0/0/100e6a56fed17e90&path=//home/coludnqa/lscache/1/0/0 HTTP/1.1" 200 665 "-" "Mozilla/5.0 (compatible; MJ12bot/v1.4.8; http://mj12bot.com/)"
81.167.26.57 - - [01/Dec/2025:00:23:26 -0500] "GET /58416f/?fileloc=//home/coludnqa/lscache/1/0/0/100e9e2302049bbc&path=//home/coludnqa/lscache/1/0/0 HTTP/1.1" 200 665 "-" "Mozilla/5.0 (compatible; MJ12bot/v1.4.8; http://mj12bot.com/)"
81.167.26.57 - - [01/Dec/2025:00:23:28 -0500] "GET /58416f/?fileloc=//home/coludnqa/lscache/1/0/0/100ea5a2702ea874&path=//home/coludnqa/lscache/1/0/0 HTTP/1.1" 200 665 "-" "Mozilla/5.0 (compatible; MJ12bot/v1.4.8; http://mj12bot.com/)"
81.167.26.57 - - [01/Dec/2025:00:23:29 -0500] "GET /58416f/?fileloc=//home/coludnqa/lscache/1/0/0/100ed24065812cce&path=//home/coludnqa/lscache/1/0/0 HTTP/1.1" 200 665 "-" "Mozilla/5.0 (compatible; MJ12bot/v1.4.8; http://mj12bot.com/)"
51.68.102.1 - - [01/Dec/2025:00:23:29 -0500] "GET /robots.txt HTTP/1.1" 304 0 "-" "Mozilla/5.0 (compatible; MJ12bot/v2.0.4; http://mj12bot.com/)"
51.68.102.1 - - [01/Dec/2025:00:23:30 -0500] "GET /58416f/?fileloc=//home/coludnqa/.cagefs/opt/alt/php55/link/conf/json.ini&path=//home/coludnqa/.cagefs/opt/alt/php55/link/conf HTTP/1.1" 200 665 "-" "Mozilla/5.0 (compatible; MJ12bot/v2.0.4; http://mj12bot.com/)"
51.68.102.1 - - [01/Dec/2025:00:23:31 -0500] "GET /58416f/?fileloc=//home/coludnqa/lscache/0/a/d/0ad1a07d967ea172&path=//home/coludnqa/lscache/0/a/d HTTP/1.1" 200 665 "-" "Mozilla/5.0 (compatible; MJ12bot/v2.0.4; http://mj12bot.com/)"
81.167.26.57 - - [01/Dec/2025:00:23:31 -0500] "GET /58416f/?fileloc=//home/coludnqa/lscache/1/0/0/100fa7265caaa9d1&path=//home/coludnqa/lscache/1/0/0 HTTP/1.1" 200 665 "-" "Mozilla/5.0 (compatible; MJ12bot/v1.4.8; http://mj12bot.com/)"
51.68.102.1 - - [01/Dec/2025:00:23:32 -0500] "GET /58416f/?fileloc=//home/coludnqa/lscache/0/e/e/0ee9996f2eabe4d2&path=//home/coludnqa/lscache/0/e/e HTTP/1.1" 200 665 "-" "Mozilla/5.0 (compatible; MJ12bot/v2.0.4; http://mj12bot.com/)"
81.167.26.57 - - [01/Dec/2025:00:23:32 -0500] "GET /58416f/?fileloc=//home/coludnqa/lscache/1/0/0/100fb31397790fc7&path=//home/coludnqa/lscache/1/0/0 HTTP/1.1" 200 665 "-" "Mozilla/5.0 (compatible; MJ12bot/v1.4.8; http://mj12bot.com/)"
81.167.26.57 - - [01/Dec/2025:00:23:34 -0500] "GET /58416f/?fileloc=//home/coludnqa/lscache/1/0/1/101005b5b6abe85c&path=//home/coludnqa/lscache/1/0/1 HTTP/1.1" 200 665 "-" "Mozilla/5.0 (compatible; MJ12bot/v1.4.8; http://mj12bot.com/)"
81.167.26.57 - - [01/Dec/2025:00:23:36 -0500] "GET /58416f/?fileloc=//home/coludnqa/lscache/1/0/1/1010763497acf16e&path=//home/coludnqa/lscache/1/0/1 HTTP/1.1" 200 665 "-" "Mozilla/5.0 (compatible; MJ12bot/v1.4.8; http://mj12bot.com/)"
51.68.102.1 - - [01/Dec/2025:00:23:37 -0500] "GET /58416f/?fileloc=//home/coludnqa/lscache/0/e/e/0eefd3eba70b3546&path=//home/coludnqa/lscache/0/e/e HTTP/1.1" 200 665 "-" "Mozilla/5.0 (compatible; MJ12bot/v2.0.4; http://mj12bot.com/)"
81.167.26.57 - - [01/Dec/2025:00:23:37 -0500] "GET /58416f/?fileloc=//home/coludnqa/lscache/1/0/1/10110628548ef645&path=//home/coludnqa/lscache/1/0/1 HTTP/1.1" 200 665 "-" "Mozilla/5.0 (compatible; MJ12bot/v1.4.8; http://mj12bot.com/)"
51.68.102.1 - - [01/Dec/2025:00:23:38 -0500] "GET /58416f/?fileloc=//home/coludnqa/lscache/0/f/a/0facfc179717f5f9&path=//home/coludnqa/lscache/0/f/a HTTP/1.1" 200 665 "-" "Mozilla/5.0 (compatible; MJ12bot/v2.0.4; http://mj12bot.com/)"
51.68.102.1 - - [01/Dec/2025:00:23:39 -0500] "GET /58416f/?fileloc=//home/coludnqa/lscache/0/f/a/0fad6aa25d761530&path=//home/coludnqa/lscache/0/f/a HTTP/1.1" 200 665 "-" "Mozilla/5.0 (compatible; MJ12bot/v2.0.4; http://mj12bot.com/)"
81.167.26.57 - - [01/Dec/2025:00:23:39 -0500] "GET /58416f/?fileloc=//home/coludnqa/lscache/1/0/1/101178057b4a6426&path=//home/coludnqa/lscache/1/0/1 HTTP/1.1" 200 665 "-" "Mozilla/5.0 (compatible; MJ12bot/v1.4.8; http://mj12bot.com/)"
51.68.102.1 - - [01/Dec/2025:00:23:40 -0500] "GET /58416f/?fileloc=//home/coludnqa/lscache/0/f/a/0fadea9346c4133a&path=//home/coludnqa/lscache/0/f/a HTTP/1.1" 200 665 "-" "Mozilla/5.0 (compatible; MJ12bot/v2.0.4; http://mj12bot.com/)"
81.167.26.57 - - [01/Dec/2025:00:23:41 -0500] "GET /58416f/?fileloc=//home/coludnqa/lscache/1/0/1/1011f7276c6c64c7&path=//home/coludnqa/lscache/1/0/1 HTTP/1.1" 200 665 "-" "Mozilla/5.0 (compatible; MJ12bot/v1.4.8; http://mj12bot.com/)"
51.68.102.1 - - [01/Dec/2025:00:23:41 -0500] "GET /58416f/?fileloc=//home/coludnqa/lscache/0/f/a/0fae859b2708d52d&path=//home/coludnqa/lscache/0/f/a HTTP/1.1" 200 665 "-" "Mozilla/5.0 (compatible; MJ12bot/v2.0.4; http://mj12bot.com/)"
51.68.102.1 - - [01/Dec/2025:00:23:42 -0500] "GET /58416f/?fileloc=//home/coludnqa/lscache/0/f/a/0faec4dea440278b&path=//home/coludnqa/lscache/0/f/a HTTP/1.1" 200 665 "-" "Mozilla/5.0 (compatible; MJ12bot/v2.0.4; http://mj12bot.com/)"
81.167.26.57 - - [01/Dec/2025:00:23:42 -0500] "GET /58416f/?fileloc=//home/coludnqa/lscache/1/0/1/10124dd7811e7b81&path=//home/coludnqa/lscache/1/0/1 HTTP/1.1" 200 665 "-" "Mozilla/5.0 (compatible; MJ12bot/v1.4.8; http://mj12bot.com/)"
81.167.26.57 - - [01/Dec/2025:00:23:44 -0500] "GET /58416f/?fileloc=//home/coludnqa/lscache/1/0/1/101264122a35b965&path=//home/coludnqa/lscache/1/0/1 HTTP/1.1" 200 665 "-" "Mozilla/5.0 (compatible; MJ12bot/v1.4.8; http://mj12bot.com/)"
81.167.26.57 - - [01/Dec/2025:00:23:46 -0500] "GET /58416f/?fileloc=//home/coludnqa/lscache/1/0/1/101298e110e5fcba&path=//home/coludnqa/lscache/1/0/1 HTTP/1.1" 200 665 "-" "Mozilla/5.0 (compatible; MJ12bot/v1.4.8; http://mj12bot.com/)"
51.68.102.1 - - [01/Dec/2025:00:23:47 -0500] "GET /58416f/?fileloc=//home/coludnqa/lscache/0/f/a/0faf35e99ce6151c&path=//home/coludnqa/lscache/0/f/a HTTP/1.1" 200 665 "-" "Mozilla/5.0 (compatible; MJ12bot/v2.0.4; http://mj12bot.com/)"
81.167.26.57 - - [01/Dec/2025:00:23:47 -0500] "GET /58416f/?fileloc=//home/coludnqa/lscache/1/0/1/101342d0544f9003&path=//home/coludnqa/lscache/1/0/1 HTTP/1.1" 200 665 "-" "Mozilla/5.0 (compatible; MJ12bot/v1.4.8; http://mj12bot.com/)"
51.68.102.1 - - [01/Dec/2025:00:23:48 -0500] "GET /58416f/?fileloc=//home/coludnqa/lscache/0/f/a/0fafc9f89798cde5&path=//home/coludnqa/lscache/0/f/a HTTP/1.1" 200 665 "-" "Mozilla/5.0 (compatible; MJ12bot/v2.0.4; http://mj12bot.com/)"
81.167.26.57 - - [01/Dec/2025:00:23:49 -0500] "GET /58416f/?fileloc=//home/coludnqa/lscache/1/0/1/10136330ef5d09bd&path=//home/coludnqa/lscache/1/0/1 HTTP/1.1" 200 665 "-" "Mozilla/5.0 (compatible; MJ12bot/v1.4.8; http://mj12bot.com/)"
51.68.102.1 - - [01/Dec/2025:00:23:49 -0500] "GET /58416f/?fileloc=//home/coludnqa/lscache/0/f/a/0fafcac47b8b7f08&path=//home/coludnqa/lscache/0/f/a HTTP/1.1" 200 665 "-" "Mozilla/5.0 (compatible; MJ12bot/v2.0.4; http://mj12bot.com/)"
51.68.102.1 - - [01/Dec/2025:00:23:50 -0500] "GET /58416f/?fileloc=//home/coludnqa/lscache/0/f/a/0fafd14cedab6813&path=//home/coludnqa/lscache/0/f/a HTTP/1.1" 200 665 "-" "Mozilla/5.0 (compatible; MJ12bot/v2.0.4; http://mj12bot.com/)"
81.167.26.57 - - [01/Dec/2025:00:23:51 -0500] "GET /58416f/?fileloc=//home/coludnqa/lscache/1/0/1/1013a199e733beb1&path=//home/coludnqa/lscache/1/0/1 HTTP/1.1" 200 665 "-" "Mozilla/5.0 (compatible; MJ12bot/v1.4.8; http://mj12bot.com/)"
51.68.102.1 - - [01/Dec/2025:00:23:51 -0500] "GET /58416f/?fileloc=//home/coludnqa/lscache/0/f/a/0faffccdb5003758&path=//home/coludnqa/lscache/0/f/a HTTP/1.1" 200 665 "-" "Mozilla/5.0 (compatible; MJ12bot/v2.0.4; http://mj12bot.com/)"
51.68.102.1 - - [01/Dec/2025:00:23:52 -0500] "GET /58416f/?fileloc=//home/coludnqa/lscache/0/f/b/0fb0b57127e1ffb7&path=//home/coludnqa/lscache/0/f/b HTTP/1.1" 200 665 "-" "Mozilla/5.0 (compatible; MJ12bot/v2.0.4; http://mj12bot.com/)"
81.167.26.57 - - [01/Dec/2025:00:23:52 -0500] "GET /58416f/?fileloc=//home/coludnqa/lscache/1/0/1/1013a5f518928ec7&path=//home/coludnqa/lscache/1/0/1 HTTP/1.1" 200 665 "-" "Mozilla/5.0 (compatible; MJ12bot/v1.4.8; http://mj12bot.com/)"
81.167.26.57 - - [01/Dec/2025:00:23:54 -0500] "GET /58416f/?fileloc=//home/coludnqa/lscache/1/0/1/1013b2ede8d46479&path=//home/coludnqa/lscache/1/0/1 HTTP/1.1" 200 665 "-" "Mozilla/5.0 (compatible; MJ12bot/v1.4.8; http://mj12bot.com/)"
81.167.26.57 - - [01/Dec/2025:00:23:55 -0500] "GET /58416f/?fileloc=//home/coludnqa/lscache/1/0/1/1013f61f2e2ffdea&path=//home/coludnqa/lscache/1/0/1 HTTP/1.1" 200 665 "-" "Mozilla/5.0 (compatible; MJ12bot/v1.4.8; http://mj12bot.com/)"
51.68.102.1 - - [01/Dec/2025:00:23:57 -0500] "GET /58416f/?fileloc=//home/coludnqa/lscache/0/f/b/0fb0e19e10e757e4&path=//home/coludnqa/lscache/0/f/b HTTP/1.1" 200 665 "-" "Mozilla/5.0 (compatible; MJ12bot/v2.0.4; http://mj12bot.com/)"
81.167.26.57 - - [01/Dec/2025:00:23:57 -0500] "GET /58416f/?fileloc=//home/coludnqa/lscache/1/0/1/101406c12bff2e32&path=//home/coludnqa/lscache/1/0/1 HTTP/1.1" 200 665 "-" "Mozilla/5.0 (compatible; MJ12bot/v1.4.8; http://mj12bot.com/)"
51.68.102.1 - - [01/Dec/2025:00:23:58 -0500] "GET /58416f/?fileloc=//home/coludnqa/lscache/0/f/b/0fb0e2992f45c31f&path=//home/coludnqa/lscache/0/f/b HTTP/1.1" 200 665 "-" "Mozilla/5.0 (compatible; MJ12bot/v2.0.4; http://mj12bot.com/)"
81.167.26.57 - - [01/Dec/2025:00:23:59 -0500] "GET /58416f/?fileloc=//home/coludnqa/lscache/1/0/1/101407934402c410&path=//home/coludnqa/lscache/1/0/1 HTTP/1.1" 200 665 "-" "Mozilla/5.0 (compatible; MJ12bot/v1.4.8; http://mj12bot.com/)"
51.68.102.1 - - [01/Dec/2025:00:23:59 -0500] "GET /58416f/?fileloc=//home/coludnqa/lscache/0/f/b/0fb12e63d99ce470&path=//home/coludnqa/lscache/0/f/b HTTP/1.1" 200 665 "-" "Mozilla/5.0 (compatible; MJ12bot/v2.0.4; http://mj12bot.com/)"
51.68.102.1 - - [01/Dec/2025:00:24:00 -0500] "GET /58416f/?fileloc=//home/coludnqa/lscache/0/f/b/0fb197faea9469a1&path=//home/coludnqa/lscache/0/f/b HTTP/1.1" 200 665 "-" "Mozilla/5.0 (compatible; MJ12bot/v2.0.4; http://mj12bot.com/)"
81.167.26.57 - - [01/Dec/2025:00:24:00 -0500] "GET /58416f/?fileloc=//home/coludnqa/lscache/1/0/1/10144be8a80611ca&path=//home/coludnqa/lscache/1/0/1 HTTP/1.1" 200 665 "-" "Mozilla/5.0 (compatible; MJ12bot/v1.4.8; http://mj12bot.com/)"
51.68.102.1 - - [01/Dec/2025:00:24:01 -0500] "GET /58416f/?fileloc=//home/coludnqa/lscache/0/f/b/0fb1d5b41b2e076e&path=//home/coludnqa/lscache/0/f/b HTTP/1.1" 200 665 "-" "Mozilla/5.0 (compatible; MJ12bot/v2.0.4; http://mj12bot.com/)"
81.167.26.57 - - [01/Dec/2025:00:24:02 -0500] "GET /58416f/?fileloc=//home/coludnqa/lscache/1/0/1/1014d005017c3d0b&path=//home/coludnqa/lscache/1/0/1 HTTP/1.1" 200 665 "-" "Mozilla/5.0 (compatible; MJ12bot/v1.4.8; http://mj12bot.com/)"
51.68.102.1 - - [01/Dec/2025:00:24:02 -0500] "GET /58416f/?fileloc=//home/coludnqa/lscache/0/f/b/0fb1e3d0c7e004b4&path=//home/coludnqa/lscache/0/f/b HTTP/1.1" 200 665 "-" "Mozilla/5.0 (compatible; MJ12bot/v2.0.4; http://mj12bot.com/)"
81.167.26.57 - - [01/Dec/2025:00:24:03 -0500] "GET /58416f/?fileloc=//home/coludnqa/lscache/1/0/1/1014e0c8a43bfb7e&path=//home/coludnqa/lscache/1/0/1 HTTP/1.1" 200 665 "-" "Mozilla/5.0 (compatible; MJ12bot/v1.4.8; http://mj12bot.com/)"
81.167.26.57 - - [01/Dec/2025:00:24:05 -0500] "GET /58416f/?fileloc=//home/coludnqa/lscache/1/0/1/10153bd652e83d09&path=//home/coludnqa/lscache/1/0/1 HTTP/1.1" 200 665 "-" "Mozilla/5.0 (compatible; MJ12bot/v1.4.8; http://mj12bot.com/)"
51.68.102.1 - - [01/Dec/2025:00:24:07 -0500] "GET /58416f/?fileloc=//home/coludnqa/lscache/0/f/b/0fb22048ffd7bdd6&path=//home/coludnqa/lscache/0/f/b HTTP/1.1" 200 665 "-" "Mozilla/5.0 (compatible; MJ12bot/v2.0.4; http://mj12bot.com/)"
81.167.26.57 - - [01/Dec/2025:00:24:07 -0500] "GET /58416f/?fileloc=//home/coludnqa/lscache/1/0/1/10154e703f302064&path=//home/coludnqa/lscache/1/0/1 HTTP/1.1" 200 665 "-" "Mozilla/5.0 (compatible; MJ12bot/v1.4.8; http://mj12bot.com/)"
51.68.102.1 - - [01/Dec/2025:00:24:08 -0500] "GET /58416f/?fileloc=//home/coludnqa/lscache/0/f/b/0fb2621d90b3f5d6&path=//home/coludnqa/lscache/0/f/b HTTP/1.1" 200 665 "-" "Mozilla/5.0 (compatible; MJ12bot/v2.0.4; http://mj12bot.com/)"
81.167.26.57 - - [01/Dec/2025:00:24:09 -0500] "GET /58416f/?fileloc=//home/coludnqa/lscache/1/0/1/10156f46b7a62beb&path=//home/coludnqa/lscache/1/0/1 HTTP/1.1" 200 665 "-" "Mozilla/5.0 (compatible; MJ12bot/v1.4.8; http://mj12bot.com/)"
51.68.102.1 - - [01/Dec/2025:00:24:09 -0500] "GET /58416f/?fileloc=//home/coludnqa/lscache/0/f/b/0fb27856b75d8f29&path=//home/coludnqa/lscache/0/f/b HTTP/1.1" 200 665 "-" "Mozilla/5.0 (compatible; MJ12bot/v2.0.4; http://mj12bot.com/)"
51.68.102.1 - - [01/Dec/2025:00:24:10 -0500] "GET /58416f/?fileloc=//home/coludnqa/lscache/0/f/b/0fb3ef45aa1cef2c&path=//home/coludnqa/lscache/0/f/b HTTP/1.1" 200 665 "-" "Mozilla/5.0 (compatible; MJ12bot/v2.0.4; http://mj12bot.com/)"
81.167.26.57 - - [01/Dec/2025:00:24:10 -0500] "GET /58416f/?fileloc=//home/coludnqa/lscache/1/0/1/10157b80fe724f62&path=//home/coludnqa/lscache/1/0/1 HTTP/1.1" 200 665 "-" "Mozilla/5.0 (compatible; MJ12bot/v1.4.8; http://mj12bot.com/)"
51.68.102.1 - - [01/Dec/2025:00:24:11 -0500] "GET /58416f/?fileloc=//home/coludnqa/lscache/0/f/b/0fb404d46d120e99&path=//home/coludnqa/lscache/0/f/b HTTP/1.1" 200 665 "-" "Mozilla/5.0 (compatible; MJ12bot/v2.0.4; http://mj12bot.com/)"
81.167.26.57 - - [01/Dec/2025:00:24:12 -0500] "GET /58416f/?fileloc=//home/coludnqa/lscache/1/0/1/1015abf69ffba3d9&path=//home/coludnqa/lscache/1/0/1 HTTP/1.1" 200 665 "-" "Mozilla/5.0 (compatible; MJ12bot/v1.4.8; http://mj12bot.com/)"
51.68.102.1 - - [01/Dec/2025:00:24:12 -0500] "GET /58416f/?fileloc=//home/coludnqa/lscache/0/f/b/0fb415802567f240&path=//home/coludnqa/lscache/0/f/b HTTP/1.1" 200 665 "-" "Mozilla/5.0 (compatible; MJ12bot/v2.0.4; http://mj12bot.com/)"
81.167.26.57 - - [01/Dec/2025:00:24:14 -0500] "GET /58416f/?fileloc=//home/coludnqa/lscache/1/0/1/10165dd482dc739b&path=//home/coludnqa/lscache/1/0/1 HTTP/1.1" 200 665 "-" "Mozilla/5.0 (compatible; MJ12bot/v1.4.8; http://mj12bot.com/)"
81.167.26.57 - - [01/Dec/2025:00:24:15 -0500] "GET /58416f/?fileloc=//home/coludnqa/lscache/1/0/1/101683d04da37f16&path=//home/coludnqa/lscache/1/0/1 HTTP/1.1" 200 665 "-" "Mozilla/5.0 (compatible; MJ12bot/v1.4.8; http://mj12bot.com/)"
81.167.26.57 - - [01/Dec/2025:00:24:17 -0500] "GET /58416f/?fileloc=//home/coludnqa/lscache/1/0/1/1016b82baaaf8a23&path=//home/coludnqa/lscache/1/0/1 HTTP/1.1" 200 665 "-" "Mozilla/5.0 (compatible; MJ12bot/v1.4.8; http://mj12bot.com/)"
51.68.102.1 - - [01/Dec/2025:00:24:17 -0500] "GET /58416f/?fileloc=//home/coludnqa/lscache/0/f/b/0fb468608d7dd091&path=//home/coludnqa/lscache/0/f/b HTTP/1.1" 200 665 "-" "Mozilla/5.0 (compatible; MJ12bot/v2.0.4; http://mj12bot.com/)"
51.68.102.1 - - [01/Dec/2025:00:24:18 -0500] "GET /58416f/?fileloc=//home/coludnqa/lscache/0/f/b/0fb481142cb2c6ee&path=//home/coludnqa/lscache/0/f/b HTTP/1.1" 200 665 "-" "Mozilla/5.0 (compatible; MJ12bot/v2.0.4; http://mj12bot.com/)"
81.167.26.57 - - [01/Dec/2025:00:24:18 -0500] "GET /58416f/?fileloc=//home/coludnqa/lscache/1/0/1/101713c7c5617405&path=//home/coludnqa/lscache/1/0/1 HTTP/1.1" 200 665 "-" "Mozilla/5.0 (compatible; MJ12bot/v1.4.8; http://mj12bot.com/)"
51.68.102.1 - - [01/Dec/2025:00:24:19 -0500] "GET /58416f/?fileloc=//home/coludnqa/lscache/0/f/b/0fb4c79817aea1e4&path=//home/coludnqa/lscache/0/f/b HTTP/1.1" 200 665 "-" "Mozilla/5.0 (compatible; MJ12bot/v2.0.4; http://mj12bot.com/)"
51.68.102.1 - - [01/Dec/2025:00:24:20 -0500] "GET /58416f/?fileloc=//home/coludnqa/lscache/0/f/b/0fb4e5a0967e483d&path=//home/coludnqa/lscache/0/f/b HTTP/1.1" 200 665 "-" "Mozilla/5.0 (compatible; MJ12bot/v2.0.4; http://mj12bot.com/)"
81.167.26.57 - - [01/Dec/2025:00:24:20 -0500] "GET /58416f/?fileloc=//home/coludnqa/lscache/1/0/1/10173ead07a3af18&path=//home/coludnqa/lscache/1/0/1 HTTP/1.1" 200 665 "-" "Mozilla/5.0 (compatible; MJ12bot/v1.4.8; http://mj12bot.com/)"
51.68.102.1 - - [01/Dec/2025:00:24:21 -0500] "GET /58416f/?fileloc=//home/coludnqa/lscache/0/f/b/0fb4f19f1305429d&path=//home/coludnqa/lscache/0/f/b HTTP/1.1" 200 665 "-" "Mozilla/5.0 (compatible; MJ12bot/v2.0.4; http://mj12bot.com/)"
81.167.26.57 - - [01/Dec/2025:00:24:22 -0500] "GET /58416f/?fileloc=//home/coludnqa/lscache/1/0/1/1017770938d3f257&path=//home/coludnqa/lscache/1/0/1 HTTP/1.1" 200 665 "-" "Mozilla/5.0 (compatible; MJ12bot/v1.4.8; http://mj12bot.com/)"
51.68.102.1 - - [01/Dec/2025:00:24:22 -0500] "GET /58416f/?fileloc=//home/coludnqa/lscache/0/f/b/0fb55a0f2d549aab&path=//home/coludnqa/lscache/0/f/b HTTP/1.1" 200 665 "-" "Mozilla/5.0 (compatible; MJ12bot/v2.0.4; http://mj12bot.com/)"
81.167.26.57 - - [01/Dec/2025:00:24:23 -0500] "GET /58416f/?fileloc=//home/coludnqa/lscache/1/0/1/10179688c4f6e210&path=//home/coludnqa/lscache/1/0/1 HTTP/1.1" 200 665 "-" "Mozilla/5.0 (compatible; MJ12bot/v1.4.8; http://mj12bot.com/)"
81.167.26.57 - - [01/Dec/2025:00:24:25 -0500] "GET /58416f/?fileloc=//home/coludnqa/lscache/1/0/1/1017e018c0dff314&path=//home/coludnqa/lscache/1/0/1 HTTP/1.1" 200 665 "-" "Mozilla/5.0 (compatible; MJ12bot/v1.4.8; http://mj12bot.com/)"
81.167.26.57 - - [01/Dec/2025:00:24:27 -0500] "GET /58416f/?fileloc=//home/coludnqa/lscache/1/0/1/1019205967778bd0&path=//home/coludnqa/lscache/1/0/1 HTTP/1.1" 200 665 "-" "Mozilla/5.0 (compatible; MJ12bot/v1.4.8; http://mj12bot.com/)"
51.68.102.1 - - [01/Dec/2025:00:24:27 -0500] "GET /58416f/?fileloc=//home/coludnqa/lscache/0/f/b/0fb5cb77ce6a10da&path=//home/coludnqa/lscache/0/f/b HTTP/1.1" 200 665 "-" "Mozilla/5.0 (compatible; MJ12bot/v2.0.4; http://mj12bot.com/)"
51.68.102.1 - - [01/Dec/2025:00:24:28 -0500] "GET /58416f/?fileloc=//home/coludnqa/lscache/0/f/b/0fb604030f49ac8e&path=//home/coludnqa/lscache/0/f/b HTTP/1.1" 200 665 "-" "Mozilla/5.0 (compatible; MJ12bot/v2.0.4; http://mj12bot.com/)"
81.167.26.57 - - [01/Dec/2025:00:24:28 -0500] "GET /58416f/?fileloc=//home/coludnqa/lscache/1/0/1/101944e41dcf7434&path=//home/coludnqa/lscache/1/0/1 HTTP/1.1" 200 665 "-" "Mozilla/5.0 (compatible; MJ12bot/v1.4.8; http://mj12bot.com/)"
51.68.102.1 - - [01/Dec/2025:00:24:29 -0500] "GET /58416f/?fileloc=//home/coludnqa/lscache/0/f/b/0fb62cc1390214bb&path=//home/coludnqa/lscache/0/f/b HTTP/1.1" 200 665 "-" "Mozilla/5.0 (compatible; MJ12bot/v2.0.4; http://mj12bot.com/)"
51.68.102.1 - - [01/Dec/2025:00:24:30 -0500] "GET /58416f/?fileloc=//home/coludnqa/lscache/0/f/b/0fb664fcb182af5f&path=//home/coludnqa/lscache/0/f/b HTTP/1.1" 200 665 "-" "Mozilla/5.0 (compatible; MJ12bot/v2.0.4; http://mj12bot.com/)"
81.167.26.57 - - [01/Dec/2025:00:24:30 -0500] "GET /58416f/?fileloc=//home/coludnqa/lscache/1/0/1/10198109e068a468&path=//home/coludnqa/lscache/1/0/1 HTTP/1.1" 200 665 "-" "Mozilla/5.0 (compatible; MJ12bot/v1.4.8; http://mj12bot.com/)"
51.68.102.1 - - [01/Dec/2025:00:24:31 -0500] "GET /58416f/?fileloc=//home/coludnqa/lscache/0/f/b/0fb67eda9f31861b&path=//home/coludnqa/lscache/0/f/b HTTP/1.1" 200 665 "-" "Mozilla/5.0 (compatible; MJ12bot/v2.0.4; http://mj12bot.com/)"
81.167.26.57 - - [01/Dec/2025:00:24:32 -0500] "GET /58416f/?fileloc=//home/coludnqa/lscache/1/0/1/10199ae0667e16eb&path=//home/coludnqa/lscache/1/0/1 HTTP/1.1" 200 665 "-" "Mozilla/5.0 (compatible; MJ12bot/v1.4.8; http://mj12bot.com/)"
51.68.102.1 - - [01/Dec/2025:00:24:32 -0500] "GET /58416f/?fileloc=//home/coludnqa/lscache/0/f/b/0fb6c300b1167268&path=//home/coludnqa/lscache/0/f/b HTTP/1.1" 200 665 "-" "Mozilla/5.0 (compatible; MJ12bot/v2.0.4; http://mj12bot.com/)"
81.167.26.57 - - [01/Dec/2025:00:24:33 -0500] "GET /58416f/?fileloc=//home/coludnqa/lscache/1/0/1/1019f714f84ff146&path=//home/coludnqa/lscache/1/0/1 HTTP/1.1" 200 665 "-" "Mozilla/5.0 (compatible; MJ12bot/v1.4.8; http://mj12bot.com/)"
81.167.26.57 - - [01/Dec/2025:00:24:35 -0500] "GET /58416f/?fileloc=//home/coludnqa/lscache/1/0/1/101a3d6d3b9bb3c1&path=//home/coludnqa/lscache/1/0/1 HTTP/1.1" 200 665 "-" "Mozilla/5.0 (compatible; MJ12bot/v1.4.8; http://mj12bot.com/)"
81.167.26.57 - - [01/Dec/2025:00:24:36 -0500] "GET /58416f/?fileloc=//home/coludnqa/lscache/1/0/1/101aa1a37cd330ba&path=//home/coludnqa/lscache/1/0/1 HTTP/1.1" 200 665 "-" "Mozilla/5.0 (compatible; MJ12bot/v1.4.8; http://mj12bot.com/)"
51.68.102.1 - - [01/Dec/2025:00:24:37 -0500] "GET /58416f/?fileloc=//home/coludnqa/lscache/0/f/b/0fb6e007bd10a703&path=//home/coludnqa/lscache/0/f/b HTTP/1.1" 200 665 "-" "Mozilla/5.0 (compatible; MJ12bot/v2.0.4; http://mj12bot.com/)"
51.68.102.1 - - [01/Dec/2025:00:24:38 -0500] "GET /58416f/?fileloc=//home/coludnqa/lscache/0/f/b/0fb7f620cd8a9e9f&path=//home/coludnqa/lscache/0/f/b HTTP/1.1" 200 665 "-" "Mozilla/5.0 (compatible; MJ12bot/v2.0.4; http://mj12bot.com/)"
81.167.26.57 - - [01/Dec/2025:00:24:38 -0500] "GET /58416f/?fileloc=//home/coludnqa/lscache/1/0/1/101add82a1c968bc&path=//home/coludnqa/lscache/1/0/1 HTTP/1.1" 200 665 "-" "Mozilla/5.0 (compatible; MJ12bot/v1.4.8; http://mj12bot.com/)"
51.68.102.1 - - [01/Dec/2025:00:24:39 -0500] "GET /58416f/?fileloc=//home/coludnqa/lscache/0/f/b/0fb8062d8fbda59e&path=//home/coludnqa/lscache/0/f/b HTTP/1.1" 200 665 "-" "Mozilla/5.0 (compatible; MJ12bot/v2.0.4; http://mj12bot.com/)"
81.167.26.57 - - [01/Dec/2025:00:24:40 -0500] "GET /58416f/?fileloc=//home/coludnqa/lscache/1/0/1/101af57a37aae096&path=//home/coludnqa/lscache/1/0/1 HTTP/1.1" 200 665 "-" "Mozilla/5.0 (compatible; MJ12bot/v1.4.8; http://mj12bot.com/)"
51.68.102.1 - - [01/Dec/2025:00:24:40 -0500] "GET /58416f/?fileloc=//home/coludnqa/lscache/0/f/b/0fb82348c2132bd9&path=//home/coludnqa/lscache/0/f/b HTTP/1.1" 200 665 "-" "Mozilla/5.0 (compatible; MJ12bot/v2.0.4; http://mj12bot.com/)"
51.68.102.1 - - [01/Dec/2025:00:24:41 -0500] "GET /58416f/?fileloc=//home/coludnqa/lscache/0/f/b/0fb8350e5571002e&path=//home/coludnqa/lscache/0/f/b HTTP/1.1" 200 665 "-" "Mozilla/5.0 (compatible; MJ12bot/v2.0.4; http://mj12bot.com/)"
81.167.26.57 - - [01/Dec/2025:00:24:41 -0500] "GET /58416f/?fileloc=//home/coludnqa/lscache/1/0/1/101b049b1af9b647&path=//home/coludnqa/lscache/1/0/1 HTTP/1.1" 200 665 "-" "Mozilla/5.0 (compatible; MJ12bot/v1.4.8; http://mj12bot.com/)"
51.68.102.1 - - [01/Dec/2025:00:24:42 -0500] "GET /58416f/?fileloc=//home/coludnqa/lscache/0/f/b/0fb85f9561b118c7&path=//home/coludnqa/lscache/0/f/b HTTP/1.1" 200 665 "-" "Mozilla/5.0 (compatible; MJ12bot/v2.0.4; http://mj12bot.com/)"
81.167.26.57 - - [01/Dec/2025:00:24:43 -0500] "GET /58416f/?fileloc=//home/coludnqa/lscache/1/0/1/101b8dc72444010c&path=//home/coludnqa/lscache/1/0/1 HTTP/1.1" 200 665 "-" "Mozilla/5.0 (compatible; MJ12bot/v1.4.8; http://mj12bot.com/)"
81.167.26.57 - - [01/Dec/2025:00:24:45 -0500] "GET /58416f/?fileloc=//home/coludnqa/lscache/1/0/1/101bb851efd4bf02&path=//home/coludnqa/lscache/1/0/1 HTTP/1.1" 200 665 "-" "Mozilla/5.0 (compatible; MJ12bot/v1.4.8; http://mj12bot.com/)"
81.167.26.57 - - [01/Dec/2025:00:24:46 -0500] "GET /58416f/?fileloc=//home/coludnqa/lscache/1/0/1/101bc4315ea2e883&path=//home/coludnqa/lscache/1/0/1 HTTP/1.1" 200 665 "-" "Mozilla/5.0 (compatible; MJ12bot/v1.4.8; http://mj12bot.com/)"
51.68.102.1 - - [01/Dec/2025:00:24:47 -0500] "GET /58416f/?fileloc=//home/coludnqa/lscache/0/f/b/0fb8971a84fba7f1&path=//home/coludnqa/lscache/0/f/b HTTP/1.1" 200 665 "-" "Mozilla/5.0 (compatible; MJ12bot/v2.0.4; http://mj12bot.com/)"
81.167.26.57 - - [01/Dec/2025:00:24:48 -0500] "GET /58416f/?fileloc=//home/coludnqa/lscache/1/0/1/101c7c26a6d4cf23&path=//home/coludnqa/lscache/1/0/1 HTTP/1.1" 200 665 "-" "Mozilla/5.0 (compatible; MJ12bot/v1.4.8; http://mj12bot.com/)"
51.68.102.1 - - [01/Dec/2025:00:24:48 -0500] "GET /58416f/?fileloc=//home/coludnqa/lscache/0/f/b/0fb89e5b9ce27ef1&path=//home/coludnqa/lscache/0/f/b HTTP/1.1" 200 665 "-" "Mozilla/5.0 (compatible; MJ12bot/v2.0.4; http://mj12bot.com/)"
51.68.102.1 - - [01/Dec/2025:00:24:49 -0500] "GET /58416f/?fileloc=//home/coludnqa/lscache/0/f/b/0fb8a2c5dcc7cb5a&path=//home/coludnqa/lscache/0/f/b HTTP/1.1" 200 665 "-" "Mozilla/5.0 (compatible; MJ12bot/v2.0.4; http://mj12bot.com/)"
81.167.26.57 - - [01/Dec/2025:00:24:49 -0500] "GET /58416f/?fileloc=//home/coludnqa/lscache/1/0/1/101c7cebac9ff685&path=//home/coludnqa/lscache/1/0/1 HTTP/1.1" 200 665 "-" "Mozilla/5.0 (compatible; MJ12bot/v1.4.8; http://mj12bot.com/)"
51.68.102.1 - - [01/Dec/2025:00:24:50 -0500] "GET /58416f/?fileloc=//home/coludnqa/lscache/0/f/b/0fb8fa7761d36402&path=//home/coludnqa/lscache/0/f/b HTTP/1.1" 200 665 "-" "Mozilla/5.0 (compatible; MJ12bot/v2.0.4; http://mj12bot.com/)"
51.68.102.1 - - [01/Dec/2025:00:24:51 -0500] "GET /58416f/?fileloc=//home/coludnqa/lscache/0/f/b/0fb90f4c9c7096f2&path=//home/coludnqa/lscache/0/f/b HTTP/1.1" 200 665 "-" "Mozilla/5.0 (compatible; MJ12bot/v2.0.4; http://mj12bot.com/)"
81.167.26.57 - - [01/Dec/2025:00:24:51 -0500] "GET /58416f/?fileloc=//home/coludnqa/lscache/1/0/1/101ca9d905b1b198&path=//home/coludnqa/lscache/1/0/1 HTTP/1.1" 200 665 "-" "Mozilla/5.0 (compatible; MJ12bot/v1.4.8; http://mj12bot.com/)"
51.68.102.1 - - [01/Dec/2025:00:24:52 -0500] "GET /58416f/?fileloc=//home/coludnqa/lscache/0/f/b/0fb932da45ca68af&path=//home/coludnqa/lscache/0/f/b HTTP/1.1" 200 665 "-" "Mozilla/5.0 (compatible; MJ12bot/v2.0.4; http://mj12bot.com/)"
81.167.26.57 - - [01/Dec/2025:00:24:53 -0500] "GET /58416f/?fileloc=//home/coludnqa/lscache/1/0/1/101cb90ba1b5647a&path=//home/coludnqa/lscache/1/0/1 HTTP/1.1" 200 665 "-" "Mozilla/5.0 (compatible; MJ12bot/v1.4.8; http://mj12bot.com/)"
81.167.26.57 - - [01/Dec/2025:00:24:54 -0500] "GET /58416f/?fileloc=//home/coludnqa/lscache/1/0/1/101cc441c1629726&path=//home/coludnqa/lscache/1/0/1 HTTP/1.1" 200 665 "-" "Mozilla/5.0 (compatible; MJ12bot/v1.4.8; http://mj12bot.com/)"
81.167.26.57 - - [01/Dec/2025:00:24:56 -0500] "GET /58416f/?fileloc=//home/coludnqa/lscache/1/0/1/101ccb12e4cc312c&path=//home/coludnqa/lscache/1/0/1 HTTP/1.1" 200 665 "-" "Mozilla/5.0 (compatible; MJ12bot/v1.4.8; http://mj12bot.com/)"
51.68.102.1 - - [01/Dec/2025:00:24:57 -0500] "GET /58416f/?fileloc=//home/coludnqa/lscache/0/f/b/0fb9457bccbeb4e3&path=//home/coludnqa/lscache/0/f/b HTTP/1.1" 200 665 "-" "Mozilla/5.0 (compatible; MJ12bot/v2.0.4; http://mj12bot.com/)"
81.167.26.57 - - [01/Dec/2025:00:24:58 -0500] "GET /58416f/?fileloc=//home/coludnqa/lscache/1/0/1/101d3bfadcc72252&path=//home/coludnqa/lscache/1/0/1 HTTP/1.1" 200 665 "-" "Mozilla/5.0 (compatible; MJ12bot/v1.4.8; http://mj12bot.com/)"
51.68.102.1 - - [01/Dec/2025:00:24:58 -0500] "GET /58416f/?fileloc=//home/coludnqa/lscache/0/f/b/0fb9c6c38ac23ecf&path=//home/coludnqa/lscache/0/f/b HTTP/1.1" 200 665 "-" "Mozilla/5.0 (compatible; MJ12bot/v2.0.4; http://mj12bot.com/)"
81.167.26.57 - - [01/Dec/2025:00:24:59 -0500] "GET /58416f/?fileloc=//home/coludnqa/lscache/1/0/1/101d5f0684c36cba&path=//home/coludnqa/lscache/1/0/1 HTTP/1.1" 200 665 "-" "Mozilla/5.0 (compatible; MJ12bot/v1.4.8; http://mj12bot.com/)"
51.68.102.1 - - [01/Dec/2025:00:24:59 -0500] "GET /58416f/?fileloc=//home/coludnqa/lscache/0/f/b/0fb9d5d8aebc6a7f&path=//home/coludnqa/lscache/0/f/b HTTP/1.1" 200 665 "-" "Mozilla/5.0 (compatible; MJ12bot/v2.0.4; http://mj12bot.com/)"
51.68.102.1 - - [01/Dec/2025:00:25:00 -0500] "GET /58416f/?fileloc=//home/coludnqa/lscache/0/f/b/0fba0f611fbb47b5&path=//home/coludnqa/lscache/0/f/b HTTP/1.1" 200 665 "-" "Mozilla/5.0 (compatible; MJ12bot/v2.0.4; http://mj12bot.com/)"
